{"id":20164,"date":"2023-01-28T18:22:00","date_gmt":"2023-01-28T18:22:00","guid":{"rendered":"https:\/\/chilimag.hu\/webshop\/?post_type=product&#038;p=20164"},"modified":"2023-01-28T18:22:01","modified_gmt":"2023-01-28T18:22:01","slug":"gardena-city-gardening-szerszamkeszlet-erkelyre","status":"publish","type":"product","link":"https:\/\/chilimag.hu\/webshop\/termek\/gardena-city-gardening-szerszamkeszlet-erkelyre\/","title":{"rendered":"Gardena  city gardening Szersz\u00e1mk\u00e9szlet erk\u00e9lyre"},"content":{"rendered":"","protected":false},"excerpt":{"rendered":"<h4 class=\"description-tagline\">Praktikus k\u00e9szlet vir\u00e1glap\u00e1ttal \u00e9s talajlaz\u00edt\u00f3val az erk\u00e9lyen kert\u00e9szked\u0151k sz\u00e1m\u00e1ra<\/h4>\n<div class=\"description-wrapper\">\n<div class=\"description-text\">Praktikus k\u00e9szlet erk\u00e9lyen, l\u00e1d\u00e1ban vagy cser\u00e9pben nevelt n\u00f6v\u00e9nyek \u00fcltet\u00e9s\u00e9hez, \u00e1t\u00fcltet\u00e9s\u00e9hez \u00e9s talajlaz\u00edt\u00e1shoz.<\/div>\n<\/div>\n","protected":false},"featured_media":20165,"comment_status":"closed","ping_status":"closed","template":"","meta":[],"product_brand":[],"product_cat":[343],"product_tag":[],"class_list":{"0":"post-20164","1":"product","2":"type-product","3":"status-publish","4":"has-post-thumbnail","6":"product_cat-akciok","8":"first","9":"instock","10":"sale","11":"taxable","12":"shipping-taxable","13":"purchasable","14":"product-type-simple"},"_links":{"self":[{"href":"https:\/\/chilimag.hu\/webshop\/wp-json\/wp\/v2\/product\/20164","targetHints":{"allow":["GET"]}}],"collection":[{"href":"https:\/\/chilimag.hu\/webshop\/wp-json\/wp\/v2\/product"}],"about":[{"href":"https:\/\/chilimag.hu\/webshop\/wp-json\/wp\/v2\/types\/product"}],"replies":[{"embeddable":true,"href":"https:\/\/chilimag.hu\/webshop\/wp-json\/wp\/v2\/comments?post=20164"}],"wp:featuredmedia":[{"embeddable":true,"href":"https:\/\/chilimag.hu\/webshop\/wp-json\/wp\/v2\/media\/20165"}],"wp:attachment":[{"href":"https:\/\/chilimag.hu\/webshop\/wp-json\/wp\/v2\/media?parent=20164"}],"wp:term":[{"taxonomy":"product_brand","embeddable":true,"href":"https:\/\/chilimag.hu\/webshop\/wp-json\/wp\/v2\/product_brand?post=20164"},{"taxonomy":"product_cat","embeddable":true,"href":"https:\/\/chilimag.hu\/webshop\/wp-json\/wp\/v2\/product_cat?post=20164"},{"taxonomy":"product_tag","embeddable":true,"href":"https:\/\/chilimag.hu\/webshop\/wp-json\/wp\/v2\/product_tag?post=20164"}],"curies":[{"name":"wp","href":"https:\/\/api.w.org\/{rel}","templated":true}]}}