{"id":20138,"date":"2023-01-27T18:51:01","date_gmt":"2023-01-27T18:51:01","guid":{"rendered":"https:\/\/chilimag.hu\/webshop\/?post_type=product&#038;p=20138"},"modified":"2025-08-11T08:18:10","modified_gmt":"2025-08-11T08:18:10","slug":"dumas","status":"publish","type":"product","link":"https:\/\/chilimag.hu\/webshop\/termek\/dumas\/","title":{"rendered":"Dumas B-S"},"content":{"rendered":"","protected":false},"excerpt":{"rendered":"<p><img decoding=\"async\" src=\"https:\/\/chilimag.hu\/webshop\/wp-content\/uploads\/2022\/10\/bobby-seeds-test-logo-150x150.png\" \/><\/p>\n<p>&nbsp;<\/p>\n<p>Term\u00e9kinform\u00e1ci\u00f3 &#8222;Dumas Paprika&#8221;<\/p>\n<p>A Dumas egy kompakt \u00e9s er\u0151s pirospaprika kerek gy\u00fcm\u00f6lcs\u00f6kkel. Vastag fal\u00fa, gy\u00fcm\u00f6lcs\u00f6nk\u00e9nt k\u00f6r\u00fclbel\u00fcl 90 gramm s\u00faly\u00fa. A korai \u00e9r\u00e9si id\u0151, valamint a kompakt \u00e9s j\u00f3 term\u00e9sk\u00f6t\u00e9s miatt a Dumas kiv\u00e1l\u00f3an alkalmas kell\u0151en nagy cser\u00e9pben t\u00f6rt\u00e9n\u0151 termeszt\u00e9sre az erk\u00e9lyen \u00e9s a teraszon is. A kult\u00fara \u00fcvegh\u00e1zban is lehets\u00e9ges.<\/p>\n<p>Capsicum annum<br \/>\nJ\u00f3 termeszt\u00e9s mellett a betakar\u00edt\u00e1s j\u00falius v\u00e9g\u00e9t\u0151l t\u00f6rt\u00e9nik<br \/>\n\u00dcltet\u00e9si t\u00e1vols\u00e1g kb 50 x 50 cm<br \/>\nPaprika\/chili \u00e1pol\u00e1si tipp:<br \/>\nMindig legyen egyenletesen nedves, de ne t\u00fal nedves.<br \/>\nRendszeresen tr\u00e1gy\u00e1zzunk, \u00e9s haszn\u00e1ljunk humuszos, t\u00e1panyagban gazdag talajt.<br \/>\nA paprik\u00e1nak melegre van sz\u00fcks\u00e9ge. Legjobb hely: teljes naps\u00fct\u00e9sben d\u00e9lre vagy m\u0171anyag \u00fcvegh\u00e1zban. A paprika \u00e9rz\u00e9keny a fagyra<\/p>\n<p>A vet\u00e9s janu\u00e1r elej\u00e9t\u0151l m\u00e1rcius elej\u00e9ig 20-25 \u00b0C-on, meleg el\u0151kult\u00far\u00e1val z\u00e1rt t\u00e9rben t\u00f6rt\u00e9nik. N\u00f6veked\u00e9si magass\u00e1ga szabadban kb 50-60 cm, \u00fcvegh\u00e1zban magasabb.<\/p>\n<p>A csomag 10 szem magot tartalmaz<\/p>\n","protected":false},"featured_media":20139,"comment_status":"closed","ping_status":"closed","template":"","meta":[],"product_brand":[],"product_cat":[8],"product_tag":[],"class_list":{"0":"post-20138","1":"product","2":"type-product","3":"status-publish","4":"has-post-thumbnail","6":"product_cat-paprika","8":"first","9":"instock","10":"taxable","11":"shipping-taxable","12":"purchasable","13":"product-type-simple"},"_links":{"self":[{"href":"https:\/\/chilimag.hu\/webshop\/wp-json\/wp\/v2\/product\/20138","targetHints":{"allow":["GET"]}}],"collection":[{"href":"https:\/\/chilimag.hu\/webshop\/wp-json\/wp\/v2\/product"}],"about":[{"href":"https:\/\/chilimag.hu\/webshop\/wp-json\/wp\/v2\/types\/product"}],"replies":[{"embeddable":true,"href":"https:\/\/chilimag.hu\/webshop\/wp-json\/wp\/v2\/comments?post=20138"}],"wp:featuredmedia":[{"embeddable":true,"href":"https:\/\/chilimag.hu\/webshop\/wp-json\/wp\/v2\/media\/20139"}],"wp:attachment":[{"href":"https:\/\/chilimag.hu\/webshop\/wp-json\/wp\/v2\/media?parent=20138"}],"wp:term":[{"taxonomy":"product_brand","embeddable":true,"href":"https:\/\/chilimag.hu\/webshop\/wp-json\/wp\/v2\/product_brand?post=20138"},{"taxonomy":"product_cat","embeddable":true,"href":"https:\/\/chilimag.hu\/webshop\/wp-json\/wp\/v2\/product_cat?post=20138"},{"taxonomy":"product_tag","embeddable":true,"href":"https:\/\/chilimag.hu\/webshop\/wp-json\/wp\/v2\/product_tag?post=20138"}],"curies":[{"name":"wp","href":"https:\/\/api.w.org\/{rel}","templated":true}]}}