{"id":19959,"date":"2023-01-21T13:27:23","date_gmt":"2023-01-21T13:27:23","guid":{"rendered":"https:\/\/chilimag.hu\/webshop\/?post_type=product&#038;p=19959"},"modified":"2026-03-11T07:31:06","modified_gmt":"2026-03-11T07:31:06","slug":"byalo-sartse-paradicsom-florian-profi-bg","status":"publish","type":"product","link":"https:\/\/chilimag.hu\/webshop\/termek\/byalo-sartse-paradicsom-florian-profi-bg\/","title":{"rendered":"Paradicsom Byalo Sartse Profy Line Gold  Florian Bg"},"content":{"rendered":"","protected":false},"excerpt":{"rendered":"<p><img decoding=\"async\" class=\"img-inline\" src=\"https:\/\/brcci.eu\/cache\/thumbnails\/12ecd0e6e419f1b9b1484ef02ad361979dd8e054\/1a6c5e1406ad462ca86d17b2800862d7f837862c-829875ad0a268b741b7edd818ffce098.png\" alt=\"FLORIAN OOD\" \/><\/p>\n<p>Le\u00edr\u00e1s<\/p>\n<p>Feh\u00e9r sz\u00edv<\/p>\n<p>Egy \u00faj bolg\u00e1r, indetermin\u00e1lt, k\u00f6z\u00e9pkora \u00e9r\u00e9s\u0171, Buffalo Heart Giant t\u00edpus\u00fa paradicsomfajta, vonz\u00f3 vil\u00e1gos kr\u00e9mfeh\u00e9r sz\u00ednnel. A n\u00f6v\u00e9nyek laza, r\u00f6vid vagy k\u00f6zepes intern\u00f3diumokkal \u00e9s vil\u00e1gosz\u00f6ld levelekkel. Az \u00e9rett gy\u00fcm\u00f6lcs\u00f6k kr\u00e9mesek, s\u00e1rg\u00e1s \u00e1rnyalat\u00faak, nagyon vil\u00e1gosak, majdnem feh\u00e9rek. A forma sz\u00edv alak\u00fa, z\u00f6ld gy\u0171r\u0171vel, kis nyel\u0171 g\u00f6d\u00f6rrel, nagyon nagy, el\u00e9ri a 300-500 g-ot \u00e9s azt is, k\u00f6zepesen kem\u00e9ny, kiv\u00e1l\u00f3 \u00e1llag\u00fa \u00e9s arom\u00e1j\u00fa. Alkalmas k\u00f6z\u00e9pkorai termeszt\u00e9sre ny\u00edlt ter\u00fcleteken \u00e9s polietil\u00e9n \u00fcvegh\u00e1zakban. A n\u00f6v\u00e9nyek termeszt\u00e9se &#8211; egysz\u00e1r\u00fa tart\u00f3szerkezeten. Friss fogyaszt\u00e1sra sz\u00e1nt.<\/p>\n<p>Vet\u00e9sid\u0151: \u00fcvegh\u00e1zakba &#8211; janu\u00e1r-febru\u00e1r, szabadf\u00f6ldre &#8211; febru\u00e1r-m\u00e1rcius<br \/>\n\u00dcltet\u00e9si id\u0151szak: \u00fcvegh\u00e1zakhoz &#8211; m\u00e1rcius-\u00e1prilis, szabadban &#8211; \u00e1prilis 15-m\u00e1jus 15.<br \/>\n\u00dcltet\u00e9si s\u00e9ma: egysoros 80\/40 cm, k\u00e9tsoros 80\/55\/40 cm.; Vet\u00e9smennyis\u00e9g: 20-25 g\/ha<\/p>\n<p>A csomag 30 szem magot tartalmaz<\/p>\n<p>&nbsp;<\/p>\n","protected":false},"featured_media":23463,"comment_status":"closed","ping_status":"closed","template":"","meta":[],"product_brand":[],"product_cat":[381],"product_tag":[],"class_list":{"0":"post-19959","1":"product","2":"type-product","3":"status-publish","4":"has-post-thumbnail","6":"product_cat-paradicsom-vetomagok-bolgar-florian-vetomagok","8":"first","9":"instock","10":"taxable","11":"shipping-taxable","12":"purchasable","13":"product-type-simple"},"_links":{"self":[{"href":"https:\/\/chilimag.hu\/webshop\/wp-json\/wp\/v2\/product\/19959","targetHints":{"allow":["GET"]}}],"collection":[{"href":"https:\/\/chilimag.hu\/webshop\/wp-json\/wp\/v2\/product"}],"about":[{"href":"https:\/\/chilimag.hu\/webshop\/wp-json\/wp\/v2\/types\/product"}],"replies":[{"embeddable":true,"href":"https:\/\/chilimag.hu\/webshop\/wp-json\/wp\/v2\/comments?post=19959"}],"wp:featuredmedia":[{"embeddable":true,"href":"https:\/\/chilimag.hu\/webshop\/wp-json\/wp\/v2\/media\/23463"}],"wp:attachment":[{"href":"https:\/\/chilimag.hu\/webshop\/wp-json\/wp\/v2\/media?parent=19959"}],"wp:term":[{"taxonomy":"product_brand","embeddable":true,"href":"https:\/\/chilimag.hu\/webshop\/wp-json\/wp\/v2\/product_brand?post=19959"},{"taxonomy":"product_cat","embeddable":true,"href":"https:\/\/chilimag.hu\/webshop\/wp-json\/wp\/v2\/product_cat?post=19959"},{"taxonomy":"product_tag","embeddable":true,"href":"https:\/\/chilimag.hu\/webshop\/wp-json\/wp\/v2\/product_tag?post=19959"}],"curies":[{"name":"wp","href":"https:\/\/api.w.org\/{rel}","templated":true}]}}