{"id":19946,"date":"2023-01-20T18:38:46","date_gmt":"2023-01-20T18:38:46","guid":{"rendered":"https:\/\/chilimag.hu\/webshop\/?post_type=product&#038;p=19946"},"modified":"2026-02-12T12:38:52","modified_gmt":"2026-02-12T12:38:52","slug":"maruschka-sargarepa-b-s","status":"publish","type":"product","link":"https:\/\/chilimag.hu\/webshop\/termek\/maruschka-sargarepa-b-s\/","title":{"rendered":"S\u00e1rgar\u00e9pa Maruschka  B-S"},"content":{"rendered":"","protected":false},"excerpt":{"rendered":"<p><img decoding=\"async\" src=\"https:\/\/chilimag.hu\/webshop\/wp-content\/uploads\/2022\/10\/bobby-seeds-test-logo-150x150.png\" \/><\/p>\n<p>Term\u00e9kinform\u00e1ci\u00f3 &#8222;Maruschka, s\u00e1rgar\u00e9pa ORGANIC&#8221;<\/p>\n<p>Feh\u00e9r fajtak\u00fcl\u00f6nlegess\u00e9g sz\u00e9les, k\u00fapos hegy\u0171, kr\u00e9mfeh\u00e9r s\u00e1rgar\u00e9p\u00e1val. A n\u00f6v\u00e9nyek er\u0151s lombozatot fejlesztenek, a feh\u00e9r s\u00e1rgar\u00e9pa kev\u00e9ss\u00e9 hajlamos z\u00f6ld gall\u00e9r kialak\u00edt\u00e1s\u00e1ra. A Maruschka k\u00f6zepes fejl\u0151d\u00e9si id\u0151vel rendelkezik. F\u0151z\u00e9sre k\u00fcl\u00f6n\u00f6sen alkalmas, mert itt alakul ki meleg, s\u00e1rgar\u00e9p\u00e1ra jellemz\u0151 \u00edze. A Maruschka k\u00f6nnyen t\u00e1rolhat\u00f3.<\/p>\n<p>Daucus carota<br \/>\nBetakar\u00edt\u00e1si id\u0151szak: 120-140 nappal a vet\u00e9s ut\u00e1n<br \/>\nVet\u00e9s id\u0151pontja: m\u00e1rcius-j\u00fanius<br \/>\nK\u00f6zvetlen\u00fcl szabadba vetni, vet\u00e9sm\u00e9lys\u00e9g 1-2 cm<\/p>\n<p>Sort\u00e1vols\u00e1g: 30 cm, sorban 2-4 cm<\/p>\n<p>V\u00e1lasszon szabad, szeles helyet, hogy t\u00e1vol tartsa a s\u00e1rgar\u00e9pa legyeket, vagy fedje le h\u00e1l\u00f3val, friss m\u0171tr\u00e1gya n\u00e9lk\u00fcl. Csak 6 \u00e9vente termesszen s\u00e1rgar\u00e9p\u00e1t ugyanazon a helyen. J\u00f3l terem kukoric\u00e1val, paradicsommal, hagym\u00e1val, sal\u00e1t\u00e1val \u00e9s burgony\u00e1val<\/p>\n<p>A csomag kb.800 szem magot tartalmaz<\/p>\n","protected":false},"featured_media":19947,"comment_status":"closed","ping_status":"closed","template":"","meta":[],"product_brand":[],"product_cat":[329],"product_tag":[],"class_list":{"0":"post-19946","1":"product","2":"type-product","3":"status-publish","4":"has-post-thumbnail","6":"product_cat-zoldseg-vetomagok-egyeb-es-kulonleges-vetomagok","8":"first","9":"instock","10":"taxable","11":"shipping-taxable","12":"purchasable","13":"product-type-simple"},"_links":{"self":[{"href":"https:\/\/chilimag.hu\/webshop\/wp-json\/wp\/v2\/product\/19946","targetHints":{"allow":["GET"]}}],"collection":[{"href":"https:\/\/chilimag.hu\/webshop\/wp-json\/wp\/v2\/product"}],"about":[{"href":"https:\/\/chilimag.hu\/webshop\/wp-json\/wp\/v2\/types\/product"}],"replies":[{"embeddable":true,"href":"https:\/\/chilimag.hu\/webshop\/wp-json\/wp\/v2\/comments?post=19946"}],"wp:featuredmedia":[{"embeddable":true,"href":"https:\/\/chilimag.hu\/webshop\/wp-json\/wp\/v2\/media\/19947"}],"wp:attachment":[{"href":"https:\/\/chilimag.hu\/webshop\/wp-json\/wp\/v2\/media?parent=19946"}],"wp:term":[{"taxonomy":"product_brand","embeddable":true,"href":"https:\/\/chilimag.hu\/webshop\/wp-json\/wp\/v2\/product_brand?post=19946"},{"taxonomy":"product_cat","embeddable":true,"href":"https:\/\/chilimag.hu\/webshop\/wp-json\/wp\/v2\/product_cat?post=19946"},{"taxonomy":"product_tag","embeddable":true,"href":"https:\/\/chilimag.hu\/webshop\/wp-json\/wp\/v2\/product_tag?post=19946"}],"curies":[{"name":"wp","href":"https:\/\/api.w.org\/{rel}","templated":true}]}}