{"id":19910,"date":"2023-01-20T16:46:24","date_gmt":"2023-01-20T16:46:24","guid":{"rendered":"https:\/\/chilimag.hu\/webshop\/?post_type=product&#038;p=19910"},"modified":"2026-01-12T11:34:58","modified_gmt":"2026-01-12T11:34:58","slug":"big-mama-f1-paradicsom-b-s","status":"publish","type":"product","link":"https:\/\/chilimag.hu\/webshop\/termek\/big-mama-f1-paradicsom-b-s\/","title":{"rendered":"Big Mama F1 Paradicsom B-S"},"content":{"rendered":"","protected":false},"excerpt":{"rendered":"<p><img decoding=\"async\" src=\"https:\/\/chilimag.hu\/webshop\/wp-content\/uploads\/2022\/10\/bobby-seeds-test-logo-150x150.png\" \/><\/p>\n<p>Term\u00e9kinform\u00e1ci\u00f3 &#8222;Tomato Big Mama F1&#8221;<\/p>\n<p>A Mama Mia !, Big Mama h\u00fasos, nagyon arom\u00e1s, 250 gramm k\u00f6r\u00fcli gy\u00fcm\u00f6lcs\u00f6ket terem, nagyon term\u00e9keny, sz\u00f3szokhoz \u00e9s levesekhez k\u00fcl\u00f6n\u00f6sen alkalmas. A h\u00e9ja r\u00f6vid forral\u00e1s ut\u00e1n nagyon k\u00f6nnyen lefejthet\u0151. A nagy term\u00e9st\u00f6meg \u00e9s a nagy term\u00e9ssz\u00e1m miatt a n\u00f6v\u00e9nyeket j\u00f3l meg kell t\u00e1masztani \u00e9s rendszeresen leszedni.<\/p>\n<p>Solanum lycopersicum<br \/>\nA betakar\u00edt\u00e1s j\u00faliust\u00f3l szeptemberig tart<br \/>\nVet\u00e9s 20-25 \u00b0C-on, majd el\u0151teny\u00e9szt\u00e9s febru\u00e1rt\u00f3l \u00e1prilisig<br \/>\nParadicsom tipp:<\/p>\n<p>Soha ne \u00f6nt\u00f6zz\u00fck a n\u00f6v\u00e9nyeket csaphideg v\u00edzzel, a v\u00edznek legal\u00e1bb szobah\u0151m\u00e9rs\u00e9klet\u0171nek kell lennie. Mindig \u00fcgyeljen arra, hogy a levelek sz\u00e1razak legyenek, hogy cs\u00f6kkentse a paradicsom rothad\u00e1s\u00e1nak es\u00e9ly\u00e9t.<\/p>\n<p>A csomag 10 szem magot tartalmaz<\/p>\n","protected":false},"featured_media":19912,"comment_status":"closed","ping_status":"closed","template":"","meta":[],"product_brand":[],"product_cat":[10],"product_tag":[],"class_list":{"0":"post-19910","1":"product","2":"type-product","3":"status-publish","4":"has-post-thumbnail","6":"product_cat-paradicsom","8":"first","9":"outofstock","10":"taxable","11":"shipping-taxable","12":"purchasable","13":"product-type-simple"},"_links":{"self":[{"href":"https:\/\/chilimag.hu\/webshop\/wp-json\/wp\/v2\/product\/19910","targetHints":{"allow":["GET"]}}],"collection":[{"href":"https:\/\/chilimag.hu\/webshop\/wp-json\/wp\/v2\/product"}],"about":[{"href":"https:\/\/chilimag.hu\/webshop\/wp-json\/wp\/v2\/types\/product"}],"replies":[{"embeddable":true,"href":"https:\/\/chilimag.hu\/webshop\/wp-json\/wp\/v2\/comments?post=19910"}],"wp:featuredmedia":[{"embeddable":true,"href":"https:\/\/chilimag.hu\/webshop\/wp-json\/wp\/v2\/media\/19912"}],"wp:attachment":[{"href":"https:\/\/chilimag.hu\/webshop\/wp-json\/wp\/v2\/media?parent=19910"}],"wp:term":[{"taxonomy":"product_brand","embeddable":true,"href":"https:\/\/chilimag.hu\/webshop\/wp-json\/wp\/v2\/product_brand?post=19910"},{"taxonomy":"product_cat","embeddable":true,"href":"https:\/\/chilimag.hu\/webshop\/wp-json\/wp\/v2\/product_cat?post=19910"},{"taxonomy":"product_tag","embeddable":true,"href":"https:\/\/chilimag.hu\/webshop\/wp-json\/wp\/v2\/product_tag?post=19910"}],"curies":[{"name":"wp","href":"https:\/\/api.w.org\/{rel}","templated":true}]}}