{"id":19510,"date":"2023-01-05T18:27:00","date_gmt":"2023-01-05T18:27:00","guid":{"rendered":"https:\/\/chilimag.hu\/webshop\/?post_type=product&#038;p=19510"},"modified":"2026-03-09T12:07:59","modified_gmt":"2026-03-09T12:07:59","slug":"paprika-goldano-f1-cap","status":"publish","type":"product","link":"https:\/\/chilimag.hu\/webshop\/termek\/paprika-goldano-f1-cap\/","title":{"rendered":"Paprika Goldano F1 Capsico"},"content":{"rendered":"","protected":false},"excerpt":{"rendered":"<p><img decoding=\"async\" class=\"sFlh5c FyHeAf iPVvYb\" src=\"https:\/\/c.cdnmp.net\/592978066\/brands\/1000108_logo.png\" alt=\"Capsico - Seminte1\" width=\"148\" height=\"83\" \/><\/p>\n<p><strong>Le\u00edr\u00e1s<\/strong><\/p>\n<p class=\"p1\">Kiemelked\u0151en korai, feh\u00e9r blocky t\u00edpus, vastag h\u00fas\u00fa (7-9 mm) \u00e9s a Silveradon\u00e1l vil\u00e1gosabb \u00e1rnyalat\u00fa, t\u00falnyom\u00f3an 3-4 rekeszes term\u00e9sekkel. K\u00f6z\u00e9per\u0151s n\u00f6veked\u00e9s\u0171, r\u00f6vid \u00edzk\u00f6z\u0171 fajta, kalciumhi\u00e1nyos foltoss\u00e1gra nem hajlamos, f\u00e9nyszeg\u00e9ny id\u0151szakban \u00e9s ny\u00e1ri h\u0151s\u00e9gben is megb\u00edzhat\u00f3an \u00e9s folyamatosan k\u00f6t. K\u00e9t sz\u00e1lra metszve vagy kordonos rendszerben, hajtat\u00e1sra \u00e9s szabadf\u00f6ldi termeszt\u00e9sre is aj\u00e1nljuk.<\/p>\n<p>A csomag 100 szem magot tartalmaz<\/p>\n","protected":false},"featured_media":19511,"comment_status":"closed","ping_status":"closed","template":"","meta":[],"product_brand":[],"product_cat":[319],"product_tag":[],"class_list":{"0":"post-19510","1":"product","2":"type-product","3":"status-publish","4":"has-post-thumbnail","6":"product_cat-capsico-vetomagok","8":"first","9":"outofstock","10":"taxable","11":"shipping-taxable","12":"purchasable","13":"product-type-simple"},"_links":{"self":[{"href":"https:\/\/chilimag.hu\/webshop\/wp-json\/wp\/v2\/product\/19510","targetHints":{"allow":["GET"]}}],"collection":[{"href":"https:\/\/chilimag.hu\/webshop\/wp-json\/wp\/v2\/product"}],"about":[{"href":"https:\/\/chilimag.hu\/webshop\/wp-json\/wp\/v2\/types\/product"}],"replies":[{"embeddable":true,"href":"https:\/\/chilimag.hu\/webshop\/wp-json\/wp\/v2\/comments?post=19510"}],"wp:featuredmedia":[{"embeddable":true,"href":"https:\/\/chilimag.hu\/webshop\/wp-json\/wp\/v2\/media\/19511"}],"wp:attachment":[{"href":"https:\/\/chilimag.hu\/webshop\/wp-json\/wp\/v2\/media?parent=19510"}],"wp:term":[{"taxonomy":"product_brand","embeddable":true,"href":"https:\/\/chilimag.hu\/webshop\/wp-json\/wp\/v2\/product_brand?post=19510"},{"taxonomy":"product_cat","embeddable":true,"href":"https:\/\/chilimag.hu\/webshop\/wp-json\/wp\/v2\/product_cat?post=19510"},{"taxonomy":"product_tag","embeddable":true,"href":"https:\/\/chilimag.hu\/webshop\/wp-json\/wp\/v2\/product_tag?post=19510"}],"curies":[{"name":"wp","href":"https:\/\/api.w.org\/{rel}","templated":true}]}}