{"id":19506,"date":"2023-01-05T18:23:55","date_gmt":"2023-01-05T18:23:55","guid":{"rendered":"https:\/\/chilimag.hu\/webshop\/?post_type=product&#038;p=19506"},"modified":"2026-02-08T18:53:20","modified_gmt":"2026-02-08T18:53:20","slug":"paprika-ailverado-f1-cap","status":"publish","type":"product","link":"https:\/\/chilimag.hu\/webshop\/termek\/paprika-ailverado-f1-cap\/","title":{"rendered":"Paprika Silverado F1 Capsico"},"content":{"rendered":"","protected":false},"excerpt":{"rendered":"<p><img decoding=\"async\" class=\"sFlh5c FyHeAf iPVvYb\" src=\"https:\/\/c.cdnmp.net\/592978066\/brands\/1000108_logo.png\" alt=\"Capsico - Seminte1\" width=\"148\" height=\"83\" \/><\/p>\n<p><strong>Le\u00edr\u00e1s<\/strong><\/p>\n<p>&nbsp;<\/p>\n<p class=\"p1\">Nagyon korai, igaz\u00e1n nagy test\u0171 fajta, kimagasl\u00f3 term\u00e9spotenci\u00e1llal. F\u00e9nyes, vastag h\u00fas\u00fa bogy\u00f3kat nevel, m\u00e9ret\u00e9t \u00e9s min\u0151s\u00e9g\u00e9t a termeszt\u00e9s v\u00e9g\u00e9ig megtartja. K\u00f6z\u00e9per\u0151s n\u00f6veked\u00e9s\u0171, r\u00f6vid \u00edz k\u00f6z\u0171 fajta, er\u0151s sz\u00e1rrendszerrel, melynek k\u00f6sz\u00f6nhet\u0151en sz\u00e9ls\u0151s\u00e9ges<\/p>\n<p class=\"p1\">id\u0151j\u00e1r\u00e1si k\u00f6r\u00fclm\u00e9nyek k\u00f6z\u00f6tt is j\u00f3l \u00e9s egyenletesen tud teremni. K\u00e9t sz\u00e1lra metszve vagy kordonos rendszerben, hajtat\u00e1sra \u00e9s szabadf\u00f6ldi termeszt\u00e9sre is aj\u00e1nljuk. Tm:0-3, TSWV \u00e9s uborka mozaikv\u00edrus- (CMV) ellen\u00e1ll\u00f3, biztons\u00e1ggal termeszthet\u0151 v\u00edrusfert\u0151z\u00f6t ter\u00fcleten is.<\/p>\n<p>A csomag 100 szem magot tartalmaz<\/p>\n","protected":false},"featured_media":19507,"comment_status":"closed","ping_status":"closed","template":"","meta":[],"product_brand":[],"product_cat":[319],"product_tag":[],"class_list":{"0":"post-19506","1":"product","2":"type-product","3":"status-publish","4":"has-post-thumbnail","6":"product_cat-capsico-vetomagok","8":"first","9":"outofstock","10":"taxable","11":"shipping-taxable","12":"purchasable","13":"product-type-simple"},"_links":{"self":[{"href":"https:\/\/chilimag.hu\/webshop\/wp-json\/wp\/v2\/product\/19506","targetHints":{"allow":["GET"]}}],"collection":[{"href":"https:\/\/chilimag.hu\/webshop\/wp-json\/wp\/v2\/product"}],"about":[{"href":"https:\/\/chilimag.hu\/webshop\/wp-json\/wp\/v2\/types\/product"}],"replies":[{"embeddable":true,"href":"https:\/\/chilimag.hu\/webshop\/wp-json\/wp\/v2\/comments?post=19506"}],"wp:featuredmedia":[{"embeddable":true,"href":"https:\/\/chilimag.hu\/webshop\/wp-json\/wp\/v2\/media\/19507"}],"wp:attachment":[{"href":"https:\/\/chilimag.hu\/webshop\/wp-json\/wp\/v2\/media?parent=19506"}],"wp:term":[{"taxonomy":"product_brand","embeddable":true,"href":"https:\/\/chilimag.hu\/webshop\/wp-json\/wp\/v2\/product_brand?post=19506"},{"taxonomy":"product_cat","embeddable":true,"href":"https:\/\/chilimag.hu\/webshop\/wp-json\/wp\/v2\/product_cat?post=19506"},{"taxonomy":"product_tag","embeddable":true,"href":"https:\/\/chilimag.hu\/webshop\/wp-json\/wp\/v2\/product_tag?post=19506"}],"curies":[{"name":"wp","href":"https:\/\/api.w.org\/{rel}","templated":true}]}}