{"id":19504,"date":"2023-01-05T18:21:26","date_gmt":"2023-01-05T18:21:26","guid":{"rendered":"https:\/\/chilimag.hu\/webshop\/?post_type=product&#038;p=19504"},"modified":"2026-02-13T15:16:49","modified_gmt":"2026-02-13T15:16:49","slug":"paprika-borka-f1-cap","status":"publish","type":"product","link":"https:\/\/chilimag.hu\/webshop\/termek\/paprika-borka-f1-cap\/","title":{"rendered":"Paprika Borka F1 Capsico"},"content":{"rendered":"","protected":false},"excerpt":{"rendered":"<p><img decoding=\"async\" class=\"sFlh5c FyHeAf iPVvYb\" src=\"https:\/\/c.cdnmp.net\/592978066\/brands\/1000108_logo.png\" alt=\"Capsico - Seminte1\" width=\"148\" height=\"83\" \/><\/p>\n<p><strong>Le\u00edr\u00e1s<\/strong><\/p>\n<p>&nbsp;<\/p>\n<p class=\"p1\">Cs\u00edp\u0151s feh\u00e9r TV, bogyiszl\u00f3i t\u00edpus, mely korais\u00e1g\u00e1val, b\u0151term\u0151s\u00e9g\u00e9vel \u00e9s v\u00edrusrezisztenci\u00e1j\u00e1val egyed\u00fcl\u00e1ll\u00f3 a piacon. Term\u00e9sei vastag h\u00fas\u00faak, egy\u00f6ntet\u0171ek, kalciumhi\u00e1nyos foltosod\u00e1sra nem hajlamosak, a sz\u00e1ll\u00edt\u00e1st \u00e9s t\u00e1rol\u00e1st is j\u00f3l b\u00edrj\u00e1k. R\u00f6vid \u00edzk\u00f6z\u0171 n\u00f6v\u00e9nyt nevel, term\u00e9sk\u00f6t\u0151d\u00e9se sz\u00e9ls\u0151s\u00e9ges id\u0151j\u00e1r\u00e1si k\u00f6r\u00fclm\u00e9nyek k\u00f6z\u00f6tt is megb\u00edzhat\u00f3. \u00dcltet\u00e9s\u00e9t egy vagy k\u00e9t sz\u00e1lra felk\u00f6t\u00f6zve, kordonos termeszt\u00e9sbe, hajtat\u00e1sba \u00e9s szabadf\u00f6lbe is javasoljuk.<\/p>\n<p>A csomag 100 szem magot tartalmaz<\/p>\n","protected":false},"featured_media":19505,"comment_status":"closed","ping_status":"closed","template":"","meta":[],"product_brand":[],"product_cat":[319],"product_tag":[],"class_list":{"0":"post-19504","1":"product","2":"type-product","3":"status-publish","4":"has-post-thumbnail","6":"product_cat-capsico-vetomagok","8":"first","9":"outofstock","10":"taxable","11":"shipping-taxable","12":"purchasable","13":"product-type-simple"},"_links":{"self":[{"href":"https:\/\/chilimag.hu\/webshop\/wp-json\/wp\/v2\/product\/19504","targetHints":{"allow":["GET"]}}],"collection":[{"href":"https:\/\/chilimag.hu\/webshop\/wp-json\/wp\/v2\/product"}],"about":[{"href":"https:\/\/chilimag.hu\/webshop\/wp-json\/wp\/v2\/types\/product"}],"replies":[{"embeddable":true,"href":"https:\/\/chilimag.hu\/webshop\/wp-json\/wp\/v2\/comments?post=19504"}],"wp:featuredmedia":[{"embeddable":true,"href":"https:\/\/chilimag.hu\/webshop\/wp-json\/wp\/v2\/media\/19505"}],"wp:attachment":[{"href":"https:\/\/chilimag.hu\/webshop\/wp-json\/wp\/v2\/media?parent=19504"}],"wp:term":[{"taxonomy":"product_brand","embeddable":true,"href":"https:\/\/chilimag.hu\/webshop\/wp-json\/wp\/v2\/product_brand?post=19504"},{"taxonomy":"product_cat","embeddable":true,"href":"https:\/\/chilimag.hu\/webshop\/wp-json\/wp\/v2\/product_cat?post=19504"},{"taxonomy":"product_tag","embeddable":true,"href":"https:\/\/chilimag.hu\/webshop\/wp-json\/wp\/v2\/product_tag?post=19504"}],"curies":[{"name":"wp","href":"https:\/\/api.w.org\/{rel}","templated":true}]}}