{"id":19130,"date":"2022-11-30T16:16:39","date_gmt":"2022-11-30T16:16:39","guid":{"rendered":"https:\/\/chilimag.hu\/webshop\/?post_type=product&#038;p=19130"},"modified":"2026-02-23T09:27:17","modified_gmt":"2026-02-23T09:27:17","slug":"black-kat-f1-pmt-tok-b-s","status":"publish","type":"product","link":"https:\/\/chilimag.hu\/webshop\/termek\/black-kat-f1-pmt-tok-b-s\/","title":{"rendered":"Black Kat F1 PMT T\u00f6k B-S"},"content":{"rendered":"","protected":false},"excerpt":{"rendered":"<p><img decoding=\"async\" src=\"https:\/\/chilimag.hu\/webshop\/wp-content\/uploads\/2022\/10\/bobby-seeds-test-logo-150x150.png\" \/><\/p>\n<p>Term\u00e9kinform\u00e1ci\u00f3 &#8222;Black Kat F1 PMT&#8221;<\/p>\n<p>Rendk\u00edv\u00fcli, kicsi, z\u00f6ld-fekete d\u00edszt\u00f6k<\/p>\n<p>A szemet gy\u00f6ny\u00f6rk\u00f6dtet\u0151 sz\u00edn \u00e9s a rendk\u00edv\u00fcl dekorat\u00edv forma teszi egyediv\u00e9 a k\u00f6r\u00fclbel\u00fcl 400-600 grammos gy\u00fcm\u00f6lcs\u00f6ket. A s\u00f6t\u00e9tz\u00f6ld-fekete sz\u00edn nagyon k\u00e9s\u0151n, de csak okt\u00f3berben v\u00e1lik narancss\u00e1rg\u00e1v\u00e1 norm\u00e1l termeszt\u00e9s eset\u00e9n. Ez\u00e9rt ne vess t\u00fal kor\u00e1n meleg helyre. Sz\u00e9p kieg\u00e9sz\u00edt\u00e9s a Casperita F1 \u00e9s Orangita F1 fajt\u00e1khoz. A Black Kat F1 a konyh\u00e1ban is haszn\u00e1lhat\u00f3 adag s\u00fct\u0151t\u00f6kk\u00e9nt, eg\u00e9szben, t\u00f6ltve \u00e9s f\u0151zve.<\/p>\n<p>Cucurbita pepo<br \/>\nAz \u00e9rlel\u00e9si id\u0151: k\u00f6r\u00fclbel\u00fcl 90 nap<br \/>\nA Black Kat F1 bokrosodik<br \/>\nD\u00edsz\u00edt\u00e9snek, de t\u00f6ltel\u00e9knek \u00e9s f\u0151z\u00e9shez is kiv\u00e1l\u00f3<br \/>\nA s\u00fct\u0151t\u00f6k j\u00f3l fejl\u0151dik meleg, j\u00f3 v\u00edzelvezet\u00e9s\u0171 talajban, el\u0151kult\u00far\u00e1ban \u00e9s \u00fcltet\u00e9sben \u00e1prilis v\u00e9gi vet\u00e9ssel vagy m\u00e1jus elej\u00e9t\u0151l k\u00f6zvetlen vet\u00e9ssel.<\/p>\n<p>A Black Kat F1-hez n\u00f6v\u00e9nyenk\u00e9nt 1 n\u00e9gyzetm\u00e9tert aj\u00e1nlunk<\/p>\n<p>Lehets\u00e9ges k\u00e1rtev\u0151k: csig\u00e1k, madarak, egerek, tetvek, lisztharmat, v\u00edrus<\/p>\n<p>A csomag 10 szem magot tartalmaz<\/p>\n","protected":false},"featured_media":19131,"comment_status":"closed","ping_status":"closed","template":"","meta":[],"product_brand":[],"product_cat":[345],"product_tag":[],"class_list":{"0":"post-19130","1":"product","2":"type-product","3":"status-publish","4":"has-post-thumbnail","6":"product_cat-suto-fozo-es-disztokok","8":"first","9":"instock","10":"taxable","11":"shipping-taxable","12":"purchasable","13":"product-type-simple"},"_links":{"self":[{"href":"https:\/\/chilimag.hu\/webshop\/wp-json\/wp\/v2\/product\/19130","targetHints":{"allow":["GET"]}}],"collection":[{"href":"https:\/\/chilimag.hu\/webshop\/wp-json\/wp\/v2\/product"}],"about":[{"href":"https:\/\/chilimag.hu\/webshop\/wp-json\/wp\/v2\/types\/product"}],"replies":[{"embeddable":true,"href":"https:\/\/chilimag.hu\/webshop\/wp-json\/wp\/v2\/comments?post=19130"}],"wp:featuredmedia":[{"embeddable":true,"href":"https:\/\/chilimag.hu\/webshop\/wp-json\/wp\/v2\/media\/19131"}],"wp:attachment":[{"href":"https:\/\/chilimag.hu\/webshop\/wp-json\/wp\/v2\/media?parent=19130"}],"wp:term":[{"taxonomy":"product_brand","embeddable":true,"href":"https:\/\/chilimag.hu\/webshop\/wp-json\/wp\/v2\/product_brand?post=19130"},{"taxonomy":"product_cat","embeddable":true,"href":"https:\/\/chilimag.hu\/webshop\/wp-json\/wp\/v2\/product_cat?post=19130"},{"taxonomy":"product_tag","embeddable":true,"href":"https:\/\/chilimag.hu\/webshop\/wp-json\/wp\/v2\/product_tag?post=19130"}],"curies":[{"name":"wp","href":"https:\/\/api.w.org\/{rel}","templated":true}]}}