{"id":19128,"date":"2022-11-30T16:13:07","date_gmt":"2022-11-30T16:13:07","guid":{"rendered":"https:\/\/chilimag.hu\/webshop\/?post_type=product&#038;p=19128"},"modified":"2026-04-13T09:20:44","modified_gmt":"2026-04-13T09:20:44","slug":"blaze-f1-pmt-tok-b-s","status":"publish","type":"product","link":"https:\/\/chilimag.hu\/webshop\/termek\/blaze-f1-pmt-tok-b-s\/","title":{"rendered":"Blaze F1 PMT T\u00f6k B-S"},"content":{"rendered":"","protected":false},"excerpt":{"rendered":"<p><img decoding=\"async\" src=\"https:\/\/chilimag.hu\/webshop\/wp-content\/uploads\/2022\/10\/bobby-seeds-test-logo-150x150.png\" \/><\/p>\n<p>Term\u00e9kinform\u00e1ci\u00f3 &#8222;Blaze F1 PMT&#8221;<\/p>\n<p>\u00daj k\u00e9tsz\u00edn\u0171 fajta, s\u00e1rga, cs\u00edkos s\u00f6t\u00e9tnarancs.<\/p>\n<p>Gy\u00fcm\u00f6lcsei lapos kerekek, enyh\u00e9n bord\u00e1zottak \u00e9s k\u00f6r\u00fclbel\u00fcl 20 cm \u00e1tm\u00e9r\u0151j\u0171ek. A Blaze F1 bokros, nagyon eg\u00e9szs\u00e9ges \u00e9s ellen\u00e1ll a lisztharmatnak. A Blaze F1 komoly term\u00e9st \u00edg\u00e9r, egys\u00e9ges gy\u00fcm\u00f6lcs\u00f6kkel. M\u00e1s f\u0151 fajt\u00e1khoz hasonl\u00edthat\u00f3, 90 napos \u00e9r\u00e9si id\u0151vel. Sz\u00e9p dekorat\u00edv s\u00fct\u0151t\u00f6k.<\/p>\n<p>Cucurbita pepo<br \/>\nA Blaze F1 bokrosodik<br \/>\n\u00c9rlel\u00e9si id\u0151: 90 nap<br \/>\nEz a fajta j\u00f3l fejl\u0151dik meleg, j\u00f3 v\u00edzelvezet\u00e9s\u0171 talajon, el\u0151m\u0171vel\u00e9sben \u00e9s \u00fcltet\u00e9sben \u00e1prilis v\u00e9g\u00e9t\u0151l vet\u00e9ssel vagy m\u00e1jus elej\u00e9t\u0151l direkt vet\u00e9ssel.<\/p>\n<p>A C. pepo a legalkalmasabb a hidegebb vid\u00e9keken t\u00f6rt\u00e9n\u0151 termeszt\u00e9sre.i<\/p>\n<p>A Blaze F1 magas d\u00edsz\u00edt\u0151\u00e9rt\u00e9kkel rendelkezik, h\u00fasa ehet\u0151, de m\u00e1s t\u00f6k\u00f6k\u00e9hez nem hasonl\u00edthat\u00f3<\/p>\n<p>A Blaze F1-hez n\u00f6v\u00e9nyenk\u00e9nt kb. 1 nm ter\u00fcletet aj\u00e1nlunk<\/p>\n<p>Lehets\u00e9ges k\u00e1rtev\u0151k: csig\u00e1k, madarak, egerek, tetvek, lisztharmat, v\u00edrus<\/p>\n<p>A csomag 10 szem magot tartalmaz<\/p>\n","protected":false},"featured_media":19129,"comment_status":"closed","ping_status":"closed","template":"","meta":[],"product_brand":[],"product_cat":[345],"product_tag":[],"class_list":{"0":"post-19128","1":"product","2":"type-product","3":"status-publish","4":"has-post-thumbnail","6":"product_cat-suto-fozo-es-disztokok","8":"first","9":"instock","10":"sale","11":"taxable","12":"shipping-taxable","13":"purchasable","14":"product-type-simple"},"_links":{"self":[{"href":"https:\/\/chilimag.hu\/webshop\/wp-json\/wp\/v2\/product\/19128","targetHints":{"allow":["GET"]}}],"collection":[{"href":"https:\/\/chilimag.hu\/webshop\/wp-json\/wp\/v2\/product"}],"about":[{"href":"https:\/\/chilimag.hu\/webshop\/wp-json\/wp\/v2\/types\/product"}],"replies":[{"embeddable":true,"href":"https:\/\/chilimag.hu\/webshop\/wp-json\/wp\/v2\/comments?post=19128"}],"wp:featuredmedia":[{"embeddable":true,"href":"https:\/\/chilimag.hu\/webshop\/wp-json\/wp\/v2\/media\/19129"}],"wp:attachment":[{"href":"https:\/\/chilimag.hu\/webshop\/wp-json\/wp\/v2\/media?parent=19128"}],"wp:term":[{"taxonomy":"product_brand","embeddable":true,"href":"https:\/\/chilimag.hu\/webshop\/wp-json\/wp\/v2\/product_brand?post=19128"},{"taxonomy":"product_cat","embeddable":true,"href":"https:\/\/chilimag.hu\/webshop\/wp-json\/wp\/v2\/product_cat?post=19128"},{"taxonomy":"product_tag","embeddable":true,"href":"https:\/\/chilimag.hu\/webshop\/wp-json\/wp\/v2\/product_tag?post=19128"}],"curies":[{"name":"wp","href":"https:\/\/api.w.org\/{rel}","templated":true}]}}