{"id":18847,"date":"2022-10-23T19:06:57","date_gmt":"2022-10-23T19:06:57","guid":{"rendered":"https:\/\/chilimag.hu\/webshop\/?post_type=product&#038;p=18847"},"modified":"2026-04-10T07:19:43","modified_gmt":"2026-04-10T07:19:43","slug":"tok-pezsmatok-bungkan-021-f1-b-s","status":"publish","type":"product","link":"https:\/\/chilimag.hu\/webshop\/termek\/tok-pezsmatok-bungkan-021-f1-b-s\/","title":{"rendered":"Bungkan 021 F1 T\u00f6k B-S"},"content":{"rendered":"","protected":false},"excerpt":{"rendered":"<p><img decoding=\"async\" src=\"https:\/\/chilimag.hu\/webshop\/wp-content\/uploads\/2022\/10\/bobby-seeds-test-logo-150x150.png\" \/><\/p>\n<p>Term\u00e9kinform\u00e1ci\u00f3 &#8222;Bungkan 021 F1&#8221;<\/p>\n<p>Kiv\u00e1l\u00f3 \u00e9s dekorat\u00edv t\u00f6k<\/p>\n<p>A Bungkan 021 F1 lapos g\u00f6mb\u00f6ly\u0171 \u00e9s enyh\u00e9n bord\u00e1zott term\u00e9seket hoz, amelyek s\u00falya mind\u00f6ssze 1 kg. A kezdetben s\u00f6t\u00e9tz\u00f6ld term\u00e9sek \u00e9r\u00e9s\u00fck sor\u00e1n gy\u00f6ny\u00f6r\u0171 okker sz\u00edn\u0171v\u00e9 v\u00e1lnak. A 100 napos \u00e1zsiai fajta meglehet\u0151sen korai, magas hozam\u00fa \u00e9s nagyon dekorat\u00edv. A s\u00f6t\u00e9ts\u00e1rga h\u00fast a konyh\u00e1ban is haszn\u00e1lhatjuk<\/p>\n<p>Cucurbita moschata<br \/>\n\u00c9rlel\u00e9si id\u0151: k\u00f6r\u00fclbel\u00fcl 100 nap<br \/>\nA Bungkan 021 F1 m\u00e1sz\u00e1ssal n\u0151<br \/>\nA Bungkan 021 F1 kiv\u00e1l\u00f3, dekorat\u00edv t\u00f6k<br \/>\nA s\u00fct\u0151t\u00f6k j\u00f3l fejl\u0151dik meleg, j\u00f3 v\u00edzelvezet\u00e9s\u0171 talajban, el\u0151kult\u00far\u00e1ban \u00e9s \u00fcltet\u00e9sben \u00e1prilis v\u00e9gi vet\u00e9ssel vagy m\u00e1jus elej\u00e9t\u0151l k\u00f6zvetlen vet\u00e9ssel.<\/p>\n<p>A Bungkan 021 F1-hez n\u00f6v\u00e9nyenk\u00e9nt 2-3 nm-et aj\u00e1nlunk.<\/p>\n<p>Lehets\u00e9ges k\u00e1rtev\u0151k: csig\u00e1k, madarak, egerek, tetvek, lisztharmat<\/p>\n<p>A csomag 10 szem magot tartalmaz<\/p>\n","protected":false},"featured_media":18848,"comment_status":"closed","ping_status":"closed","template":"","meta":[],"product_brand":[],"product_cat":[345],"product_tag":[],"class_list":{"0":"post-18847","1":"product","2":"type-product","3":"status-publish","4":"has-post-thumbnail","6":"product_cat-suto-fozo-es-disztokok","8":"first","9":"instock","10":"sale","11":"taxable","12":"shipping-taxable","13":"purchasable","14":"product-type-simple"},"_links":{"self":[{"href":"https:\/\/chilimag.hu\/webshop\/wp-json\/wp\/v2\/product\/18847","targetHints":{"allow":["GET"]}}],"collection":[{"href":"https:\/\/chilimag.hu\/webshop\/wp-json\/wp\/v2\/product"}],"about":[{"href":"https:\/\/chilimag.hu\/webshop\/wp-json\/wp\/v2\/types\/product"}],"replies":[{"embeddable":true,"href":"https:\/\/chilimag.hu\/webshop\/wp-json\/wp\/v2\/comments?post=18847"}],"wp:featuredmedia":[{"embeddable":true,"href":"https:\/\/chilimag.hu\/webshop\/wp-json\/wp\/v2\/media\/18848"}],"wp:attachment":[{"href":"https:\/\/chilimag.hu\/webshop\/wp-json\/wp\/v2\/media?parent=18847"}],"wp:term":[{"taxonomy":"product_brand","embeddable":true,"href":"https:\/\/chilimag.hu\/webshop\/wp-json\/wp\/v2\/product_brand?post=18847"},{"taxonomy":"product_cat","embeddable":true,"href":"https:\/\/chilimag.hu\/webshop\/wp-json\/wp\/v2\/product_cat?post=18847"},{"taxonomy":"product_tag","embeddable":true,"href":"https:\/\/chilimag.hu\/webshop\/wp-json\/wp\/v2\/product_tag?post=18847"}],"curies":[{"name":"wp","href":"https:\/\/api.w.org\/{rel}","templated":true}]}}