{"id":18836,"date":"2022-10-23T18:47:50","date_gmt":"2022-10-23T18:47:50","guid":{"rendered":"https:\/\/chilimag.hu\/webshop\/?post_type=product&#038;p=18836"},"modified":"2024-12-03T16:00:22","modified_gmt":"2024-12-03T16:00:22","slug":"tok-termesztet-tok-cargo-pmt-f1","status":"publish","type":"product","link":"https:\/\/chilimag.hu\/webshop\/termek\/tok-termesztet-tok-cargo-pmt-f1\/","title":{"rendered":"Cargo PMT F1 T\u00f6k B-S"},"content":{"rendered":"","protected":false},"excerpt":{"rendered":"<p><img decoding=\"async\" src=\"https:\/\/chilimag.hu\/webshop\/wp-content\/uploads\/2022\/10\/bobby-seeds-test-logo-150x150.png\" \/><\/p>\n<p>Term\u00e9kinform\u00e1ci\u00f3k &#8222;Cargo PMT F1&#8221;<\/p>\n<p>Stabil, nagy l\u00e1mp\u00e1s t\u00f6k<\/p>\n<p>A Cargo F1 g\u00f6mb\u00f6ly\u0171, 9-12 kg k\u00f6r\u00fcli neh\u00e9z, er\u0151s narancss\u00e1rga \u00e9s csak enyh\u00e9n bord\u00e1zott, magas g\u00f6mb\u00f6ly\u0171 term\u00e9st hoz. Az \u00e1ltal\u00e1nos rendk\u00edv\u00fcl harmonikus megjelen\u00e9st a gy\u00f6ny\u00f6r\u0171, s\u00f6t\u00e9tz\u00f6ld sz\u00e1r eg\u00e9sz\u00edti ki. A Cargo F1 ellen\u00e1ll a lisztharmatnak, nagyon t\u00f6m\u00f6ren n\u0151 \u00e9s n\u00f6v\u00e9nyenk\u00e9nt \u00e1tlagosan 2 gy\u00fcm\u00f6lcs\u00f6t terem<\/p>\n<p>Cucurbita pepo<br \/>\nAz \u00e9r\u00e9si id\u0151 k\u00f6r\u00fclbel\u00fcl 95-100 nap<br \/>\nA Cargo F1 m\u00e9rs\u00e9kelten rangsorol<br \/>\nEnnek a fajt\u00e1nak a h\u00fasa t\u00f6kleveshez is felhaszn\u00e1lhat\u00f3<br \/>\nA s\u00fct\u0151t\u00f6k j\u00f3l fejl\u0151dik meleg, j\u00f3 v\u00edzelvezet\u00e9s\u0171 talajban, el\u0151kult\u00far\u00e1ban \u00e9s \u00fcltet\u00e9sben \u00e1prilis v\u00e9gi vet\u00e9ssel vagy m\u00e1jus elej\u00e9t\u0151l k\u00f6zvetlen vet\u00e9ssel.<\/p>\n<p>A Cargo F1-hez \u00fczemenk\u00e9nt k\u00f6r\u00fclbel\u00fcl 1,5-2 nm-t aj\u00e1nlunk.<\/p>\n<p>Lehets\u00e9ges k\u00e1rtev\u0151k: csig\u00e1k, madarak, egerek, tetvek, lisztharmat, v\u00edrus<\/p>\n<p>A csomag 10 szem magot tartalmaz<\/p>\n","protected":false},"featured_media":18837,"comment_status":"closed","ping_status":"closed","template":"","meta":[],"product_brand":[],"product_cat":[345],"product_tag":[],"class_list":{"0":"post-18836","1":"product","2":"type-product","3":"status-publish","4":"has-post-thumbnail","6":"product_cat-suto-fozo-es-disztokok","8":"first","9":"instock","10":"sale","11":"taxable","12":"shipping-taxable","13":"purchasable","14":"product-type-simple"},"_links":{"self":[{"href":"https:\/\/chilimag.hu\/webshop\/wp-json\/wp\/v2\/product\/18836","targetHints":{"allow":["GET"]}}],"collection":[{"href":"https:\/\/chilimag.hu\/webshop\/wp-json\/wp\/v2\/product"}],"about":[{"href":"https:\/\/chilimag.hu\/webshop\/wp-json\/wp\/v2\/types\/product"}],"replies":[{"embeddable":true,"href":"https:\/\/chilimag.hu\/webshop\/wp-json\/wp\/v2\/comments?post=18836"}],"wp:featuredmedia":[{"embeddable":true,"href":"https:\/\/chilimag.hu\/webshop\/wp-json\/wp\/v2\/media\/18837"}],"wp:attachment":[{"href":"https:\/\/chilimag.hu\/webshop\/wp-json\/wp\/v2\/media?parent=18836"}],"wp:term":[{"taxonomy":"product_brand","embeddable":true,"href":"https:\/\/chilimag.hu\/webshop\/wp-json\/wp\/v2\/product_brand?post=18836"},{"taxonomy":"product_cat","embeddable":true,"href":"https:\/\/chilimag.hu\/webshop\/wp-json\/wp\/v2\/product_cat?post=18836"},{"taxonomy":"product_tag","embeddable":true,"href":"https:\/\/chilimag.hu\/webshop\/wp-json\/wp\/v2\/product_tag?post=18836"}],"curies":[{"name":"wp","href":"https:\/\/api.w.org\/{rel}","templated":true}]}}