{"id":18768,"date":"2022-10-19T17:33:07","date_gmt":"2022-10-19T17:33:07","guid":{"rendered":"https:\/\/chilimag.hu\/webshop\/?post_type=product&#038;p=18768"},"modified":"2026-03-08T16:19:24","modified_gmt":"2026-03-08T16:19:24","slug":"scudo","status":"publish","type":"product","link":"https:\/\/chilimag.hu\/webshop\/termek\/scudo\/","title":{"rendered":"Scudo aminosav- \u00e9s gl\u00fck\u00f3zsavb\u00e1zis\u00fa lombtr\u00e1gya 2 dl"},"content":{"rendered":"","protected":false},"excerpt":{"rendered":"<h1 class=\"text-green\"><b>SCUDO<\/b><\/h1>\n<p><strong>BIOGAZD\u00c1LKOD\u00c1SBAN ENGED\u00c9LYEZETT<\/strong><\/p>\n<p>K\u00fcl\u00f6nleges, aminosav- \u00e9s gl\u00fck\u00f3zsavb\u00e1zis\u00fa lombtr\u00e1gya akt\u00edvr\u00e9z- (9% Cu) \u00e9s aminosav- (3,4%) tartalommal.\u00a0100% n\u00f6v\u00e9nyi enzimatikus hidrol\u00edzissel (s\u00f6rgy\u00e1rt\u00e1si technol\u00f3gia) \u00e1ll\u00edtj\u00e1k el\u0151.<br \/>\nA szerves nitrog\u00e9n \u00e9s aminosavval egy\u00fctt kijuttatott r\u00e9zkombin\u00e1ci\u00f3 hat\u00e1s\u00e1ra a n\u00f6v\u00e9ny term\u00e9szetes ellen\u00e1ll\u00f3 k\u00e9pess\u00e9ge jelent\u0151sen n\u00f6vekszik. Az aminosav azonnal felsz\u00edv\u00f3dik a lombon kereszt\u00fcl, \u00e9s vele egy\u00fctt a r\u00e9z a sz\u00e1ll\u00edt\u00f3sz\u00f6vetekbe jut. A r\u00e9z nem a lombfelsz\u00ednen, hanem a sz\u00f6vetekben fejti ki hat\u00e1s\u00e1t, ennek k\u00f6sz\u00f6nhet\u0151en gomba- \u00e9s bakt\u00e9riumos betegs\u00e9gek nem k\u00e9pesek a n\u00f6v\u00e9nyen megtelepedni.<\/p>\n<p><strong>ADAGOL\u00c1S<\/strong> (lombtr\u00e1gyak\u00e9nt): 1-2 l\/1000 l v\u00edz<br \/>\nKert\u00e9szeti n\u00f6v\u00e9nyek: lombon kereszt\u00fcl 0,5-1,5 l\/1000 l v\u00edz (2-3 alkalommal, 10-12 napos ciklusban ism\u00e9telni)<br \/>\nPal\u00e1ntanevel\u00e9s: 0,5-0,75 l\/1000 l v\u00edzben<\/p>\n<p>A kezel\u00e9seket minden esetben az esti vagy a hajnali \u00f3r\u00e1kban kell elv\u00e9gezni.<br \/>\nA\u00a0leggyakrabban haszn\u00e1lt n\u00f6v\u00e9nyv\u00e9d\u0151\u00a0szerekkel, m\u0171tr\u00e1gy\u00e1kkal keverheto, kiv\u00e9tel a r\u00e9zzel nem kompatibilis term\u00e9kek.<\/p>\n<p><strong>\u00d6SSZET\u00c9TEL<\/strong>:<br \/>\nAkt\u00edv r\u00e9z, v\u00edzold\u00e9kony (Cu) 9%<br \/>\nSzerves nitrog\u00e9n 3%<br \/>\nN\u00f6v\u00e9nyi eredetu aminosav 3,4%<br \/>\npH (1:5)<\/p>\n","protected":false},"featured_media":18769,"comment_status":"closed","ping_status":"closed","template":"","meta":[],"product_brand":[],"product_cat":[391],"product_tag":[],"class_list":{"0":"post-18768","1":"product","2":"type-product","3":"status-publish","4":"has-post-thumbnail","6":"product_cat-egyeb-tapoldatok","8":"first","9":"instock","10":"taxable","11":"shipping-taxable","12":"purchasable","13":"product-type-simple"},"_links":{"self":[{"href":"https:\/\/chilimag.hu\/webshop\/wp-json\/wp\/v2\/product\/18768","targetHints":{"allow":["GET"]}}],"collection":[{"href":"https:\/\/chilimag.hu\/webshop\/wp-json\/wp\/v2\/product"}],"about":[{"href":"https:\/\/chilimag.hu\/webshop\/wp-json\/wp\/v2\/types\/product"}],"replies":[{"embeddable":true,"href":"https:\/\/chilimag.hu\/webshop\/wp-json\/wp\/v2\/comments?post=18768"}],"wp:featuredmedia":[{"embeddable":true,"href":"https:\/\/chilimag.hu\/webshop\/wp-json\/wp\/v2\/media\/18769"}],"wp:attachment":[{"href":"https:\/\/chilimag.hu\/webshop\/wp-json\/wp\/v2\/media?parent=18768"}],"wp:term":[{"taxonomy":"product_brand","embeddable":true,"href":"https:\/\/chilimag.hu\/webshop\/wp-json\/wp\/v2\/product_brand?post=18768"},{"taxonomy":"product_cat","embeddable":true,"href":"https:\/\/chilimag.hu\/webshop\/wp-json\/wp\/v2\/product_cat?post=18768"},{"taxonomy":"product_tag","embeddable":true,"href":"https:\/\/chilimag.hu\/webshop\/wp-json\/wp\/v2\/product_tag?post=18768"}],"curies":[{"name":"wp","href":"https:\/\/api.w.org\/{rel}","templated":true}]}}