{"id":18749,"date":"2022-10-18T18:51:01","date_gmt":"2022-10-18T18:51:01","guid":{"rendered":"https:\/\/chilimag.hu\/webshop\/?post_type=product&#038;p=18749"},"modified":"2026-03-25T11:39:42","modified_gmt":"2026-03-25T11:39:42","slug":"fitohorm-makrosol-1-l","status":"publish","type":"product","link":"https:\/\/chilimag.hu\/webshop\/termek\/fitohorm-makrosol-1-l\/","title":{"rendered":"Fitohorm Makrosol 1 L"},"content":{"rendered":"","protected":false},"excerpt":{"rendered":"<p>A makrosol \u00f6sszetett term\u00e9k\u00e9nek haszn\u00e1lat\u00e1val lehet\u0151v\u00e9 v\u00e1lik a sz\u00e1nt\u00f3f\u00f6ldi \u00e9s kert\u00e9szeti kult\u00far\u00e1k harmonikus t\u00e1panyagell\u00e1t\u00e1sa,kond\u00edci\u00f3j\u00e1nak jav\u00edt\u00e1sa,a min\u0151s\u00e9g biztos\u00edt\u00e1sa a gazdas\u00e1goss\u00e1g szem el\u0151tt tart\u00e1sa mellett. Napjainkban a makrot\u00e1pelemek p\u00f3tl\u00e1sa mellett egyre t\u00f6bb sz\u00f3 esik a n\u00f6v\u00e9nyek kiegyens\u00falyozott mikroelem ell\u00e1t\u00e1s\u00e1r\u00f3l.<\/p>\n<p>A nitrog\u00e9n a n\u00f6v\u00e9nyi feh\u00e9rj\u00e9k alapvet\u0151 \u00e9p\u00edt\u0151k\u00f6vek\u00e9nt a mennyis\u00e9gi \u00e9s min\u0151s\u00e9gi param\u00e9terek alapvet\u0151 befoly\u00e1sol\u00f3 eleme. A foszfor a n\u00f6v\u00e9ny sejtjeinek n\u00e9lk\u00fcl\u00f6zhetetlen alkot\u00f3ja. A k\u00e1lium sz\u00e1mos enzim aktiv\u00e1torak\u00e9nt fokozza a term\u00e9sbiztons\u00e1got, fagyt\u0171r\u00e9st, betegs\u00e9gekkel szembeni ellen\u00e1ll\u00f3k\u00e9pess\u00e9get. A vas, a r\u00e9z, a cink \u00e9s a b\u00f3r szerepe sz\u00e9-lesk\u00f6r\u0171, valamennyi elem elengedhetetlen a n\u00f6v\u00e9nyi \u00e9letfolyamatok akad\u00e1lytalan m\u0171k\u00f6d\u00e9s\u00e9hez.<\/p>\n<div id=\"page_artdet_long_desc\" class=\"text_normal\">\n<p>Term\u00e9k \u00f6sszet\u00e9tele (m\/v %))<\/p>\n<p>N: 8 \u00a0P<sub>2<\/sub>O<sub>5: <\/sub>4\u00a0K<sub>2.\u00a0<\/sub>O: 5<\/p>\n<p>Felhaszn\u00e1l\u00e1si javaslat:\u00a0Sz\u00e1nt\u00f3f\u00f6ldi haszn\u00e1latra:<br \/>\nLev\u00e9lkezel\u00e9sre: 3 l\/ha\/alkalom<br \/>\nH\u00e1zikerti haszn\u00e1latra:<br \/>\nlev\u00e9lkezel\u00e9sre: 1-2 %-os t\u00f6m\u00e9nys\u00e9gben (0,05 liter\/100 m2), 2-5 alkalommal az ak-tu\u00e1lis permetez\u00e9sekkel egy\u00fctt<br \/>\ntalajkezel\u00e9sre: a vet\u00e9s vagy pal\u00e1nt\u00e1z\u00e1s el\u0151tt 0.1 liter\/100 m2 mennyis\u00e9gben a talajba bejuttatva haszn\u00e1ljuk<\/p>\n<\/div>\n","protected":false},"featured_media":18750,"comment_status":"closed","ping_status":"closed","template":"","meta":[],"product_brand":[],"product_cat":[389],"product_tag":[],"class_list":{"0":"post-18749","1":"product","2":"type-product","3":"status-publish","4":"has-post-thumbnail","6":"product_cat-fitohorm","8":"first","9":"instock","10":"taxable","11":"shipping-taxable","12":"purchasable","13":"product-type-simple"},"_links":{"self":[{"href":"https:\/\/chilimag.hu\/webshop\/wp-json\/wp\/v2\/product\/18749","targetHints":{"allow":["GET"]}}],"collection":[{"href":"https:\/\/chilimag.hu\/webshop\/wp-json\/wp\/v2\/product"}],"about":[{"href":"https:\/\/chilimag.hu\/webshop\/wp-json\/wp\/v2\/types\/product"}],"replies":[{"embeddable":true,"href":"https:\/\/chilimag.hu\/webshop\/wp-json\/wp\/v2\/comments?post=18749"}],"wp:featuredmedia":[{"embeddable":true,"href":"https:\/\/chilimag.hu\/webshop\/wp-json\/wp\/v2\/media\/18750"}],"wp:attachment":[{"href":"https:\/\/chilimag.hu\/webshop\/wp-json\/wp\/v2\/media?parent=18749"}],"wp:term":[{"taxonomy":"product_brand","embeddable":true,"href":"https:\/\/chilimag.hu\/webshop\/wp-json\/wp\/v2\/product_brand?post=18749"},{"taxonomy":"product_cat","embeddable":true,"href":"https:\/\/chilimag.hu\/webshop\/wp-json\/wp\/v2\/product_cat?post=18749"},{"taxonomy":"product_tag","embeddable":true,"href":"https:\/\/chilimag.hu\/webshop\/wp-json\/wp\/v2\/product_tag?post=18749"}],"curies":[{"name":"wp","href":"https:\/\/api.w.org\/{rel}","templated":true}]}}