{"id":18737,"date":"2022-10-16T18:49:24","date_gmt":"2022-10-16T18:49:24","guid":{"rendered":"https:\/\/chilimag.hu\/webshop\/?post_type=product&#038;p=18737"},"modified":"2025-09-17T16:26:30","modified_gmt":"2025-09-17T16:26:30","slug":"carolina-reaper-purple","status":"publish","type":"product","link":"https:\/\/chilimag.hu\/webshop\/termek\/carolina-reaper-purple\/","title":{"rendered":"Carolina Reaper Purple"},"content":{"rendered":"","protected":false},"excerpt":{"rendered":"<p><img decoding=\"async\" src=\"https:\/\/chilimag.hu\/webshop\/wp-content\/uploads\/2014\/11\/chilimag-logo-2-150x150.jpg\" \/><\/p>\n<p>Le\u00edr\u00e1s<\/p>\n<p>Capsicum chinense<\/p>\n<p>Scouville: 1.500.000-<\/p>\n<p>A Carolina Reaper kiv\u00e1l\u00f3 megjelen\u00e9s\u0171 lila v\u00e1ltozata, szinte s\u00f6t\u00e9tfeket\u00e9n kezd, \u00e9s lassan a s\u00f6t\u00e9tlila \u00e1rnyalatain \u00e1t \u00e9rik, v\u00e9g\u00fcl egy m\u00e9lyv\u00f6r\u00f6ses lil\u00e1v\u00e1. Meglehet\u0151sen magasra n\u0151, \u00e9s rengeteg h\u00fcvely van, de eltarthat egy ideig, am\u00edg elkezdi a paprik\u00e1kat fejleszteni.A Purple Reaper a Carolina Reaper \u00faj v\u00e1ltozata, amelyet Braz\u00edli\u00e1ban fedeztek fel Carlos Jr. Lolot\u00f3l, el\u0151\u00e1ll\u00edtotta a Carolina Reaper lila t\u00f6rzs\u00e9t. A Purple Reaper eddig \u00edz\u00e9ben \u00e9s meleg\u00e9ben hasonl\u00edt a Carolina Reaperhez, \u00e9s szinte megk\u00fcl\u00f6nb\u00f6ztethetetlen t\u0151le. A k\u00fcl\u00f6nbs\u00e9g az, hogy a Purple Reaper lil\u00e1val kezd\u0151dik, majd lassan z\u00f6ldre v\u00e1lt, majd s\u00f6t\u00e9tv\u00f6r\u00f6sre v\u00e1lt, ahogy a h\u00fcvely \u00e9rik.<\/p>\n<p>Gondoz\u00e1sa:A cs\u00edr\u00e1z\u00e1si h\u0151m\u00e9rs\u00e9klet 21 \u00e9s 28\u00b0C k\u00f6z\u00f6tt van (8-20 napos cs\u00edr\u00e1z\u00e1si id\u0151szak), ez\u00e9rt \u00fcvegh\u00e1z \u00e9s f\u0171t\u0151sz\u0151nyeg haszn\u00e1lata javasolt. A n\u00f6v\u00e9nyeknek friss, j\u00f3l tr\u00e1gy\u00e1zott, v\u00edz\u00e1tereszt\u0151 talajra van sz\u00fcks\u00e9g\u00fck, nem t\u0171rik a bevizesed\u00e9st. Napos, v\u00e9dett helyre \u00fcltess\u00fck, ahol legal\u00e1bb 6 \u00f3ra \u2013 lehet\u0151leg t\u00f6bb \u2013 napf\u00e9ny \u00e9ri. Tedd ki a n\u00f6v\u00e9nyeket kb. 2-3 h\u00e9ttel az utols\u00f3 fagy ut\u00e1n.<\/p>\n<p>A csomag 10 szem magot tartalmaz<\/p>\n","protected":false},"featured_media":18738,"comment_status":"closed","ping_status":"closed","template":"","meta":[],"product_brand":[],"product_cat":[8],"product_tag":[],"class_list":{"0":"post-18737","1":"product","2":"type-product","3":"status-publish","4":"has-post-thumbnail","6":"product_cat-paprika","8":"first","9":"outofstock","10":"taxable","11":"shipping-taxable","12":"purchasable","13":"product-type-simple"},"_links":{"self":[{"href":"https:\/\/chilimag.hu\/webshop\/wp-json\/wp\/v2\/product\/18737","targetHints":{"allow":["GET"]}}],"collection":[{"href":"https:\/\/chilimag.hu\/webshop\/wp-json\/wp\/v2\/product"}],"about":[{"href":"https:\/\/chilimag.hu\/webshop\/wp-json\/wp\/v2\/types\/product"}],"replies":[{"embeddable":true,"href":"https:\/\/chilimag.hu\/webshop\/wp-json\/wp\/v2\/comments?post=18737"}],"wp:featuredmedia":[{"embeddable":true,"href":"https:\/\/chilimag.hu\/webshop\/wp-json\/wp\/v2\/media\/18738"}],"wp:attachment":[{"href":"https:\/\/chilimag.hu\/webshop\/wp-json\/wp\/v2\/media?parent=18737"}],"wp:term":[{"taxonomy":"product_brand","embeddable":true,"href":"https:\/\/chilimag.hu\/webshop\/wp-json\/wp\/v2\/product_brand?post=18737"},{"taxonomy":"product_cat","embeddable":true,"href":"https:\/\/chilimag.hu\/webshop\/wp-json\/wp\/v2\/product_cat?post=18737"},{"taxonomy":"product_tag","embeddable":true,"href":"https:\/\/chilimag.hu\/webshop\/wp-json\/wp\/v2\/product_tag?post=18737"}],"curies":[{"name":"wp","href":"https:\/\/api.w.org\/{rel}","templated":true}]}}