{"id":18730,"date":"2022-10-16T18:35:40","date_gmt":"2022-10-16T18:35:40","guid":{"rendered":"https:\/\/chilimag.hu\/webshop\/?post_type=product&#038;p=18730"},"modified":"2025-08-11T07:50:19","modified_gmt":"2025-08-11T07:50:19","slug":"big-yellow-mama","status":"publish","type":"product","link":"https:\/\/chilimag.hu\/webshop\/termek\/big-yellow-mama\/","title":{"rendered":"Big Yellow Mama"},"content":{"rendered":"","protected":false},"excerpt":{"rendered":"<p><img decoding=\"async\" src=\"https:\/\/chilimag.hu\/webshop\/wp-content\/uploads\/2014\/11\/chilimag-logo-2-150x150.jpg\" \/><\/p>\n<p>Le\u00edr\u00e1s<\/p>\n<p>Capsicum chinese<\/p>\n<p>Scouville:1.000.000-<\/p>\n<p>A Big Yellow Mama paprika a Big Red Mama \u00e9s a Big Black Mama s\u00e1rga v\u00e1ltozata, amelyet Troy Pimeaux kert\u00e9sz \u00e9s termeszt\u0151 alkotott meg, aki az \u00f6rd\u00f6gi 7 Pot Primo-t is termesztette.<\/p>\n<p>Ezek a paprikan\u00f6v\u00e9nyek ak\u00e1r 4 l\u00e1b magasra is megn\u0151nek, \u00e9s nagyszer\u0171 term\u00e9st adnak ezekb\u0151l a vad cs\u00edp\u0151s paprik\u00e1kb\u00f3l. A Big Yellow Mama h\u00fcvelyei massz\u00edvak, 2-3 h\u00fcvelyk, \u00e9s egyes h\u00fcvelyek sima h\u00e9j\u00faak, m\u00e1sok pedig dudoros szerkezet\u0171ek. A paprika \u00fagy n\u00e9z ki, mint a Yellow Ghost \u00e9s a Fatalii, amelyek szint\u00e9n hihetetlen cs\u00edp\u0151s paprik\u00e1k. Ez egy \u00fajabb v\u00e1ltozat, \u00edgy bizonytalanok vagyunk a stabilit\u00e1sban.<\/p>\n<p>A Big Yellow Mama alacsonyabb h\u0151fok\u00fa, mint a Big Black Mama \u00e9s a Big Red Mama, de fogadhatunk, hogy \u00edgy is hatalmas \u00fct\u00e9st fog adni. Mint a legt\u00f6bb s\u00e1rga cs\u00edp\u0151s paprika, ennek is citrusos, gy\u00fcm\u00f6lcs\u00f6s \u00edze van, ami csod\u00e1latosan haszn\u00e1lhat\u00f3 cs\u00edp\u0151s sz\u00f3szokhoz \u00e9s p\u00e1cokhoz.<\/p>\n<p>Gondoz\u00e1sa:A cs\u00edr\u00e1z\u00e1si h\u0151m\u00e9rs\u00e9klet 20 \u00e9s 28\u00b0C k\u00f6z\u00f6tt van (7-20 napos cs\u00edr\u00e1z\u00e1si id\u0151), ez\u00e9rt \u00fcvegh\u00e1z \u00e9s f\u0171t\u0151sz\u0151nyeg haszn\u00e1lata javasolt. A n\u00f6v\u00e9nyeknek friss, j\u00f3l tr\u00e1gy\u00e1zott, v\u00edz\u00e1tereszt\u0151 talajra van sz\u00fcks\u00e9g\u00fck, nem t\u0171rik a bevizesed\u00e9st. Napos, v\u00e9dett helyre \u00fcltess\u00fck, ahol legal\u00e1bb 6 \u00f3ra \u2013 lehet\u0151leg t\u00f6bb \u2013 napf\u00e9ny \u00e9ri. Tedd ki a n\u00f6v\u00e9nyeket kb. 2-3 h\u00e9ttel az utols\u00f3 fagy ut\u00e1n.<\/p>\n<p>A csomag 10 szem magot tartalmaz<\/p>\n","protected":false},"featured_media":18731,"comment_status":"closed","ping_status":"closed","template":"","meta":[],"product_brand":[],"product_cat":[8],"product_tag":[],"class_list":{"0":"post-18730","1":"product","2":"type-product","3":"status-publish","4":"has-post-thumbnail","6":"product_cat-paprika","8":"first","9":"instock","10":"taxable","11":"shipping-taxable","12":"purchasable","13":"product-type-simple"},"_links":{"self":[{"href":"https:\/\/chilimag.hu\/webshop\/wp-json\/wp\/v2\/product\/18730","targetHints":{"allow":["GET"]}}],"collection":[{"href":"https:\/\/chilimag.hu\/webshop\/wp-json\/wp\/v2\/product"}],"about":[{"href":"https:\/\/chilimag.hu\/webshop\/wp-json\/wp\/v2\/types\/product"}],"replies":[{"embeddable":true,"href":"https:\/\/chilimag.hu\/webshop\/wp-json\/wp\/v2\/comments?post=18730"}],"wp:featuredmedia":[{"embeddable":true,"href":"https:\/\/chilimag.hu\/webshop\/wp-json\/wp\/v2\/media\/18731"}],"wp:attachment":[{"href":"https:\/\/chilimag.hu\/webshop\/wp-json\/wp\/v2\/media?parent=18730"}],"wp:term":[{"taxonomy":"product_brand","embeddable":true,"href":"https:\/\/chilimag.hu\/webshop\/wp-json\/wp\/v2\/product_brand?post=18730"},{"taxonomy":"product_cat","embeddable":true,"href":"https:\/\/chilimag.hu\/webshop\/wp-json\/wp\/v2\/product_cat?post=18730"},{"taxonomy":"product_tag","embeddable":true,"href":"https:\/\/chilimag.hu\/webshop\/wp-json\/wp\/v2\/product_tag?post=18730"}],"curies":[{"name":"wp","href":"https:\/\/api.w.org\/{rel}","templated":true}]}}