{"id":18712,"date":"2022-10-15T05:44:38","date_gmt":"2022-10-15T05:44:38","guid":{"rendered":"https:\/\/chilimag.hu\/webshop\/?post_type=product&#038;p=18712"},"modified":"2026-02-27T12:17:42","modified_gmt":"2026-02-27T12:17:42","slug":"uborka-nyugat-indiai-liso-calcuta-b-s","status":"publish","type":"product","link":"https:\/\/chilimag.hu\/webshop\/termek\/uborka-nyugat-indiai-liso-calcuta-b-s\/","title":{"rendered":"Uborka ( Nyugat indiai Liso Calcuta) B-S"},"content":{"rendered":"","protected":false},"excerpt":{"rendered":"<p><img decoding=\"async\" src=\"https:\/\/chilimag.hu\/webshop\/wp-content\/uploads\/2022\/10\/bobby-seeds-test-logo-150x150.png\" \/><\/p>\n<p>Term\u00e9kinform\u00e1ci\u00f3 &#8222;Liso Calcuta Antilles Cucumber&#8221;<\/p>\n<p>Dekorat\u00edv, vil\u00e1gosz\u00f6ld fajta, \u00e9retten nagyon j\u00f3l tart, m\u00e9g a sz\u00edne is megmarad.A Liso Calcuta l\u00e9nyegesen nagyobb term\u00e9st hoz, mint a C. anguria faj, ez\u00e9rt k\u00fcl\u00f6n\u00f6sen alkalmas a konyh\u00e1ra. A Liso Calcuta \u00fagy k\u00e9sz\u00edthet\u0151 el, mint az uborka, \u00e9s v\u00e1ltozatoss\u00e1 teszi az \u00e9tlapot<\/p>\n<p>Cucumis anguria<br \/>\n\u00c9rlel\u00e9si id\u0151: 100 nap<br \/>\nA rangsorol\u00e1si viselked\u00e9s m\u00e9rs\u00e9kelt<br \/>\nA Liso Calcuta fogyaszt\u00e1sra alkalmas<br \/>\nAz el\u0151kult\u00fara a m\u00e1rciusi vet\u00e9ssel az \u00fcvegh\u00e1zban, majd az ut\u00f3lagos \u00fcltet\u00e9ssel hozza a legjobb eredm\u00e9nyt. Szabadf\u00f6ldi termeszt\u00e9s lehets\u00e9ges, lehet\u0151leg mulcsf\u00f3li\u00e1n.<\/p>\n<p>Javasoljuk, hogy a sz\u0151l\u0151t ker\u00edt\u00e9sre nevelj\u00fck, a term\u00e9s tiszta marad \u00e9s k\u00f6nnyebben sz\u00fcretelhet\u0151.<\/p>\n<p>K\u00fcl\u00f6nleges lehets\u00e9ges k\u00e1rtev\u0151k nem ismertek.<\/p>\n<p>A csomag 10 szem magot tartalmaz<\/p>\n","protected":false},"featured_media":18713,"comment_status":"closed","ping_status":"closed","template":"","meta":[],"product_brand":[],"product_cat":[346],"product_tag":[],"class_list":{"0":"post-18712","1":"product","2":"type-product","3":"status-publish","4":"has-post-thumbnail","6":"product_cat-cukkini-patiszon-uborka","8":"first","9":"instock","10":"taxable","11":"shipping-taxable","12":"purchasable","13":"product-type-simple"},"_links":{"self":[{"href":"https:\/\/chilimag.hu\/webshop\/wp-json\/wp\/v2\/product\/18712","targetHints":{"allow":["GET"]}}],"collection":[{"href":"https:\/\/chilimag.hu\/webshop\/wp-json\/wp\/v2\/product"}],"about":[{"href":"https:\/\/chilimag.hu\/webshop\/wp-json\/wp\/v2\/types\/product"}],"replies":[{"embeddable":true,"href":"https:\/\/chilimag.hu\/webshop\/wp-json\/wp\/v2\/comments?post=18712"}],"wp:featuredmedia":[{"embeddable":true,"href":"https:\/\/chilimag.hu\/webshop\/wp-json\/wp\/v2\/media\/18713"}],"wp:attachment":[{"href":"https:\/\/chilimag.hu\/webshop\/wp-json\/wp\/v2\/media?parent=18712"}],"wp:term":[{"taxonomy":"product_brand","embeddable":true,"href":"https:\/\/chilimag.hu\/webshop\/wp-json\/wp\/v2\/product_brand?post=18712"},{"taxonomy":"product_cat","embeddable":true,"href":"https:\/\/chilimag.hu\/webshop\/wp-json\/wp\/v2\/product_cat?post=18712"},{"taxonomy":"product_tag","embeddable":true,"href":"https:\/\/chilimag.hu\/webshop\/wp-json\/wp\/v2\/product_tag?post=18712"}],"curies":[{"name":"wp","href":"https:\/\/api.w.org\/{rel}","templated":true}]}}