{"id":18710,"date":"2022-10-15T05:40:09","date_gmt":"2022-10-15T05:40:09","guid":{"rendered":"https:\/\/chilimag.hu\/webshop\/?post_type=product&#038;p=18710"},"modified":"2026-05-10T05:44:53","modified_gmt":"2026-05-10T05:44:53","slug":"egerdinnye-mexikoi-datolyauborka-b-s","status":"publish","type":"product","link":"https:\/\/chilimag.hu\/webshop\/termek\/egerdinnye-mexikoi-datolyauborka-b-s\/","title":{"rendered":"Eg\u00e9rdinnye-Mexik\u00f3i datolyauborka B-S"},"content":{"rendered":"","protected":false},"excerpt":{"rendered":"<p><img decoding=\"async\" src=\"https:\/\/chilimag.hu\/webshop\/wp-content\/uploads\/2022\/10\/bobby-seeds-test-logo-150x150.png\" \/><\/p>\n<p>&nbsp;<\/p>\n<p>Term\u00e9kinform\u00e1ci\u00f3k &#8222;Mouse Cucumber Melothria&#8221;<\/p>\n<p>Az eg\u00e9ruborkak\u00e9nt ismert gy\u00fcm\u00f6lcs\u00f6k k\u00f6r\u00fclbel\u00fcl 3-4 cm-esre n\u0151nek, \u00edze enyh\u00e9n savanyk\u00e1s, tart\u00f3s\u00edtva k\u00fcl\u00f6nlegess\u00e9gnek sz\u00e1m\u00edt.<\/p>\n<p>Melothria scabra<br \/>\nAz el\u0151kult\u00fara m\u00e1rcius v\u00e9g\u00e9t\u0151l a legk\u00f6nnyebb. \u00dcltet\u00e9s m\u00e1jus k\u00f6zep\u00e9t\u0151l. A betakar\u00edt\u00e1s j\u00faliusban kezd\u0151dik.<\/p>\n<p>Helyig\u00e9ny: 1 m\u00b2\/n\u00f6v\u00e9ny<\/p>\n<p>A csomag 10 szem magot tartalmaz<\/p>\n","protected":false},"featured_media":18711,"comment_status":"closed","ping_status":"closed","template":"","meta":[],"product_brand":[],"product_cat":[346],"product_tag":[],"class_list":{"0":"post-18710","1":"product","2":"type-product","3":"status-publish","4":"has-post-thumbnail","6":"product_cat-cukkini-patiszon-uborka","8":"first","9":"instock","10":"taxable","11":"shipping-taxable","12":"purchasable","13":"product-type-simple"},"_links":{"self":[{"href":"https:\/\/chilimag.hu\/webshop\/wp-json\/wp\/v2\/product\/18710","targetHints":{"allow":["GET"]}}],"collection":[{"href":"https:\/\/chilimag.hu\/webshop\/wp-json\/wp\/v2\/product"}],"about":[{"href":"https:\/\/chilimag.hu\/webshop\/wp-json\/wp\/v2\/types\/product"}],"replies":[{"embeddable":true,"href":"https:\/\/chilimag.hu\/webshop\/wp-json\/wp\/v2\/comments?post=18710"}],"wp:featuredmedia":[{"embeddable":true,"href":"https:\/\/chilimag.hu\/webshop\/wp-json\/wp\/v2\/media\/18711"}],"wp:attachment":[{"href":"https:\/\/chilimag.hu\/webshop\/wp-json\/wp\/v2\/media?parent=18710"}],"wp:term":[{"taxonomy":"product_brand","embeddable":true,"href":"https:\/\/chilimag.hu\/webshop\/wp-json\/wp\/v2\/product_brand?post=18710"},{"taxonomy":"product_cat","embeddable":true,"href":"https:\/\/chilimag.hu\/webshop\/wp-json\/wp\/v2\/product_cat?post=18710"},{"taxonomy":"product_tag","embeddable":true,"href":"https:\/\/chilimag.hu\/webshop\/wp-json\/wp\/v2\/product_tag?post=18710"}],"curies":[{"name":"wp","href":"https:\/\/api.w.org\/{rel}","templated":true}]}}