{"id":18681,"date":"2022-10-14T16:19:02","date_gmt":"2022-10-14T16:19:02","guid":{"rendered":"https:\/\/chilimag.hu\/webshop\/?post_type=product&#038;p=18681"},"modified":"2025-10-11T15:06:51","modified_gmt":"2025-10-11T15:06:51","slug":"paradicsom-fiammante-bio-b-s","status":"publish","type":"product","link":"https:\/\/chilimag.hu\/webshop\/termek\/paradicsom-fiammante-bio-b-s\/","title":{"rendered":"Fiammante Bio B-S Paradicsom"},"content":{"rendered":"","protected":false},"excerpt":{"rendered":"<p><img decoding=\"async\" src=\"https:\/\/chilimag.hu\/webshop\/wp-content\/uploads\/2022\/10\/bobby-seeds-test-logo-150x150.png\" \/><\/p>\n<p>&nbsp;<\/p>\n<p>Term\u00e9kinform\u00e1ci\u00f3 &#8222;Tomato Fiammante ORGANIC&#8221;<\/p>\n<p>A r\u00f3zsasz\u00edn-r\u00f3zsasz\u00edn sz\u00edn mellett felt\u0171n\u0151 ennek a fajt\u00e1nak a hossz\u00fak\u00e1s hegyes tasak form\u00e1ja. A gy\u00fcm\u00f6lcs\u00f6k s\u00falya el\u00e9rheti a 200 grammot. A n\u00f6v\u00e9nyek meglehet\u0151sen er\u0151sek \u00e9s term\u00e9kenyek. Ennek a beefsteak paradicsomnak az \u00edze friss \u00e9s arom\u00e1s, nem olyan intenz\u00edv, mint az \u00f6k\u00f6rsz\u00edv\u00e9.<\/p>\n<p>Solanum lycopersicon<br \/>\n\u00dcltet\u00e9si t\u00e1vols\u00e1g: kb 80 x 60 cm<br \/>\nN\u00f6v\u00e9nymagass\u00e1g kb.2 m, nagyon er\u0151teljes, c\u00f6vek sz\u00fcks\u00e9gesek<\/p>\n<p>Paradicsom tipp:<br \/>\nSoha ne \u00f6nt\u00f6zz\u00fck a n\u00f6v\u00e9nyeket csaphideg v\u00edzzel, a v\u00edznek legal\u00e1bb szobah\u0151m\u00e9rs\u00e9klet\u0171nek kell lennie. Mindig \u00fcgyeljen arra, hogy a levelek sz\u00e1razak legyenek, hogy cs\u00f6kkentse a paradicsom rothad\u00e1s\u00e1nak es\u00e9ly\u00e9t.<\/p>\n<p>A csomag 10 szem magot tartalmaz<\/p>\n","protected":false},"featured_media":18683,"comment_status":"closed","ping_status":"closed","template":"","meta":[],"product_brand":[],"product_cat":[10],"product_tag":[],"class_list":{"0":"post-18681","1":"product","2":"type-product","3":"status-publish","4":"has-post-thumbnail","6":"product_cat-paradicsom","8":"first","9":"instock","10":"taxable","11":"shipping-taxable","12":"purchasable","13":"product-type-simple"},"_links":{"self":[{"href":"https:\/\/chilimag.hu\/webshop\/wp-json\/wp\/v2\/product\/18681","targetHints":{"allow":["GET"]}}],"collection":[{"href":"https:\/\/chilimag.hu\/webshop\/wp-json\/wp\/v2\/product"}],"about":[{"href":"https:\/\/chilimag.hu\/webshop\/wp-json\/wp\/v2\/types\/product"}],"replies":[{"embeddable":true,"href":"https:\/\/chilimag.hu\/webshop\/wp-json\/wp\/v2\/comments?post=18681"}],"wp:featuredmedia":[{"embeddable":true,"href":"https:\/\/chilimag.hu\/webshop\/wp-json\/wp\/v2\/media\/18683"}],"wp:attachment":[{"href":"https:\/\/chilimag.hu\/webshop\/wp-json\/wp\/v2\/media?parent=18681"}],"wp:term":[{"taxonomy":"product_brand","embeddable":true,"href":"https:\/\/chilimag.hu\/webshop\/wp-json\/wp\/v2\/product_brand?post=18681"},{"taxonomy":"product_cat","embeddable":true,"href":"https:\/\/chilimag.hu\/webshop\/wp-json\/wp\/v2\/product_cat?post=18681"},{"taxonomy":"product_tag","embeddable":true,"href":"https:\/\/chilimag.hu\/webshop\/wp-json\/wp\/v2\/product_tag?post=18681"}],"curies":[{"name":"wp","href":"https:\/\/api.w.org\/{rel}","templated":true}]}}