{"id":18679,"date":"2022-10-14T16:11:24","date_gmt":"2022-10-14T16:11:24","guid":{"rendered":"https:\/\/chilimag.hu\/webshop\/?post_type=product&#038;p=18679"},"modified":"2026-01-27T09:49:13","modified_gmt":"2026-01-27T09:49:13","slug":"paradicsom-liguria-bio-b-s","status":"publish","type":"product","link":"https:\/\/chilimag.hu\/webshop\/termek\/paradicsom-liguria-bio-b-s\/","title":{"rendered":"Liguria Bio B-S Paradicsom"},"content":{"rendered":"","protected":false},"excerpt":{"rendered":"<p><img decoding=\"async\" src=\"https:\/\/chilimag.hu\/webshop\/wp-content\/uploads\/2022\/10\/bobby-seeds-test-logo-150x150.png\" \/><\/p>\n<p>Term\u00e9kinform\u00e1ci\u00f3 &#8222;Tomato Liguria ORGANIC&#8221;<\/p>\n<p>Zs\u00e1k alak\u00fa \u00f6k\u00f6rsz\u00edv paradicsom<\/p>\n<p>A Liguria egy b\u00edbor fajta az \u00f6k\u00f6rsz\u00edv paradicsom csoportb\u00f3l. A nagyon \u00edzletes gy\u00fcm\u00f6lcs\u00f6k egy\u00e9rtelm\u0171en bar\u00e1zd\u00e1ltak, \u00e9s 120-300 gramm k\u00f6r\u00fcli t\u00f6meg\u00fckkel nem olyan nehezek, mint a szok\u00e1sos \u00f6k\u00f6rsz\u00edvek. Liguria v\u00e9dett ter\u00fcleteken vir\u00e1gzik az \u00fcvegh\u00e1zakban \u00e9s a szabadban egyar\u00e1nt. A 2 hajt\u00e1sos teny\u00e9szet Liguri\u00e1ra aj\u00e1nlott, kor\u00e1n metszeni, majd 2 hajt\u00e1st nyissa ki \u00e9s cs\u00edpjen meg.<\/p>\n<p>Solanum lycopersicum<br \/>\nA betakar\u00edt\u00e1s augusztus elej\u00e9t\u0151l szeptemberig tart<br \/>\nVet\u00e9s 20-25 \u00b0C-on febru\u00e1rt\u00f3l \u00e1prilisig, majd el\u0151teny\u00e9szt\u00e9s<\/p>\n<p>Paradicsom tipp:<br \/>\nSoha ne \u00f6nt\u00f6zz\u00fck a n\u00f6v\u00e9nyeket csaphideg v\u00edzzel, a v\u00edznek legal\u00e1bb szobah\u0151m\u00e9rs\u00e9klet\u0171nek kell lennie. Mindig \u00fcgyeljen arra, hogy a levelek sz\u00e1razak legyenek, hogy cs\u00f6kkentse a paradicsom rothad\u00e1s\u00e1nak es\u00e9ly\u00e9t.<\/p>\n<p>A csomag 10 szem magot tartalmaz<\/p>\n","protected":false},"featured_media":18680,"comment_status":"closed","ping_status":"closed","template":"","meta":[],"product_brand":[],"product_cat":[10],"product_tag":[],"class_list":{"0":"post-18679","1":"product","2":"type-product","3":"status-publish","4":"has-post-thumbnail","6":"product_cat-paradicsom","8":"first","9":"outofstock","10":"taxable","11":"shipping-taxable","12":"purchasable","13":"product-type-simple"},"_links":{"self":[{"href":"https:\/\/chilimag.hu\/webshop\/wp-json\/wp\/v2\/product\/18679","targetHints":{"allow":["GET"]}}],"collection":[{"href":"https:\/\/chilimag.hu\/webshop\/wp-json\/wp\/v2\/product"}],"about":[{"href":"https:\/\/chilimag.hu\/webshop\/wp-json\/wp\/v2\/types\/product"}],"replies":[{"embeddable":true,"href":"https:\/\/chilimag.hu\/webshop\/wp-json\/wp\/v2\/comments?post=18679"}],"wp:featuredmedia":[{"embeddable":true,"href":"https:\/\/chilimag.hu\/webshop\/wp-json\/wp\/v2\/media\/18680"}],"wp:attachment":[{"href":"https:\/\/chilimag.hu\/webshop\/wp-json\/wp\/v2\/media?parent=18679"}],"wp:term":[{"taxonomy":"product_brand","embeddable":true,"href":"https:\/\/chilimag.hu\/webshop\/wp-json\/wp\/v2\/product_brand?post=18679"},{"taxonomy":"product_cat","embeddable":true,"href":"https:\/\/chilimag.hu\/webshop\/wp-json\/wp\/v2\/product_cat?post=18679"},{"taxonomy":"product_tag","embeddable":true,"href":"https:\/\/chilimag.hu\/webshop\/wp-json\/wp\/v2\/product_tag?post=18679"}],"curies":[{"name":"wp","href":"https:\/\/api.w.org\/{rel}","templated":true}]}}