{"id":18390,"date":"2022-08-27T05:02:55","date_gmt":"2022-08-27T05:02:55","guid":{"rendered":"https:\/\/chilimag.hu\/webshop\/?post_type=product&#038;p=18390"},"modified":"2023-03-26T18:35:44","modified_gmt":"2023-03-26T18:35:44","slug":"nagyanyaink-mu-es-lombtragyaja","status":"publish","type":"product","link":"https:\/\/chilimag.hu\/webshop\/termek\/nagyanyaink-mu-es-lombtragyaja\/","title":{"rendered":"Nagyany\u00e1ink m\u0171. -\u00e9s lombtr\u00e1gy\u00e1ja"},"content":{"rendered":"","protected":false},"excerpt":{"rendered":"<p>NPK v\u00edzben oldod\u00f3 m\u0171tr\u00e1\u0171gya kert\u00e9szeti felhaszn\u00e1l\u00e1sra NPK (14-7-21) alacsony kl\u00f3rtartalommal.<\/p>\n<p>\u00d6sszet\u00e9tel:m\/m % Nitrog\u00e9: 14. \u00a0 Foszfor: 7. \u00a0 \u00a0K\u00e1lium-oxid: 21<\/p>\n<p>Tartalmaz m\u00e9g:magn\u00e9zium, k\u00e9n, b\u00f3r, vas, mang\u00e1n, molibd\u00e9n, cink.<\/p>\n","protected":false},"featured_media":18392,"comment_status":"closed","ping_status":"closed","template":"","meta":[],"product_brand":[],"product_cat":[391],"product_tag":[],"class_list":{"0":"post-18390","1":"product","2":"type-product","3":"status-publish","4":"has-post-thumbnail","6":"product_cat-egyeb-tapoldatok","8":"first","9":"instock","10":"taxable","11":"shipping-taxable","12":"purchasable","13":"product-type-simple"},"_links":{"self":[{"href":"https:\/\/chilimag.hu\/webshop\/wp-json\/wp\/v2\/product\/18390","targetHints":{"allow":["GET"]}}],"collection":[{"href":"https:\/\/chilimag.hu\/webshop\/wp-json\/wp\/v2\/product"}],"about":[{"href":"https:\/\/chilimag.hu\/webshop\/wp-json\/wp\/v2\/types\/product"}],"replies":[{"embeddable":true,"href":"https:\/\/chilimag.hu\/webshop\/wp-json\/wp\/v2\/comments?post=18390"}],"wp:featuredmedia":[{"embeddable":true,"href":"https:\/\/chilimag.hu\/webshop\/wp-json\/wp\/v2\/media\/18392"}],"wp:attachment":[{"href":"https:\/\/chilimag.hu\/webshop\/wp-json\/wp\/v2\/media?parent=18390"}],"wp:term":[{"taxonomy":"product_brand","embeddable":true,"href":"https:\/\/chilimag.hu\/webshop\/wp-json\/wp\/v2\/product_brand?post=18390"},{"taxonomy":"product_cat","embeddable":true,"href":"https:\/\/chilimag.hu\/webshop\/wp-json\/wp\/v2\/product_cat?post=18390"},{"taxonomy":"product_tag","embeddable":true,"href":"https:\/\/chilimag.hu\/webshop\/wp-json\/wp\/v2\/product_tag?post=18390"}],"curies":[{"name":"wp","href":"https:\/\/api.w.org\/{rel}","templated":true}]}}