{"id":18216,"date":"2022-06-25T16:18:59","date_gmt":"2022-06-25T16:18:59","guid":{"rendered":"https:\/\/chilimag.hu\/webshop\/?post_type=product&#038;p=18216"},"modified":"2025-05-05T17:22:41","modified_gmt":"2025-05-05T17:22:41","slug":"substral-osmocote-hosszu-hatasu-rozsakhoz-es-viragzo-novenyekhez-750g","status":"publish","type":"product","link":"https:\/\/chilimag.hu\/webshop\/termek\/substral-osmocote-hosszu-hatasu-rozsakhoz-es-viragzo-novenyekhez-750g\/","title":{"rendered":"Substral Osmocote hossz\u00fa hat\u00e1s\u00fa R\u00f3zs\u00e1khoz \u00e9s vir\u00e1gz\u00f3 n\u00f6v\u00e9nyekhez 750g"},"content":{"rendered":"","protected":false},"excerpt":{"rendered":"<p>Szab\u00e1lyozott t\u00e1panyag-lead\u00e1s\u00fa granul\u00e1lt m\u0171tr\u00e1gya 6 h\u00f3napos hat\u00f3id\u0151vel. N\u00f6v\u00e9nyegyedenk\u00e9nt vagy a f\u00f6ld mennyis\u00e9g\u00e9t\u0151l f\u00fcgg\u0151en a f\u00f6ldbe keverve haszn\u00e1lhat\u00f3.\u00a0Az \u00e9vente egyszeri haszn\u00e1latnak kett\u0151s hat\u00e1sa van: azonnali \u00e9s 6 h\u00f3napig tart\u00f3 hossz\u00fat\u00e1v\u00fa hat\u00e1s!<\/p>\n<p><strong>T\u00e1panyag:\u00a0<\/strong>NPK(MgO) m\u0171tr\u00e1gya, 22-7-14(-2,5), nyomokban t\u00e1panyagokkal, alacsony kloridtartalm\u00fa.<\/p>\n<p><strong>Alkalmazhat\u00f3: <\/strong>m\u00e1rciust\u00f3l &#8211; j\u00faliusig.<\/p>\n<ul>\n<li>Optim\u00e1lis t\u00e1panyagell\u00e1t\u00e1s magn\u00e9ziummal \u00e9s nyomelemekkel a\u00a0gazdag \u00e9s tart\u00f3s vir\u00e1gz\u00e1s\u00e9rt.<\/li>\n<li>A t\u00e1panyagok a h\u0151m\u00e9rs\u00e9klett\u0151l \u00e9s v\u00edzell\u00e1t\u00e1st\u00f3l f\u00fcgg\u0151en szabadulnak fel, nem lehet\u00a0 t\u00faladagolni.<\/li>\n<li>A t\u00e1panyag felhaszn\u00e1l\u00e1sa ut\u00e1n a gyantaburok lebomlik.<\/li>\n<li>Praktikus adagol\u00f3szerkezettel az egyszer\u0171 haszn\u00e1lat \u00e9rdek\u00e9ben.<\/li>\n<li>Fenntarthat\u00f3 csomagol\u00e1s: doboz 100% -ban \u00fajrahasznos\u00edtott pap\u00edrb\u00f3l.<\/li>\n<li>Visszaz\u00e1rhat\u00f3 tasak a hossz\u00fa eltarthat\u00f3s\u00e1g \u00e9rdek\u00e9ben.<\/li>\n<li>Granul\u00e1lt m\u0171tr\u00e1gya.<\/li>\n<li>EK m\u0171tr\u00e1gya.<\/li>\n<\/ul>\n","protected":false},"featured_media":18219,"comment_status":"closed","ping_status":"closed","template":"","meta":[],"product_brand":[],"product_cat":[391],"product_tag":[],"class_list":{"0":"post-18216","1":"product","2":"type-product","3":"status-publish","4":"has-post-thumbnail","6":"product_cat-egyeb-tapoldatok","8":"first","9":"instock","10":"taxable","11":"shipping-taxable","12":"purchasable","13":"product-type-simple"},"_links":{"self":[{"href":"https:\/\/chilimag.hu\/webshop\/wp-json\/wp\/v2\/product\/18216","targetHints":{"allow":["GET"]}}],"collection":[{"href":"https:\/\/chilimag.hu\/webshop\/wp-json\/wp\/v2\/product"}],"about":[{"href":"https:\/\/chilimag.hu\/webshop\/wp-json\/wp\/v2\/types\/product"}],"replies":[{"embeddable":true,"href":"https:\/\/chilimag.hu\/webshop\/wp-json\/wp\/v2\/comments?post=18216"}],"wp:featuredmedia":[{"embeddable":true,"href":"https:\/\/chilimag.hu\/webshop\/wp-json\/wp\/v2\/media\/18219"}],"wp:attachment":[{"href":"https:\/\/chilimag.hu\/webshop\/wp-json\/wp\/v2\/media?parent=18216"}],"wp:term":[{"taxonomy":"product_brand","embeddable":true,"href":"https:\/\/chilimag.hu\/webshop\/wp-json\/wp\/v2\/product_brand?post=18216"},{"taxonomy":"product_cat","embeddable":true,"href":"https:\/\/chilimag.hu\/webshop\/wp-json\/wp\/v2\/product_cat?post=18216"},{"taxonomy":"product_tag","embeddable":true,"href":"https:\/\/chilimag.hu\/webshop\/wp-json\/wp\/v2\/product_tag?post=18216"}],"curies":[{"name":"wp","href":"https:\/\/api.w.org\/{rel}","templated":true}]}}