{"id":17880,"date":"2022-03-22T18:43:10","date_gmt":"2022-03-22T18:43:10","guid":{"rendered":"https:\/\/chilimag.hu\/webshop\/?post_type=product&#038;p=17880"},"modified":"2026-04-01T13:17:13","modified_gmt":"2026-04-01T13:17:13","slug":"italpollina-4-4-4","status":"publish","type":"product","link":"https:\/\/chilimag.hu\/webshop\/termek\/italpollina-4-4-4\/","title":{"rendered":"Italpollina (4-4-4) 25 kg"},"content":{"rendered":"","protected":false},"excerpt":{"rendered":"<p><strong>BIOGAZD\u00c1LKOD\u00c1SBAN ENGED\u00c9LYEZETT<\/strong><\/p>\n<p>K\u00fcl\u00f6nleges n\u00f6v\u00e9nyi t\u00e1panyag-koncentr\u00e1tum \u00adjelent\u0151s mennyis\u00e9g\u0171 humin-, fulvo- \u00e9s aminosav-vegy\u00fcletet \u00adtartalmaz, mely oldja a talajban tal\u00e1lhat\u00f3 \u00e1sv\u00e1nyi anyagokat.<br \/>\nA n\u00f6v\u00e9ny gy\u00f6kerei a szerves savak seg\u00edts\u00e9g\u00e9vel nagyobb mennyis\u00e9g\u0171 \u00e1sv\u00e1nyi anyagot k\u00e9pesek hasznos\u00edtani. ITALPOLLINA haszn\u00e1lata eset\u00e9n, k\u00fcl\u00f6n\u00f6sen az intenz\u00edv n\u00f6veked\u00e9si id\u0151szakban, hi\u00e1nybetegs\u00e9g-\u00adt\u00fcnetek egy\u00e1ltal\u00e1n nem jelennek meg a n\u00f6v\u00e9nyen.<br \/>\nAlkalmaz\u00e1sa egy\u00e9rtelm\u0171 k\u00f6lts\u00e9gcs\u00f6kkent\u00e9st \u00ad(kisebb m\u0171tr\u00e1gyaig\u00e9ny), term\u00e9smennyis\u00e9g-n\u00f6veked\u00e9st \u00e9s term\u00e9smin\u0151s\u00e9g-javul\u00e1st eredm\u00e9nyez. Javul a n\u00f6v\u00e9nyek stresszt\u0171r\u0151 k\u00e9pess\u00e9ge, t\u00e9l\u00e1ll\u00f3s\u00e1ga, gazdagabb \u00edz- \u00e9s zamatanyagok alakulnak ki, jobb lesz a term\u00e9s vagy a vir\u00e1gzat sz\u00ednez\u0151d\u00e9se. A kisebb m\u0171tr\u00e1gyahaszn\u00e1lat j\u00f3t tesz a talajnak, megakad\u00e1lyozza a szikesed\u00e9st.<\/p>\n<p><strong>ADAGOL\u00c1S:<\/strong> 0,5-3 tonna\/ha<\/p>\n<p><strong>\u00d6SSZET\u00c9TEL<\/strong>:<br \/>\nNitrog\u00e9n, v\u00edzoldhat\u00f3 (N) 4%<br \/>\nFoszfor, v\u00edzoldhat\u00f3 (P<sub>2<\/sub>O<sub>2<\/sub>) 4%<br \/>\nK\u00e1lium, v\u00edzoldhat\u00f3 (K<sub>2<\/sub>O) 4%<br \/>\nKalcium, v\u00edzoldhat\u00f3 (CaO) 7%<br \/>\nMagn\u00e9zium, v\u00edzoldhat\u00f3 (MgO) 0,5%<br \/>\nSzerves eredet\u0171 sz\u00e9n (C) 41%<br \/>\nSzervesanyag-tartalom 70,7%<br \/>\nHasznos talajlak\u00f3 bakt\u00e9rium 1milli\u00f3\/1 g<br \/>\nHuminsavak 5%<br \/>\nFulvosavak 12%<br \/>\nNedvess\u00e9gtartalom 12%<br \/>\npH 7<br \/>\nPellet m\u00e9ret 3 mm<\/p>\n<p><strong>KISZEREL\u00c9S:<\/strong> 25 kg, 550 kg<\/p>\n","protected":false},"featured_media":17881,"comment_status":"closed","ping_status":"closed","template":"","meta":[],"product_brand":[],"product_cat":[391],"product_tag":[],"class_list":{"0":"post-17880","1":"product","2":"type-product","3":"status-publish","4":"has-post-thumbnail","6":"product_cat-egyeb-tapoldatok","8":"first","9":"instock","10":"taxable","11":"shipping-taxable","12":"purchasable","13":"product-type-simple"},"_links":{"self":[{"href":"https:\/\/chilimag.hu\/webshop\/wp-json\/wp\/v2\/product\/17880","targetHints":{"allow":["GET"]}}],"collection":[{"href":"https:\/\/chilimag.hu\/webshop\/wp-json\/wp\/v2\/product"}],"about":[{"href":"https:\/\/chilimag.hu\/webshop\/wp-json\/wp\/v2\/types\/product"}],"replies":[{"embeddable":true,"href":"https:\/\/chilimag.hu\/webshop\/wp-json\/wp\/v2\/comments?post=17880"}],"wp:featuredmedia":[{"embeddable":true,"href":"https:\/\/chilimag.hu\/webshop\/wp-json\/wp\/v2\/media\/17881"}],"wp:attachment":[{"href":"https:\/\/chilimag.hu\/webshop\/wp-json\/wp\/v2\/media?parent=17880"}],"wp:term":[{"taxonomy":"product_brand","embeddable":true,"href":"https:\/\/chilimag.hu\/webshop\/wp-json\/wp\/v2\/product_brand?post=17880"},{"taxonomy":"product_cat","embeddable":true,"href":"https:\/\/chilimag.hu\/webshop\/wp-json\/wp\/v2\/product_cat?post=17880"},{"taxonomy":"product_tag","embeddable":true,"href":"https:\/\/chilimag.hu\/webshop\/wp-json\/wp\/v2\/product_tag?post=17880"}],"curies":[{"name":"wp","href":"https:\/\/api.w.org\/{rel}","templated":true}]}}