{"id":16878,"date":"2022-01-28T13:45:50","date_gmt":"2022-01-28T13:45:50","guid":{"rendered":"https:\/\/chilimag.hu\/webshop\/?post_type=product&#038;p=16878"},"modified":"2026-01-16T14:34:03","modified_gmt":"2026-01-16T14:34:03","slug":"paradicsom-pedro-f1","status":"publish","type":"product","link":"https:\/\/chilimag.hu\/webshop\/termek\/paradicsom-pedro-f1\/","title":{"rendered":"Pedro  F1 Paradicsom M-S"},"content":{"rendered":"","protected":false},"excerpt":{"rendered":"<p><img decoding=\"async\" src=\"https:\/\/chilimag.hu\/webshop\/wp-content\/uploads\/2014\/11\/chilimag-logo-2-150x150.jpg\" \/><\/p>\n<p>&nbsp;<\/p>\n<p>Le\u00edr\u00e1s<\/p>\n<p>A \u00a0Pedro F1 egy belt\u00e9ri kordonfajta. A kem\u00e9ny, j\u00f3 \u00edz\u0171, k\u00f6zepes m\u00e9ret\u0171, egyenk\u00e9nt legfeljebb 140 g (5 uncia) s\u00faly\u00fa gy\u00fcm\u00f6lcs\u00f6k ellen\u00e1llnak a hasad\u00e1snak \u00e9s ide\u00e1lisak a szeletel\u00e9shez. Ezek az \u00e9l\u00e9nkpiros paradicsomok nagyon l\u00e9d\u00fasak \u00e9s \u00e9des, \u00edzletes \u00edz\u0171ek. Gyorsan \u00e9s er\u0151sen n\u0151nek 2 m\u00e9teresre.<\/p>\n<p>Folyton n\u00f6v\u0151 paradicsomfajta<\/p>\n<p>\u00c1tlagt\u00f6meg: 100-120 gramm<\/p>\n<p>Zamatos bogy\u00f3ja \u00e9l\u00e9nkpiros, g\u00f6mb\u00f6ly\u0171, f\u00fcrtben szedhet\u0151<\/p>\n<p>Hajtat\u00e1sban \u00e9s szabadf\u00f6ld\u00f6n is termeszthet\u0151<\/p>\n<p>J\u00f3l t\u00e1rolhat\u00f3 fajta<\/p>\n<p>Gondoz\u00e1sa:: A\u00a0paradicsomot, \u00fcvegh\u00e1zban vagy a szabadban termesztheti. Az optim\u00e1lis cs\u00edr\u00e1z\u00e1si h\u0151m\u00e9rs\u00e9klet 20 \u00e9s 25\u00b0C k\u00f6z\u00f6tt van, a cs\u00edr\u00e1z\u00e1s 8-14 nap ut\u00e1n k\u00f6vetkezik be. Felgyors\u00edthatja a cs\u00edr\u00e1z\u00e1si folyamatot, ha a magokat egy \u00e9jszak\u00e1n \u00e1t nedves ruh\u00e1ban hagyja \u00e1zni. V\u00e1rjon az utols\u00f3 fagy ut\u00e1n a kiv\u00e1lasztott n\u00f6v\u00e9nyek \u00fcltet\u00e9s\u00e9vel.<\/p>\n<p>A paradicsomnak friss, j\u00f3l tr\u00e1gy\u00e1zott, v\u00edz\u00e1tereszt\u0151 talajra van sz\u00fcks\u00e9ge, amelyet nedvesen (de nem nedvesen!) kell tartani. Napos, v\u00e9dett helyre \u00fcltess\u00fck, ahol legal\u00e1bb 6 \u00f3ra \u2013 lehet\u0151leg t\u00f6bb \u00a0napf\u00e9ny \u00e9ri.<\/p>\n<p>A csomag 10 szem magot tartalmaz<\/p>\n","protected":false},"featured_media":16879,"comment_status":"closed","ping_status":"closed","template":"","meta":[],"product_brand":[],"product_cat":[10],"product_tag":[],"class_list":{"0":"post-16878","1":"product","2":"type-product","3":"status-publish","4":"has-post-thumbnail","6":"product_cat-paradicsom","8":"first","9":"instock","10":"taxable","11":"shipping-taxable","12":"purchasable","13":"product-type-simple"},"_links":{"self":[{"href":"https:\/\/chilimag.hu\/webshop\/wp-json\/wp\/v2\/product\/16878","targetHints":{"allow":["GET"]}}],"collection":[{"href":"https:\/\/chilimag.hu\/webshop\/wp-json\/wp\/v2\/product"}],"about":[{"href":"https:\/\/chilimag.hu\/webshop\/wp-json\/wp\/v2\/types\/product"}],"replies":[{"embeddable":true,"href":"https:\/\/chilimag.hu\/webshop\/wp-json\/wp\/v2\/comments?post=16878"}],"wp:featuredmedia":[{"embeddable":true,"href":"https:\/\/chilimag.hu\/webshop\/wp-json\/wp\/v2\/media\/16879"}],"wp:attachment":[{"href":"https:\/\/chilimag.hu\/webshop\/wp-json\/wp\/v2\/media?parent=16878"}],"wp:term":[{"taxonomy":"product_brand","embeddable":true,"href":"https:\/\/chilimag.hu\/webshop\/wp-json\/wp\/v2\/product_brand?post=16878"},{"taxonomy":"product_cat","embeddable":true,"href":"https:\/\/chilimag.hu\/webshop\/wp-json\/wp\/v2\/product_cat?post=16878"},{"taxonomy":"product_tag","embeddable":true,"href":"https:\/\/chilimag.hu\/webshop\/wp-json\/wp\/v2\/product_tag?post=16878"}],"curies":[{"name":"wp","href":"https:\/\/api.w.org\/{rel}","templated":true}]}}