{"id":16841,"date":"2022-01-26T20:28:11","date_gmt":"2022-01-26T20:28:11","guid":{"rendered":"https:\/\/chilimag.hu\/webshop\/?post_type=product&#038;p=16841"},"modified":"2026-01-27T08:07:24","modified_gmt":"2026-01-27T08:07:24","slug":"etiop-padlizsan-keseru-paradicsom-h-ht","status":"publish","type":"product","link":"https:\/\/chilimag.hu\/webshop\/termek\/etiop-padlizsan-keseru-paradicsom-h-ht\/","title":{"rendered":"Eti\u00f3p padlizs\u00e1n ( Keser\u0171 paradicsom) Ht H"},"content":{"rendered":"","protected":false},"excerpt":{"rendered":"<p><img decoding=\"async\" class=\"img-responsive\" title=\"Horti Tops\" src=\"https:\/\/tuinplus.nl\/Documents\/Images\/Banners\/Horti_Tops_Roll_Over.jpg\" alt=\"Horti Tops\" \/><\/p>\n<p>Botanikai n\u00e9v:\u00a0<span id=\"column_2_uc_product_details_ctl04_lbl_ff_desc2\" class=\"value\">Solanum aethiopicum<\/span><\/p>\n<p><span id=\"column_2_uc_product_details_ctl04_lbl_ff_desc2\" class=\"value\">Eti\u00f3p t\u00f6k<br \/>\nKora tavasszal vess\u00fck v\u00e9dett mag\u00e1gyba 20 \u00baC-on vagy k\u00e9s\u0151bb, szabadban, keretben. Egyszer sz\u00farjuk ki \u00e9s \u00fcltess\u00fck ki cser\u00e9pbe. Hagyom\u00e1nyos \u00e9lelmiszern\u00f6v\u00e9ny Afrik\u00e1ban, b\u00e1r D\u00e9l-Eur\u00f3p\u00e1ban \u00e9s \u00c1zsi\u00e1ban t\u00f6bbnyire d\u00edszn\u00f6v\u00e9nyk\u00e9nt haszn\u00e1lj\u00e1k.<\/span><\/p>\n<p>&nbsp;<\/p>\n","protected":false},"featured_media":16842,"comment_status":"closed","ping_status":"closed","template":"","meta":[],"product_brand":[],"product_cat":[438,329],"product_tag":[],"class_list":{"0":"post-16841","1":"product","2":"type-product","3":"status-publish","4":"has-post-thumbnail","6":"product_cat-horti-tops","7":"product_cat-zoldseg-vetomagok-egyeb-es-kulonleges-vetomagok","9":"first","10":"instock","11":"taxable","12":"shipping-taxable","13":"purchasable","14":"product-type-simple"},"_links":{"self":[{"href":"https:\/\/chilimag.hu\/webshop\/wp-json\/wp\/v2\/product\/16841","targetHints":{"allow":["GET"]}}],"collection":[{"href":"https:\/\/chilimag.hu\/webshop\/wp-json\/wp\/v2\/product"}],"about":[{"href":"https:\/\/chilimag.hu\/webshop\/wp-json\/wp\/v2\/types\/product"}],"replies":[{"embeddable":true,"href":"https:\/\/chilimag.hu\/webshop\/wp-json\/wp\/v2\/comments?post=16841"}],"wp:featuredmedia":[{"embeddable":true,"href":"https:\/\/chilimag.hu\/webshop\/wp-json\/wp\/v2\/media\/16842"}],"wp:attachment":[{"href":"https:\/\/chilimag.hu\/webshop\/wp-json\/wp\/v2\/media?parent=16841"}],"wp:term":[{"taxonomy":"product_brand","embeddable":true,"href":"https:\/\/chilimag.hu\/webshop\/wp-json\/wp\/v2\/product_brand?post=16841"},{"taxonomy":"product_cat","embeddable":true,"href":"https:\/\/chilimag.hu\/webshop\/wp-json\/wp\/v2\/product_cat?post=16841"},{"taxonomy":"product_tag","embeddable":true,"href":"https:\/\/chilimag.hu\/webshop\/wp-json\/wp\/v2\/product_tag?post=16841"}],"curies":[{"name":"wp","href":"https:\/\/api.w.org\/{rel}","templated":true}]}}