{"id":16773,"date":"2022-01-26T18:09:54","date_gmt":"2022-01-26T18:09:54","guid":{"rendered":"https:\/\/chilimag.hu\/webshop\/?post_type=product&#038;p=16773"},"modified":"2025-01-26T18:16:48","modified_gmt":"2025-01-26T18:16:48","slug":"tok-hubbard-blue-large-h-ornamental","status":"publish","type":"product","link":"https:\/\/chilimag.hu\/webshop\/termek\/tok-hubbard-blue-large-h-ornamental\/","title":{"rendered":"S\u00fct\u0151t\u00f6k Hubbard blue large BZ-Ornamental H"},"content":{"rendered":"","protected":false},"excerpt":{"rendered":"<p>Botanikai n\u00e9v:\u00a0<span id=\"column_2_uc_product_details_ctl04_lbl_ff_desc2\" class=\"value\">Cucurbita maxima<\/span><\/p>\n<p><span id=\"column_2_uc_product_details_ctl04_lbl_ff_desc2\" class=\"value\">T\u00f6k &#8211; Hubbard k\u00e9k<br \/>\nTavasz k\u00f6zep\u00e9t\u0151l ny\u00e1r elej\u00e9ig ny\u00edlt terepen. J\u00f3l tr\u00e1gy\u00e1zott talajba \u00fcltess\u00fck.<br \/>\nNagy, egyedi, gy\u00f6ny\u00f6r\u0171 sz\u00ednnel. A f\u0151tt hubbard t\u00f6k p\u00e9pes\u00edthet\u0151, \u00e9s \u00f6sszekeverhet\u0151 p\u00e1rolt fokhagym\u00e1val, p\u00f3r\u00e9hagym\u00e1val \u00e9s zs\u00e1ly\u00e1val.<\/span><\/p>\n<p>&nbsp;<\/p>\n","protected":false},"featured_media":16774,"comment_status":"closed","ping_status":"closed","template":"","meta":[],"product_brand":[],"product_cat":[441],"product_tag":[],"class_list":{"0":"post-16773","1":"product","2":"type-product","3":"status-publish","4":"has-post-thumbnail","6":"product_cat-ornamental-collection-grasses","8":"first","9":"instock","10":"taxable","11":"shipping-taxable","12":"purchasable","13":"product-type-simple"},"_links":{"self":[{"href":"https:\/\/chilimag.hu\/webshop\/wp-json\/wp\/v2\/product\/16773","targetHints":{"allow":["GET"]}}],"collection":[{"href":"https:\/\/chilimag.hu\/webshop\/wp-json\/wp\/v2\/product"}],"about":[{"href":"https:\/\/chilimag.hu\/webshop\/wp-json\/wp\/v2\/types\/product"}],"replies":[{"embeddable":true,"href":"https:\/\/chilimag.hu\/webshop\/wp-json\/wp\/v2\/comments?post=16773"}],"wp:featuredmedia":[{"embeddable":true,"href":"https:\/\/chilimag.hu\/webshop\/wp-json\/wp\/v2\/media\/16774"}],"wp:attachment":[{"href":"https:\/\/chilimag.hu\/webshop\/wp-json\/wp\/v2\/media?parent=16773"}],"wp:term":[{"taxonomy":"product_brand","embeddable":true,"href":"https:\/\/chilimag.hu\/webshop\/wp-json\/wp\/v2\/product_brand?post=16773"},{"taxonomy":"product_cat","embeddable":true,"href":"https:\/\/chilimag.hu\/webshop\/wp-json\/wp\/v2\/product_cat?post=16773"},{"taxonomy":"product_tag","embeddable":true,"href":"https:\/\/chilimag.hu\/webshop\/wp-json\/wp\/v2\/product_tag?post=16773"}],"curies":[{"name":"wp","href":"https:\/\/api.w.org\/{rel}","templated":true}]}}