{"id":160,"date":"2014-11-08T14:32:56","date_gmt":"2014-11-08T14:32:56","guid":{"rendered":"https:\/\/chilimag.hu\/webshop\/?post_type=product&#038;p=160"},"modified":"2026-01-14T19:10:06","modified_gmt":"2026-01-14T19:10:06","slug":"cedrino","status":"publish","type":"product","link":"https:\/\/chilimag.hu\/webshop\/termek\/cedrino\/","title":{"rendered":"Cedrino"},"content":{"rendered":"","protected":false},"excerpt":{"rendered":"<p><img decoding=\"async\" src=\"https:\/\/chilimag.hu\/webshop\/wp-content\/uploads\/2014\/11\/chilimag-logo-2-150x150.jpg\" \/><\/p>\n<p>Le\u00edr\u00e1s<\/p>\n<p>A Cedrino chili Szard\u00edni\u00e1b\u00f3l, Olaszorsz\u00e1gb\u00f3l sz\u00e1rmazik, \u00e9s hossz\u00fak\u00e1s, \u00e9l\u00e9nks\u00e1rga \u00e9s enyh\u00e9n \u00edvelt gy\u00fcm\u00f6lcs\u00f6ket ad. A chili kb 10 cm hossz\u00fa, nagyon forr\u00f3 \u00e9s v\u00e9kony fal\u00fa, \u00edgy j\u00f3l sz\u00e1r\u00edthat\u00f3 \u00e9s sz\u00e9p s\u00e1rga chili porr\u00e1 \u0151r\u00f6lhet\u0151. A n\u00f6v\u00e9nyek er\u0151teljesen n\u0151nek \u00e9s igazi t\u00f6meghordoz\u00f3k, ez\u00e9rt el\u0151fordulhat, hogy meg kell t\u00e1masztani az \u00e1gakat.<\/p>\n<p>Gondoz\u00e1sa: A cs\u00edr\u00e1z\u00e1si h\u0151m\u00e9rs\u00e9klet 22\u00b0C \u00e9s 28\u00b0C k\u00f6z\u00f6tt van (cs\u00edr\u00e1z\u00e1si id\u0151: 8-21 nap); ez\u00e9rt \u00fcvegh\u00e1z \u00e9s f\u0171t\u0151sz\u0151nyeg haszn\u00e1lata javasolt. A n\u00f6v\u00e9nyeknek friss, j\u00f3l tr\u00e1gy\u00e1zott, v\u00edz\u00e1tereszt\u0151 talajra van sz\u00fcks\u00e9g\u00fck, nem t\u0171rik a bevizesed\u00e9st. Napos, v\u00e9dett helyre \u00fcltess\u00fck, ahol legal\u00e1bb 6 \u00f3ra \u2013 lehet\u0151leg t\u00f6bb \u2013 napf\u00e9ny \u00e9ri. Tedd ki a n\u00f6v\u00e9nyeket kb. 2-3 h\u00e9ttel az utols\u00f3 fagy ut\u00e1n.<\/p>\n<p>Capsicum annuum t\u00edpus<br \/>\nF\u0171szerszint 7<br \/>\nScoville 15 000 &#8211; 30 000 SHU<br \/>\nOptim\u00e1lis cs\u00edr\u00e1z\u00e1si h\u0151m\u00e9rs\u00e9klet 22 &#8211; 28 \u00b0C<br \/>\nVet\u00e9s febru\u00e1r &#8211; \u00e1pr<br \/>\nVir\u00e1gok feh\u00e9r (m\u00e1jus-augusztus)<br \/>\nN\u00f6veked\u00e9si szok\u00e1s bokros, kb. 80 cm magas<br \/>\n\u00c9rlel\u00e9s z\u00f6ldr\u0151l s\u00e1rg\u00e1ra<br \/>\nGy\u00fcm\u00f6lcs megjelen\u00e9se hossz\u00fak\u00e1s, 2 x 10 cm<br \/>\n\u00c9r\u00e9si ideje 80 nap<br \/>\nSz\u00e1rmaz\u00e1si hely Olaszorsz\u00e1g, Szard\u00ednia<\/p>\n<p>A csomag 10 szem \u00a0magot tartalmaz<\/p>\n","protected":false},"featured_media":33178,"comment_status":"open","ping_status":"closed","template":"","meta":[],"product_brand":[],"product_cat":[8],"product_tag":[],"class_list":{"0":"post-160","1":"product","2":"type-product","3":"status-publish","4":"has-post-thumbnail","6":"product_cat-paprika","8":"first","9":"outofstock","10":"taxable","11":"shipping-taxable","12":"purchasable","13":"product-type-simple"},"_links":{"self":[{"href":"https:\/\/chilimag.hu\/webshop\/wp-json\/wp\/v2\/product\/160","targetHints":{"allow":["GET"]}}],"collection":[{"href":"https:\/\/chilimag.hu\/webshop\/wp-json\/wp\/v2\/product"}],"about":[{"href":"https:\/\/chilimag.hu\/webshop\/wp-json\/wp\/v2\/types\/product"}],"replies":[{"embeddable":true,"href":"https:\/\/chilimag.hu\/webshop\/wp-json\/wp\/v2\/comments?post=160"}],"wp:featuredmedia":[{"embeddable":true,"href":"https:\/\/chilimag.hu\/webshop\/wp-json\/wp\/v2\/media\/33178"}],"wp:attachment":[{"href":"https:\/\/chilimag.hu\/webshop\/wp-json\/wp\/v2\/media?parent=160"}],"wp:term":[{"taxonomy":"product_brand","embeddable":true,"href":"https:\/\/chilimag.hu\/webshop\/wp-json\/wp\/v2\/product_brand?post=160"},{"taxonomy":"product_cat","embeddable":true,"href":"https:\/\/chilimag.hu\/webshop\/wp-json\/wp\/v2\/product_cat?post=160"},{"taxonomy":"product_tag","embeddable":true,"href":"https:\/\/chilimag.hu\/webshop\/wp-json\/wp\/v2\/product_tag?post=160"}],"curies":[{"name":"wp","href":"https:\/\/api.w.org\/{rel}","templated":true}]}}