{"id":15757,"date":"2021-11-14T16:18:35","date_gmt":"2021-11-14T16:18:35","guid":{"rendered":"https:\/\/chilimag.hu\/webshop\/?post_type=product&#038;p=15757"},"modified":"2026-02-08T19:13:52","modified_gmt":"2026-02-08T19:13:52","slug":"paprika-maidano-f1","status":"publish","type":"product","link":"https:\/\/chilimag.hu\/webshop\/termek\/paprika-maidano-f1\/","title":{"rendered":"Paprika Maidano F1 Capsico"},"content":{"rendered":"","protected":false},"excerpt":{"rendered":"<p><img decoding=\"async\" class=\"sFlh5c FyHeAf iPVvYb\" src=\"https:\/\/c.cdnmp.net\/592978066\/brands\/1000108_logo.png\" alt=\"Capsico - Seminte1\" width=\"148\" height=\"83\" \/><\/p>\n<p><strong>Le\u00edr\u00e1s<\/strong><\/p>\n<p class=\"p1\">B\u0151term\u0151, s\u00f6t\u00e9tz\u00f6ldb\u0151l pirosra \u00e9r\u0151 chili t\u00edpus. Megb\u00edhat\u00f3an cs\u00edp, term\u00e9sei f\u00e9nyesek \u00e9s sim\u00e1k, g\u00f6rbe- \u00e9s lecs\u00f3ar\u00e1nya nagyon alacsony. Term\u00e9shossza 10-12 cm k\u00f6r\u00fcli, savany\u00edt\u00e1sra \u00e9s egy\u00e9b ipari felhaszn\u00e1l\u00e1sra is alkalmas. R\u00f6vid \u00edzk\u00f6z\u0171, generat\u00edv n\u00f6v\u00e9nyt nevel, term\u00e9seit folyamatosan k\u00f6ti, azok a termeszt\u00e9s v\u00e9g\u00e9re sem r\u00f6vid\u00fclnek le. Er\u0151s sz\u00e1rrendszere r\u00e9v\u00e9n szabadf\u00f6ldi termeszt\u00e9sre kifejezetten alkalmas. Kalciumhi\u00e1nyos foltosod\u00e1sra, mikroreped\u00e9sre nem hajlamos, \u00fcltet\u00e9s\u00e9t szabadf\u00f6ldre, hajtat\u00e1sba, k\u00e9t sz\u00e1lra felk\u00f6t\u00f6zve \u00e9s kordonba is javasoljuk.<\/p>\n<p>Capsicum annuum<br \/>\nA csomag 100 szem magot tartalmaz<\/p>\n","protected":false},"featured_media":15758,"comment_status":"closed","ping_status":"closed","template":"","meta":[],"product_brand":[],"product_cat":[319],"product_tag":[],"class_list":{"0":"post-15757","1":"product","2":"type-product","3":"status-publish","4":"has-post-thumbnail","6":"product_cat-capsico-vetomagok","8":"first","9":"outofstock","10":"taxable","11":"shipping-taxable","12":"purchasable","13":"product-type-simple"},"_links":{"self":[{"href":"https:\/\/chilimag.hu\/webshop\/wp-json\/wp\/v2\/product\/15757","targetHints":{"allow":["GET"]}}],"collection":[{"href":"https:\/\/chilimag.hu\/webshop\/wp-json\/wp\/v2\/product"}],"about":[{"href":"https:\/\/chilimag.hu\/webshop\/wp-json\/wp\/v2\/types\/product"}],"replies":[{"embeddable":true,"href":"https:\/\/chilimag.hu\/webshop\/wp-json\/wp\/v2\/comments?post=15757"}],"wp:featuredmedia":[{"embeddable":true,"href":"https:\/\/chilimag.hu\/webshop\/wp-json\/wp\/v2\/media\/15758"}],"wp:attachment":[{"href":"https:\/\/chilimag.hu\/webshop\/wp-json\/wp\/v2\/media?parent=15757"}],"wp:term":[{"taxonomy":"product_brand","embeddable":true,"href":"https:\/\/chilimag.hu\/webshop\/wp-json\/wp\/v2\/product_brand?post=15757"},{"taxonomy":"product_cat","embeddable":true,"href":"https:\/\/chilimag.hu\/webshop\/wp-json\/wp\/v2\/product_cat?post=15757"},{"taxonomy":"product_tag","embeddable":true,"href":"https:\/\/chilimag.hu\/webshop\/wp-json\/wp\/v2\/product_tag?post=15757"}],"curies":[{"name":"wp","href":"https:\/\/api.w.org\/{rel}","templated":true}]}}