{"id":15218,"date":"2021-09-16T17:12:54","date_gmt":"2021-09-16T17:12:54","guid":{"rendered":"https:\/\/chilimag.hu\/webshop\/?post_type=product&#038;p=15218"},"modified":"2026-01-03T07:31:40","modified_gmt":"2026-01-03T07:31:40","slug":"gorogdinnye-zengo-f1","status":"publish","type":"product","link":"https:\/\/chilimag.hu\/webshop\/termek\/gorogdinnye-zengo-f1\/","title":{"rendered":"G\u00f6r\u00f6gdinnye Zeng\u0151 F1 ZKI 1"},"content":{"rendered":"","protected":false},"excerpt":{"rendered":"<p>Korai \u00e9r\u00e9s\u0171, vil\u00e1gosz\u00f6ld alapon<br \/>\ns\u00f6t\u00e9tz\u00f6lden cs\u00edkozott<br \/>\ng\u00f6r\u00f6gdinnye. Term\u00e9sei 7-10<br \/>\nkg \u00e1tlag- s\u00faly\u00faak, szab\u00e1lyos<br \/>\ng\u00f6mb alak\u00faak. H\u00e9ja kifejezetten<br \/>\nv\u00e9kony. H\u00fasa t\u00f6m\u00f6r,<br \/>\ns\u00f6t\u00e9tpiros, kellemesen \u00e9des.<br \/>\nEls\u0151sorban szabadf\u00f6ldi termeszt\u00e9sre<br \/>\naj\u00e1nljuk. Fuz\u00e1rium 0<br \/>\n\u00e9s 1 rassz\u00e1ra ellen\u00e1ll\u00f3 fajta.<\/p>\n","protected":false},"featured_media":15219,"comment_status":"closed","ping_status":"closed","template":"","meta":[],"product_brand":[],"product_cat":[298],"product_tag":[],"class_list":{"0":"post-15218","1":"product","2":"type-product","3":"status-publish","4":"has-post-thumbnail","6":"product_cat-dinnye-es-tok-vetomagok-zki-vetomagok","8":"first","9":"outofstock","10":"taxable","11":"shipping-taxable","12":"purchasable","13":"product-type-simple"},"_links":{"self":[{"href":"https:\/\/chilimag.hu\/webshop\/wp-json\/wp\/v2\/product\/15218","targetHints":{"allow":["GET"]}}],"collection":[{"href":"https:\/\/chilimag.hu\/webshop\/wp-json\/wp\/v2\/product"}],"about":[{"href":"https:\/\/chilimag.hu\/webshop\/wp-json\/wp\/v2\/types\/product"}],"replies":[{"embeddable":true,"href":"https:\/\/chilimag.hu\/webshop\/wp-json\/wp\/v2\/comments?post=15218"}],"wp:featuredmedia":[{"embeddable":true,"href":"https:\/\/chilimag.hu\/webshop\/wp-json\/wp\/v2\/media\/15219"}],"wp:attachment":[{"href":"https:\/\/chilimag.hu\/webshop\/wp-json\/wp\/v2\/media?parent=15218"}],"wp:term":[{"taxonomy":"product_brand","embeddable":true,"href":"https:\/\/chilimag.hu\/webshop\/wp-json\/wp\/v2\/product_brand?post=15218"},{"taxonomy":"product_cat","embeddable":true,"href":"https:\/\/chilimag.hu\/webshop\/wp-json\/wp\/v2\/product_cat?post=15218"},{"taxonomy":"product_tag","embeddable":true,"href":"https:\/\/chilimag.hu\/webshop\/wp-json\/wp\/v2\/product_tag?post=15218"}],"curies":[{"name":"wp","href":"https:\/\/api.w.org\/{rel}","templated":true}]}}