{"id":14717,"date":"2021-07-11T09:28:06","date_gmt":"2021-07-11T09:28:06","guid":{"rendered":"https:\/\/chilimag.hu\/webshop\/?post_type=product&#038;p=14717"},"modified":"2024-07-09T05:13:22","modified_gmt":"2024-07-09T05:13:22","slug":"fitohorm-kalcium-nitrogenmentes-1-l","status":"publish","type":"product","link":"https:\/\/chilimag.hu\/webshop\/termek\/fitohorm-kalcium-nitrogenmentes-1-l\/","title":{"rendered":"Fitohorm Kalcium\/Nitrog\u00e9nmentes\u00a01 l"},"content":{"rendered":"","protected":false},"excerpt":{"rendered":"<p>A gy\u00fcm\u00f6lcs min\u0151s\u00e9get meghat\u00e1roz\u00f3 t\u00e1pelemek k\u00f6z\u00fcl az egyik legfontosabb a kalcium, amelynek ismert, \u00e1ltal\u00e1nos hat\u00e1sa a gy\u00fcm\u00f6lcs \u00e9r\u00e9si folyamatainak lass\u00edt\u00e1sa, k\u00e9sleltet\u00e9se.<\/p>\n<p>A kedvez\u0151 kalcium ell\u00e1totts\u00e1g\u00fa gy\u00fcm\u00f6lcs\u00f6k l\u00e9gz\u00e9sintenzit\u00e1sa kisebb, \u00e1ltal\u00e1ban kem\u00e9nyebb \u00e1llagal rendelkezik ez\u00e9rt jobban t\u00e1rolhat\u00f3k, kev\u00e9sb\u00e9 fog\u00e9konyak a fiziol\u00f3giai eredet\u0171 megbeteged\u00e9sekre is.\u00a0A kalcium felvehet\u0151s\u00e9ge, n\u00f6v\u00e9nyen bel\u00fcli sz\u00e1ll\u00edt\u00e1sa \u00e9s be\u00e9p\u00fcl\u00e9se igen speci\u00e1lis, emiatt nehezen jut el megfelel\u0151 mennyis\u00e9g a gy\u00fcm\u00f6lcsh\u00f6z a teny\u00e9szid\u0151szak\u00a0folyam\u00e1n. Az alacsony kalciumtartalom vesz\u00e9ly\u00e9t teh\u00e1t nem magyar\u00e1zhatjuk csup\u00e1n a talaj alacsony szint\u0171 felvehet\u0151 k\u00e1lium tartalm\u00e1val. Elengedhetetlen\u00fcl sz\u00fcks\u00e9ges a folyamatos lombon kereszt\u00fcl megval\u00f3sul\u00f3 kalcium ut\u00e1np\u00f3tl\u00e1s.<br \/>\nGy\u00fcm\u00f6lcs\u00e9r\u00e9s el\u0151tti haszn\u00e1lata seg\u00edti a t\u00f6k\u00e9letes sz\u00ednez\u0151d\u00e9st, pozit\u00edvan befoly\u00e1solja a t\u00e1rolhat\u00f3s\u00e1g idej\u00e9t.<\/p>\n","protected":false},"featured_media":14718,"comment_status":"closed","ping_status":"closed","template":"","meta":[],"product_brand":[],"product_cat":[389],"product_tag":[],"class_list":{"0":"post-14717","1":"product","2":"type-product","3":"status-publish","4":"has-post-thumbnail","6":"product_cat-fitohorm","8":"first","9":"instock","10":"taxable","11":"shipping-taxable","12":"purchasable","13":"product-type-simple"},"_links":{"self":[{"href":"https:\/\/chilimag.hu\/webshop\/wp-json\/wp\/v2\/product\/14717","targetHints":{"allow":["GET"]}}],"collection":[{"href":"https:\/\/chilimag.hu\/webshop\/wp-json\/wp\/v2\/product"}],"about":[{"href":"https:\/\/chilimag.hu\/webshop\/wp-json\/wp\/v2\/types\/product"}],"replies":[{"embeddable":true,"href":"https:\/\/chilimag.hu\/webshop\/wp-json\/wp\/v2\/comments?post=14717"}],"wp:featuredmedia":[{"embeddable":true,"href":"https:\/\/chilimag.hu\/webshop\/wp-json\/wp\/v2\/media\/14718"}],"wp:attachment":[{"href":"https:\/\/chilimag.hu\/webshop\/wp-json\/wp\/v2\/media?parent=14717"}],"wp:term":[{"taxonomy":"product_brand","embeddable":true,"href":"https:\/\/chilimag.hu\/webshop\/wp-json\/wp\/v2\/product_brand?post=14717"},{"taxonomy":"product_cat","embeddable":true,"href":"https:\/\/chilimag.hu\/webshop\/wp-json\/wp\/v2\/product_cat?post=14717"},{"taxonomy":"product_tag","embeddable":true,"href":"https:\/\/chilimag.hu\/webshop\/wp-json\/wp\/v2\/product_tag?post=14717"}],"curies":[{"name":"wp","href":"https:\/\/api.w.org\/{rel}","templated":true}]}}