{"id":1352,"date":"2015-02-22T13:59:01","date_gmt":"2015-02-22T13:59:01","guid":{"rendered":"https:\/\/chilimag.hu\/webshop\/?post_type=product&#038;p=1352"},"modified":"2026-03-23T19:52:28","modified_gmt":"2026-03-23T19:52:28","slug":"green-zebra","status":"publish","type":"product","link":"https:\/\/chilimag.hu\/webshop\/termek\/green-zebra\/","title":{"rendered":"Green Zebra Bio  Paradicsom B-S"},"content":{"rendered":"","protected":false},"excerpt":{"rendered":"<div id=\"productDescription\" class=\"content\">\n<p><img decoding=\"async\" src=\"https:\/\/chilimag.hu\/webshop\/wp-content\/uploads\/2022\/10\/bobby-seeds-test-logo-150x150.png\" \/><\/p>\n<p>Le\u00edr\u00e1s<\/p>\n<p>Egy rendk\u00edv\u00fcl ritka fajta, a z\u00f6ld zebra paradicsom az USA-b\u00f3l sz\u00e1rmazik, \u00e9s &#8211; ahogy a neve is sugallja &#8211; \u00e9r\u00e9skor z\u00f6ld marad, halv\u00e1ny-narancss\u00e1rga cs\u00edkok alakulnak ki. Kerek, k\u00f6zepes m\u00e9ret\u0171, nagyon l\u00e9d\u00fas gy\u00fcm\u00f6lcs\u00f6ket adnak, amelyekb\u0151l sal\u00e1t\u00e1k, sz\u00f3szok, lekv\u00e1rok k\u00e9sz\u00edthet\u0151k.<\/p>\n<p>A z\u00f6ld zebra egy nagyon gy\u00fcm\u00f6lcs\u00f6s kar\u00f3paradicsom, amelyet febru\u00e1rt\u00f3l kezdhet el termeszteni \u00fcvegh\u00e1zban vagy otthon\u00e1ban. A n\u00f6v\u00e9nyek ak\u00e1r 1,5 m\u00e9ter magasra is megn\u0151hetnek, \u00e9s sok melegre van sz\u00fcks\u00e9g\u00fck. Ki\u00fcltet\u00e9skor \u00fcgyeljen arra, hogy elegend\u0151 hely (legal\u00e1bb 60 cm) legyen az egyes n\u00f6v\u00e9nyek k\u00f6z\u00f6tt.<\/p>\n<p>Gondoz\u00e1sa: A z\u00f6ld zebra paradicsomot termesztheti otthon, \u00fcvegh\u00e1zban vagy szabadban. Az optim\u00e1lis cs\u00edr\u00e1z\u00e1si h\u0151m\u00e9rs\u00e9klet 20\u00b0C \u00e9s 25\u00b0C k\u00f6z\u00f6tt van, a cs\u00edr\u00e1z\u00e1s 5-15 nap m\u00falva k\u00f6vetkezik be. Felgyors\u00edthatja a cs\u00edr\u00e1z\u00e1st, ha egy \u00e9jszak\u00e1n \u00e1t nedves ruh\u00e1ban alapozza \u0151ket. A fiatal n\u00f6v\u00e9nyt csak az utols\u00f3 fagy ut\u00e1n szabad a szabadba \u00fcltetni. A paradicsomnak friss, j\u00f3l tr\u00e1gy\u00e1zott, v\u00edz\u00e1tereszt\u0151 talajra van sz\u00fcks\u00e9ge, amelyet nedvesen (de nem nedvesen!) kell tartani. Napos, v\u00e9dett helyre kell helyezni, ahol legal\u00e1bb napi 6 \u00f3ra napf\u00e9ny \u00e9ri, ha nem t\u00f6bb.<\/p>\n<p>Fajta Z\u00f6ld Zebra Paradicsom<br \/>\nOptim\u00e1lis cs\u00edr\u00e1z\u00e1si h\u0151m\u00e9rs\u00e9klet 20 &#8211; 25 \u00b0C<br \/>\nVet\u00e9s febru\u00e1r-\u00e1prilis<br \/>\nCs\u00edr\u00e1z\u00e1si id\u0151 5-15 nap<br \/>\nN\u00f6v\u00e9nyi n\u00f6veked\u00e9si szok\u00e1s 1,5-2 m\u00e9ter magas, kar\u00f3 paradicsom<br \/>\nGy\u00fcm\u00f6lcs megjelen\u00e9se Z\u00f6ld, halv\u00e1nys\u00e1rga cs\u00edkokkal, kerek, k\u00f6zepes m\u00e9ret\u0171<br \/>\n\u00cdz Arom\u00e1s, l\u00e9d\u00fas, enyh\u00e9n savas<br \/>\nBetakar\u00edt\u00e1s j\u00falius v\u00e9g\u00e9t\u0151l szeptemberig<br \/>\nSz\u00e1rmaz\u00e1sa USA<\/p>\n<p>&nbsp;<\/p>\n<p>A csomag 10 szem magot tartalmaz<\/p>\n<\/div>\n","protected":false},"featured_media":37782,"comment_status":"closed","ping_status":"closed","template":"","meta":[],"product_brand":[],"product_cat":[10],"product_tag":[],"class_list":{"0":"post-1352","1":"product","2":"type-product","3":"status-publish","4":"has-post-thumbnail","6":"product_cat-paradicsom","8":"first","9":"outofstock","10":"taxable","11":"shipping-taxable","12":"purchasable","13":"product-type-simple"},"_links":{"self":[{"href":"https:\/\/chilimag.hu\/webshop\/wp-json\/wp\/v2\/product\/1352","targetHints":{"allow":["GET"]}}],"collection":[{"href":"https:\/\/chilimag.hu\/webshop\/wp-json\/wp\/v2\/product"}],"about":[{"href":"https:\/\/chilimag.hu\/webshop\/wp-json\/wp\/v2\/types\/product"}],"replies":[{"embeddable":true,"href":"https:\/\/chilimag.hu\/webshop\/wp-json\/wp\/v2\/comments?post=1352"}],"wp:featuredmedia":[{"embeddable":true,"href":"https:\/\/chilimag.hu\/webshop\/wp-json\/wp\/v2\/media\/37782"}],"wp:attachment":[{"href":"https:\/\/chilimag.hu\/webshop\/wp-json\/wp\/v2\/media?parent=1352"}],"wp:term":[{"taxonomy":"product_brand","embeddable":true,"href":"https:\/\/chilimag.hu\/webshop\/wp-json\/wp\/v2\/product_brand?post=1352"},{"taxonomy":"product_cat","embeddable":true,"href":"https:\/\/chilimag.hu\/webshop\/wp-json\/wp\/v2\/product_cat?post=1352"},{"taxonomy":"product_tag","embeddable":true,"href":"https:\/\/chilimag.hu\/webshop\/wp-json\/wp\/v2\/product_tag?post=1352"}],"curies":[{"name":"wp","href":"https:\/\/api.w.org\/{rel}","templated":true}]}}