{"id":13457,"date":"2021-03-09T18:40:29","date_gmt":"2021-03-09T18:40:29","guid":{"rendered":"https:\/\/chilimag.hu\/webshop\/?post_type=product&#038;p=13457"},"modified":"2025-06-03T04:17:17","modified_gmt":"2025-06-03T04:17:17","slug":"keseruso-1-kg","status":"publish","type":"product","link":"https:\/\/chilimag.hu\/webshop\/termek\/keseruso-1-kg\/","title":{"rendered":"Keser\u0171s\u00f3 1 kg"},"content":{"rendered":"","protected":false},"excerpt":{"rendered":"<div class=\"elementor-element elementor-element-31dc8656 elementor-widget elementor-widget-woocommerce-product-title elementor-page-title elementor-widget-heading\">\n<div class=\"elementor-widget-container gmail-optml-bg-lazyloaded\">\n<h1 class=\"gmail-product_title entry-title elementor-heading-title elementor-size-default\"><\/h1>\n<\/div>\n<\/div>\n<div class=\"elementor-element elementor-element-5edaf704 elementor-widget elementor-widget-woocommerce-product-short-description\">\n<div class=\"elementor-widget-container gmail-optml-bg-lazyloaded\">\n<div class=\"gmail-woocommerce-product-details__short-description\">\n<p>(005106)<br \/>\nKrist\u00e1lyos magn\u00e9zium-sutf\u00e1t heptahidr\u00e1t. Mg-S hi\u00e1ny kezel\u00e9s\u00e9re alkalmas talaj \u00e9s lev\u00e9ltr\u00e1gya. Magn\u00e9zium (MgO) 16% K\u00e9n (SO3) 30 %<\/p>\n<p>&nbsp;<\/p>\n<\/div>\n<\/div>\n<\/div>\n","protected":false},"featured_media":13458,"comment_status":"closed","ping_status":"closed","template":"","meta":[],"product_brand":[],"product_cat":[391],"product_tag":[],"class_list":{"0":"post-13457","1":"product","2":"type-product","3":"status-publish","4":"has-post-thumbnail","6":"product_cat-egyeb-tapoldatok","8":"first","9":"instock","10":"taxable","11":"shipping-taxable","12":"purchasable","13":"product-type-simple"},"_links":{"self":[{"href":"https:\/\/chilimag.hu\/webshop\/wp-json\/wp\/v2\/product\/13457","targetHints":{"allow":["GET"]}}],"collection":[{"href":"https:\/\/chilimag.hu\/webshop\/wp-json\/wp\/v2\/product"}],"about":[{"href":"https:\/\/chilimag.hu\/webshop\/wp-json\/wp\/v2\/types\/product"}],"replies":[{"embeddable":true,"href":"https:\/\/chilimag.hu\/webshop\/wp-json\/wp\/v2\/comments?post=13457"}],"wp:featuredmedia":[{"embeddable":true,"href":"https:\/\/chilimag.hu\/webshop\/wp-json\/wp\/v2\/media\/13458"}],"wp:attachment":[{"href":"https:\/\/chilimag.hu\/webshop\/wp-json\/wp\/v2\/media?parent=13457"}],"wp:term":[{"taxonomy":"product_brand","embeddable":true,"href":"https:\/\/chilimag.hu\/webshop\/wp-json\/wp\/v2\/product_brand?post=13457"},{"taxonomy":"product_cat","embeddable":true,"href":"https:\/\/chilimag.hu\/webshop\/wp-json\/wp\/v2\/product_cat?post=13457"},{"taxonomy":"product_tag","embeddable":true,"href":"https:\/\/chilimag.hu\/webshop\/wp-json\/wp\/v2\/product_tag?post=13457"}],"curies":[{"name":"wp","href":"https:\/\/api.w.org\/{rel}","templated":true}]}}