{"id":11462,"date":"2021-01-16T18:48:43","date_gmt":"2021-01-16T18:48:43","guid":{"rendered":"https:\/\/chilimag.hu\/webshop\/termek\/import-placeholder-for-3869\/"},"modified":"2026-01-21T18:16:42","modified_gmt":"2026-01-21T18:16:42","slug":"halloween-tok-howden","status":"publish","type":"product","link":"https:\/\/chilimag.hu\/webshop\/termek\/halloween-tok-howden\/","title":{"rendered":"T\u00f6k Howden Halloween Ag 3"},"content":{"rendered":"","protected":false},"excerpt":{"rendered":"<p>&#8222;Teny\u00e9szideje 110 nap. Term\u00e9se g\u00f6mb alak\u00fa, bar\u00e1zd\u00e1lt, h\u00fasa narancss\u00e1rga. \u00c1tlagt\u00f6mege 4-8 kg.<br \/>\nRendk\u00edv\u00fcl fagy\u00e9rz\u00e9keny. T\u00e1rol\u00e1sra csak r\u00f6vid ideig alkalmas. Halloween d\u00edszek k\u00e9sz\u00edt\u00e9sre haszn\u00e1lhat\u00f3.&#8221;<\/p>\n","protected":false},"featured_media":11488,"comment_status":"open","ping_status":"closed","template":"","meta":[],"product_brand":[],"product_cat":[234],"product_tag":[],"class_list":{"0":"post-11462","1":"product","2":"type-product","3":"status-publish","4":"has-post-thumbnail","6":"product_cat-dinnye-es-tok-vetomagok-agrosel-vetomagok","8":"first","9":"instock","10":"taxable","11":"shipping-taxable","12":"purchasable","13":"product-type-simple"},"_links":{"self":[{"href":"https:\/\/chilimag.hu\/webshop\/wp-json\/wp\/v2\/product\/11462","targetHints":{"allow":["GET"]}}],"collection":[{"href":"https:\/\/chilimag.hu\/webshop\/wp-json\/wp\/v2\/product"}],"about":[{"href":"https:\/\/chilimag.hu\/webshop\/wp-json\/wp\/v2\/types\/product"}],"replies":[{"embeddable":true,"href":"https:\/\/chilimag.hu\/webshop\/wp-json\/wp\/v2\/comments?post=11462"}],"wp:featuredmedia":[{"embeddable":true,"href":"https:\/\/chilimag.hu\/webshop\/wp-json\/wp\/v2\/media\/11488"}],"wp:attachment":[{"href":"https:\/\/chilimag.hu\/webshop\/wp-json\/wp\/v2\/media?parent=11462"}],"wp:term":[{"taxonomy":"product_brand","embeddable":true,"href":"https:\/\/chilimag.hu\/webshop\/wp-json\/wp\/v2\/product_brand?post=11462"},{"taxonomy":"product_cat","embeddable":true,"href":"https:\/\/chilimag.hu\/webshop\/wp-json\/wp\/v2\/product_cat?post=11462"},{"taxonomy":"product_tag","embeddable":true,"href":"https:\/\/chilimag.hu\/webshop\/wp-json\/wp\/v2\/product_tag?post=11462"}],"curies":[{"name":"wp","href":"https:\/\/api.w.org\/{rel}","templated":true}]}}