{"id":11407,"date":"2021-01-16T18:43:18","date_gmt":"2021-01-16T18:43:18","guid":{"rendered":"https:\/\/chilimag.hu\/webshop\/termek\/import-placeholder-for-3955\/"},"modified":"2026-03-24T21:58:41","modified_gmt":"2026-03-24T21:58:41","slug":"rukola-eruca-sativa-mill","status":"publish","type":"product","link":"https:\/\/chilimag.hu\/webshop\/termek\/rukola-eruca-sativa-mill\/","title":{"rendered":"Rukkola Eruca sativa (Mill.) Ag 3"},"content":{"rendered":"","protected":false},"excerpt":{"rendered":"<p>&#8222;Korai lev\u00e9lz\u00f6lds\u00e9g. Gyorsan n\u00f6vekv\u0151, viszonylag magas, nem ig\u00e9nyel k\u00fcl\u00f6nleges ell\u00e1t\u00e1st.<br \/>\nTavaszt\u00f3l \u0151szig folyamatosan vethetj\u00fck, de ak\u00e1r balkonl\u00e1d\u00e1ban is k\u00f6nnyen termeszthet\u0151.<br \/>\nLevelei v\u00e9konyak \u00e9s szabdalt sz\u00e9l\u0171ek. Friss fogyaszt\u00e1sra aj\u00e1nlott.&#8221;<\/p>\n","protected":false},"featured_media":11432,"comment_status":"open","ping_status":"closed","template":"","meta":[],"product_brand":[],"product_cat":[232],"product_tag":[],"class_list":{"0":"post-11407","1":"product","2":"type-product","3":"status-publish","4":"has-post-thumbnail","6":"product_cat-salata-es-retek","8":"first","9":"instock","10":"taxable","11":"shipping-taxable","12":"purchasable","13":"product-type-simple"},"_links":{"self":[{"href":"https:\/\/chilimag.hu\/webshop\/wp-json\/wp\/v2\/product\/11407","targetHints":{"allow":["GET"]}}],"collection":[{"href":"https:\/\/chilimag.hu\/webshop\/wp-json\/wp\/v2\/product"}],"about":[{"href":"https:\/\/chilimag.hu\/webshop\/wp-json\/wp\/v2\/types\/product"}],"replies":[{"embeddable":true,"href":"https:\/\/chilimag.hu\/webshop\/wp-json\/wp\/v2\/comments?post=11407"}],"wp:featuredmedia":[{"embeddable":true,"href":"https:\/\/chilimag.hu\/webshop\/wp-json\/wp\/v2\/media\/11432"}],"wp:attachment":[{"href":"https:\/\/chilimag.hu\/webshop\/wp-json\/wp\/v2\/media?parent=11407"}],"wp:term":[{"taxonomy":"product_brand","embeddable":true,"href":"https:\/\/chilimag.hu\/webshop\/wp-json\/wp\/v2\/product_brand?post=11407"},{"taxonomy":"product_cat","embeddable":true,"href":"https:\/\/chilimag.hu\/webshop\/wp-json\/wp\/v2\/product_cat?post=11407"},{"taxonomy":"product_tag","embeddable":true,"href":"https:\/\/chilimag.hu\/webshop\/wp-json\/wp\/v2\/product_tag?post=11407"}],"curies":[{"name":"wp","href":"https:\/\/api.w.org\/{rel}","templated":true}]}}