{"id":11236,"date":"2021-01-16T18:25:32","date_gmt":"2021-01-16T18:25:32","guid":{"rendered":"https:\/\/chilimag.hu\/webshop\/termek\/import-placeholder-for-4341\/"},"modified":"2026-01-21T18:38:47","modified_gmt":"2026-01-21T18:38:47","slug":"borso-oltena","status":"publish","type":"product","link":"https:\/\/chilimag.hu\/webshop\/termek\/borso-oltena\/","title":{"rendered":"Bors\u00f3 (Oltena) Ag 5"},"content":{"rendered":"","protected":false},"excerpt":{"rendered":"<p>Er\u0151s n\u00f6veked\u00e9si er\u00e9ly\u0171, b\u0151 term\u0151k\u00e9pess\u00e9g\u0171 n\u00f6v\u00e9ny. A n\u00f6v\u00e9nyek magasak, hossz\u00fa h\u00fcvely\u0171ek, melyek 7-9 z\u00f6ld sz\u00edn\u0171, kellemes \u00edz\u0171 szemet tartalmaznak.<\/p>\n","protected":false},"featured_media":11254,"comment_status":"open","ping_status":"closed","template":"","meta":[],"product_brand":[],"product_cat":[225],"product_tag":[],"class_list":{"0":"post-11236","1":"product","2":"type-product","3":"status-publish","4":"has-post-thumbnail","6":"product_cat-huvelyesek-agrosel-vetomagok","8":"first","9":"outofstock","10":"taxable","11":"shipping-taxable","12":"purchasable","13":"product-type-simple"},"_links":{"self":[{"href":"https:\/\/chilimag.hu\/webshop\/wp-json\/wp\/v2\/product\/11236","targetHints":{"allow":["GET"]}}],"collection":[{"href":"https:\/\/chilimag.hu\/webshop\/wp-json\/wp\/v2\/product"}],"about":[{"href":"https:\/\/chilimag.hu\/webshop\/wp-json\/wp\/v2\/types\/product"}],"replies":[{"embeddable":true,"href":"https:\/\/chilimag.hu\/webshop\/wp-json\/wp\/v2\/comments?post=11236"}],"wp:featuredmedia":[{"embeddable":true,"href":"https:\/\/chilimag.hu\/webshop\/wp-json\/wp\/v2\/media\/11254"}],"wp:attachment":[{"href":"https:\/\/chilimag.hu\/webshop\/wp-json\/wp\/v2\/media?parent=11236"}],"wp:term":[{"taxonomy":"product_brand","embeddable":true,"href":"https:\/\/chilimag.hu\/webshop\/wp-json\/wp\/v2\/product_brand?post=11236"},{"taxonomy":"product_cat","embeddable":true,"href":"https:\/\/chilimag.hu\/webshop\/wp-json\/wp\/v2\/product_cat?post=11236"},{"taxonomy":"product_tag","embeddable":true,"href":"https:\/\/chilimag.hu\/webshop\/wp-json\/wp\/v2\/product_tag?post=11236"}],"curies":[{"name":"wp","href":"https:\/\/api.w.org\/{rel}","templated":true}]}}