{"id":106,"date":"2014-11-08T14:10:46","date_gmt":"2014-11-08T14:10:46","guid":{"rendered":"https:\/\/chilimag.hu\/webshop\/?post_type=product&#038;p=106"},"modified":"2026-01-17T08:15:29","modified_gmt":"2026-01-17T08:15:29","slug":"anaheim","status":"publish","type":"product","link":"https:\/\/chilimag.hu\/webshop\/termek\/anaheim\/","title":{"rendered":"Anaheim"},"content":{"rendered":"<p><em>\u00a0<\/em><\/p>\n","protected":false},"excerpt":{"rendered":"<p><img decoding=\"async\" src=\"https:\/\/chilimag.hu\/webshop\/wp-content\/uploads\/2014\/11\/chilimag-logo-2-150x150.jpg\" \/><\/p>\n<p>Le\u00edr\u00e1s<\/p>\n<p>Az Anaheim Chili Pepper nev\u00e9t a kaliforniai Anaheim v\u00e1ros\u00e1r\u00f3l kapta, de val\u00f3j\u00e1ban \u00daj-Mexik\u00f3b\u00f3l sz\u00e1rmazik, ahol ma is els\u0151sorban termesztik \u00e9s fogyasztj\u00e1k. \u00c9ppen ez\u00e9rt az \u00faj-mexik\u00f3i (vagy Numex) chili paprika fajt\u00e1k csal\u00e1dj\u00e1ba tartozik, \u00e9s a csal\u00e1d legh\u00edresebb k\u00e9pvisel\u0151je.<\/p>\n<p>A n\u00f6v\u00e9nyek bokros n\u00f6veked\u00e9si form\u00e1j\u00faak, ak\u00e1r 120 cm-es magass\u00e1got is el\u00e9rhetnek, nagyon magas hozam\u00faak. A nagy, hossz\u00fak\u00e1s, vastag fal\u00fa paprika el\u00e9g sok\u00e1ig z\u00f6lden marad, miel\u0151tt pirosra \u00e9r, enyhe, arom\u00e1s f\u0171szeres melege van. Frissen fogyasztva egy szelet keny\u00e9rrel, grillezve vagy kr\u00e9msajttal t\u00f6ltve \u00e9s s\u00fctve \u2013 f\u00fcggetlen\u00fcl att\u00f3l, hogy milyen m\u00f3don v\u00e1lasztja az Anaheim-paprik\u00e1t, garant\u00e1ltan soha nem felejti el p\u00e1ratlan \u00edz\u00e9t. \u00daj-Mexik\u00f3ban gyakran m\u00e9g z\u00f6lden fogyasztj\u00e1k (pl. a chiles rellenos eset\u00e9ben), ahol el\u0151sz\u00f6r grillezik, majd megh\u00e1mozz\u00e1k, \u00edgy k\u00fcl\u00f6nleges \u00edzt kapnak.<\/p>\n<p>Gondoz\u00e1s: A cs\u00edr\u00e1z\u00e1si h\u0151m\u00e9rs\u00e9klet 22\u00b0C \u00e9s 28\u00b0C k\u00f6z\u00f6tt van (cs\u00edr\u00e1z\u00e1si id\u0151: 8-20 nap); ez\u00e9rt \u00fcvegh\u00e1z \u00e9s f\u0171t\u0151sz\u0151nyeg haszn\u00e1lata javasolt. A n\u00f6v\u00e9nyeknek friss, j\u00f3l tr\u00e1gy\u00e1zott v\u00edz\u00e1tereszt\u0151 talajra van sz\u00fcks\u00e9g\u00fck, \u00e9s nem szabad \u00e1ll\u00f3v\u00edzben hagyni. Napos, v\u00e9dett helyre kell helyezni, ahol legal\u00e1bb napi 6 \u00f3ra napf\u00e9ny \u00e9ri, ha nem t\u00f6bb. T\u00e9len tart\u00e1suk \u00e9rdek\u00e9ben a betakar\u00edt\u00e1s ut\u00e1n v\u00e1gja vissza 20 cm-rel, \u00e9s tegye cser\u00e9pbe, vil\u00e1gos helyre, ahol legal\u00e1bb 15\u00b0C h\u0151m\u00e9rs\u00e9klet\u0171.<\/p>\n<p>Capsicum annuum t\u00edpus<br \/>\nF\u0171szerszint 1-3<br \/>\nScoville 500 \u2013 1500 SHU<br \/>\nOptim\u00e1lis cs\u00edr\u00e1z\u00e1si h\u0151m\u00e9rs\u00e9klet 22 &#8211; 28 \u00b0C<br \/>\nVet\u00e9s jan \u2013 \u00e1pr<br \/>\nFeh\u00e9r vir\u00e1gok (m\u00e1jus-augusztus)<br \/>\nN\u00f6veked\u00e9si szok\u00e1sa Bokros, 75-120 cm magas<br \/>\n\u00c9rlel\u00e9s Z\u00f6ldt\u0151l v\u00f6r\u00f6sig<br \/>\nGy\u00fcm\u00f6lcs megjelen\u00e9se Nagy, hossz\u00fak\u00e1s paprika, kb. 5 x 15 cm<br \/>\n\u00c9rlel\u00e9si id\u0151 80-100 nap<br \/>\nSz\u00e1rmaz\u00e1si hely: \u00daj-Mexik\u00f3\/Kalifornia<\/p>\n<p>A csomag 10 szem magot tartalmaz<\/p>\n","protected":false},"featured_media":107,"comment_status":"open","ping_status":"closed","template":"","meta":[],"product_brand":[],"product_cat":[8],"product_tag":[],"class_list":{"0":"post-106","1":"product","2":"type-product","3":"status-publish","4":"has-post-thumbnail","6":"product_cat-paprika","8":"first","9":"outofstock","10":"taxable","11":"shipping-taxable","12":"purchasable","13":"product-type-simple"},"_links":{"self":[{"href":"https:\/\/chilimag.hu\/webshop\/wp-json\/wp\/v2\/product\/106","targetHints":{"allow":["GET"]}}],"collection":[{"href":"https:\/\/chilimag.hu\/webshop\/wp-json\/wp\/v2\/product"}],"about":[{"href":"https:\/\/chilimag.hu\/webshop\/wp-json\/wp\/v2\/types\/product"}],"replies":[{"embeddable":true,"href":"https:\/\/chilimag.hu\/webshop\/wp-json\/wp\/v2\/comments?post=106"}],"wp:featuredmedia":[{"embeddable":true,"href":"https:\/\/chilimag.hu\/webshop\/wp-json\/wp\/v2\/media\/107"}],"wp:attachment":[{"href":"https:\/\/chilimag.hu\/webshop\/wp-json\/wp\/v2\/media?parent=106"}],"wp:term":[{"taxonomy":"product_brand","embeddable":true,"href":"https:\/\/chilimag.hu\/webshop\/wp-json\/wp\/v2\/product_brand?post=106"},{"taxonomy":"product_cat","embeddable":true,"href":"https:\/\/chilimag.hu\/webshop\/wp-json\/wp\/v2\/product_cat?post=106"},{"taxonomy":"product_tag","embeddable":true,"href":"https:\/\/chilimag.hu\/webshop\/wp-json\/wp\/v2\/product_tag?post=106"}],"curies":[{"name":"wp","href":"https:\/\/api.w.org\/{rel}","templated":true}]}}