{"id":102,"date":"2014-11-08T14:09:28","date_gmt":"2014-11-08T14:09:28","guid":{"rendered":"https:\/\/chilimag.hu\/webshop\/?post_type=product&#038;p=102"},"modified":"2026-01-07T14:02:43","modified_gmt":"2026-01-07T14:02:43","slug":"aji-pineaple","status":"publish","type":"product","link":"https:\/\/chilimag.hu\/webshop\/termek\/aji-pineaple\/","title":{"rendered":"Aji Pineaple SCh"},"content":{"rendered":"","protected":false},"excerpt":{"rendered":"<div id=\"productDescription\" class=\"content\">\n<p><img decoding=\"async\" src=\"https:\/\/chilimag.hu\/webshop\/wp-content\/uploads\/2014\/11\/chilimag-logo-2-150x150.jpg\" \/><\/p>\n<p>Le\u00edr\u00e1s<\/p>\n<p>Capsicum Baccatum<\/p>\n<p>Az Aji Anan\u00e1sz egy gy\u00f6ny\u00f6r\u0171 s\u00e1rga bakcatum paprika, hossz\u00fak\u00e1s gy\u00fcm\u00f6lcs\u00f6kkel, amelyek \u00e1tlagosan 2-3 h\u00fcvelyk hossz\u00faak. Z\u00f6lden kezd\u0151dnek, \u00e9s a f\u00e9nyk\u00e9peken l\u00e1that\u00f3 \u00e9l\u00e9nk s\u00e1rg\u00e1ra \u00e9rnek. A t\u00f6bbi Aji paprik\u00e1hoz hasonl\u00f3an, amelyek jellemz\u0151en f\u00e9nyesek \u00e9s gy\u00fcm\u00f6lcs\u00f6sek, az Aji Pineapple k\u00f6r\u00fclbel\u00fcl 20 000 Scoville Heat Unit-ot fut, teh\u00e1t m\u00e9rs\u00e9kelten forr\u00f3.<\/p>\n<\/div>\n<div id=\"productDescription\" class=\"content\">\n<p>Gondoz\u00e1sa:\u00a0A cs\u00edr\u00e1z\u00e1si h\u0151m\u00e9rs\u00e9klet 22\u00b0C \u00e9s 28\u00b0C k\u00f6z\u00f6tt van (cs\u00edr\u00e1z\u00e1si id\u0151: 8-20 nap); ez\u00e9rt \u00fcvegh\u00e1z \u00e9s f\u0171t\u0151sz\u0151nyeg haszn\u00e1lata javasolt. A n\u00f6v\u00e9nyeknek friss, j\u00f3l tr\u00e1gy\u00e1zott v\u00edz\u00e1tereszt\u0151 talajra van sz\u00fcks\u00e9g\u00fck, \u00e9s nem szabad \u00e1ll\u00f3v\u00edzben hagyni. Napos, v\u00e9dett helyre kell helyezni, ahol legal\u00e1bb napi 6 \u00f3ra napf\u00e9ny \u00e9ri, ha nem t\u00f6bb. A n\u00f6v\u00e9nyek kihelyez\u00e9s\u00e9nek legkor\u00e1bbi id\u0151pontja az utols\u00f3 fagy ut\u00e1n 2-3 h\u00e9t. Ha a Lemon Drop chili paprik\u00e1t a szabadban \u00fclteti, \u00fcgyeljen arra, hogy az egyes n\u00f6v\u00e9nyek k\u00f6z\u00f6tt legal\u00e1bb 80 cm t\u00e1vols\u00e1g legyen. B\u00e1rmilyen probl\u00e9ma eset\u00e9n cser\u00e9pben is termeszthet\u0151k. A n\u00f6v\u00e9nyeket eg\u00e9sz t\u00e9len k\u00f6nny\u0171 gondozni, ha cser\u00e9pben termesztik \u0151ket. El\u0151fordulhat, hogy kiss\u00e9 vissza kell v\u00e1gni, \u00e9s vil\u00e1gos helyre kell tenni, ahol legal\u00e1bb 15\u00b0C h\u0151m\u00e9rs\u00e9klet\u0171.<\/p>\n<p>A \u00a0csomag 10 szem magot tartalmaz<\/p>\n<\/div>\n","protected":false},"featured_media":103,"comment_status":"open","ping_status":"closed","template":"","meta":[],"product_brand":[],"product_cat":[8],"product_tag":[],"class_list":{"0":"post-102","1":"product","2":"type-product","3":"status-publish","4":"has-post-thumbnail","6":"product_cat-paprika","8":"first","9":"instock","10":"taxable","11":"shipping-taxable","12":"purchasable","13":"product-type-simple"},"_links":{"self":[{"href":"https:\/\/chilimag.hu\/webshop\/wp-json\/wp\/v2\/product\/102","targetHints":{"allow":["GET"]}}],"collection":[{"href":"https:\/\/chilimag.hu\/webshop\/wp-json\/wp\/v2\/product"}],"about":[{"href":"https:\/\/chilimag.hu\/webshop\/wp-json\/wp\/v2\/types\/product"}],"replies":[{"embeddable":true,"href":"https:\/\/chilimag.hu\/webshop\/wp-json\/wp\/v2\/comments?post=102"}],"wp:featuredmedia":[{"embeddable":true,"href":"https:\/\/chilimag.hu\/webshop\/wp-json\/wp\/v2\/media\/103"}],"wp:attachment":[{"href":"https:\/\/chilimag.hu\/webshop\/wp-json\/wp\/v2\/media?parent=102"}],"wp:term":[{"taxonomy":"product_brand","embeddable":true,"href":"https:\/\/chilimag.hu\/webshop\/wp-json\/wp\/v2\/product_brand?post=102"},{"taxonomy":"product_cat","embeddable":true,"href":"https:\/\/chilimag.hu\/webshop\/wp-json\/wp\/v2\/product_cat?post=102"},{"taxonomy":"product_tag","embeddable":true,"href":"https:\/\/chilimag.hu\/webshop\/wp-json\/wp\/v2\/product_tag?post=102"}],"curies":[{"name":"wp","href":"https:\/\/api.w.org\/{rel}","templated":true}]}}