{"id":6704,"date":"2018-02-16T08:21:11","date_gmt":"2018-02-16T08:21:11","guid":{"rendered":"https:\/\/chilimag.hu\/webshop\/?page_id=6704"},"modified":"2025-01-29T08:51:51","modified_gmt":"2025-01-29T08:51:51","slug":"hirlevelre-feliratkozas","status":"publish","type":"page","link":"https:\/\/chilimag.hu\/webshop\/hirlevelre-feliratkozas\/","title":{"rendered":"H\u00cdRLEV\u00c9LRE FELIRATKOZ\u00c1S"},"content":{"rendered":"\t\t<div data-elementor-type=\"wp-page\" data-elementor-id=\"6704\" class=\"elementor elementor-6704\" data-elementor-post-type=\"page\">\n\t\t\t\t\t\t<section class=\"elementor-section elementor-top-section elementor-element elementor-element-58c41845 elementor-section-height-min-height elementor-section-boxed elementor-section-height-default elementor-section-items-middle\" data-id=\"58c41845\" data-element_type=\"section\" data-e-type=\"section\">\n\t\t\t\t\t\t<div class=\"elementor-container elementor-column-gap-default\">\n\t\t\t\t\t<div class=\"elementor-column elementor-col-100 elementor-top-column elementor-element elementor-element-4165544f\" data-id=\"4165544f\" data-element_type=\"column\" data-e-type=\"column\">\n\t\t\t<div class=\"elementor-widget-wrap elementor-element-populated\">\n\t\t\t\t\t\t<div class=\"elementor-element elementor-element-13f91f0 elementor-widget elementor-widget-heading\" data-id=\"13f91f0\" data-element_type=\"widget\" data-e-type=\"widget\" data-widget_type=\"heading.default\">\n\t\t\t\t<div class=\"elementor-widget-container\">\n\t\t\t\t\t<h2 class=\"elementor-heading-title elementor-size-default\">H\u00cdRLEV\u00c9L<\/h2>\t\t\t\t<\/div>\n\t\t\t\t<\/div>\n\t\t\t\t\t<\/div>\n\t\t<\/div>\n\t\t\t\t\t<\/div>\n\t\t<\/section>\n\t\t\t\t<section class=\"elementor-section elementor-top-section elementor-element elementor-element-be10a0e elementor-section-boxed elementor-section-height-default elementor-section-height-default\" data-id=\"be10a0e\" data-element_type=\"section\" data-e-type=\"section\">\n\t\t\t\t\t\t<div class=\"elementor-container elementor-column-gap-default\">\n\t\t\t\t\t<div class=\"elementor-column elementor-col-100 elementor-top-column elementor-element elementor-element-7547919\" data-id=\"7547919\" data-element_type=\"column\" data-e-type=\"column\">\n\t\t\t<div class=\"elementor-widget-wrap elementor-element-populated\">\n\t\t\t\t\t\t<div class=\"elementor-element elementor-element-09e523d elementor-widget elementor-widget-text-editor\" data-id=\"09e523d\" data-element_type=\"widget\" data-e-type=\"widget\" data-widget_type=\"text-editor.default\">\n\t\t\t\t<div class=\"elementor-widget-container\">\n\t\t\t\t\t\t\t\t\t<div class=\"LMSubscribeForm\"><form id=\"lmForm568298\" accept-charset=\"UTF-8\" action=\"https:\/\/listamester.hu\/restApi\/srv\/processSubscription\" method=\"POST\" target=\"_top\"><div id=\"formBox568298\" class=\"LMFormBox LMrounded LMverticalGapClassic LMblocked LMtopLabel LMbw\"><div class=\"titleBox\"><h2 class=\"fixFormTextElement\">Chilimag.hu h\u00edrlev\u00e9lre feliratkoz\u00e1s<\/h2><\/div><div class=\"subtitleBox\"><div class=\"fixFormTextElement\" style=\"font-family: Arial, Helvetica, sans-serif; font-style: normal;\">\u00c9rtes\u00fclj\u00f6n az els\u0151k k\u00f6z\u00f6tt \u00fajdons\u00e1gainkr\u00f3l, akci\u00f3inkr\u00f3l, kedvezm\u00e9nyes v\u00e1s\u00e1rl\u00e1si lehet\u0151s\u00e9geinkr\u0151l<br \/><br \/><br \/><\/div><\/div><div class=\"controlsBox\"><div class=\"fieldsetBox\"><div class=\"fieldContainer\"><div class=\"fieldInner\"><div class=\"fieldsetBox\"><div class=\"controlContainer lm_name_box\"><label class=\"labelText\" style=\"vertical-align: middle;\">N\u00e9v<\/label><div class=\"inputContainer\"><input id=\"name_103435\" title=\"\" name=\"LM_Name103435\" required=\"\" type=\"text\" value=\"\" placeholder=\"Keresztn\u00e9v\" \/><br \/><i class=\"LMbar\"><\/i><\/div><\/div><\/div><\/div><\/div><div class=\"fieldContainer selected\"><div class=\"fieldInner\"><div class=\"fieldsetBox\"><div class=\"controlContainer lm_email_box\"><label class=\"labelText\" style=\"vertical-align: middle;\">Email<\/label><div class=\"inputContainer\"><input id=\"email_103435\" title=\"\" name=\"LM_Email103435\" required=\"\" type=\"email\" placeholder=\"Email\" \/><br \/><i class=\"LMbar\"><\/i><\/div><\/div><\/div><\/div><\/div><\/div><div class=\"captchaBox visibleReCaptcha\"><div class=\"g-recaptcha\" data-sitekey=\"6LcRBh4UAAAAACzkwYX9OaUxGfq_xZ77CJXTV328\">\u00a0<\/div><\/div><div class=\"buttonFieldsetBox\"><button id=\"formControlID350037\" class=\"LMsubmitBtn\" style=\"padding: 10px 30px; margin-top: 50px;\" title=\"\" type=\"submit\">Feliratkozom<\/button><\/div><\/div><div class=\"footnoteBox\"><div class=\"fixFormTextElement\">\u00a0<\/div><\/div><p><input id=\"LMInviter_568298\" name=\"LM_InvitedBy\" type=\"hidden\" \/><br \/><input id=\"LMVisitor_568298\" name=\"LM_VisitedBy\" type=\"hidden\" \/><br \/><input id=\"LMPartner_568298\" name=\"LM_Partner\" type=\"hidden\" \/><br \/><input id=\"LMSubscriptionUrl_568298\" name=\"LM_SubscriptionUrl\" type=\"hidden\" value=\"https:\/\/listamester.hu\/formEditor\/\" \/><br \/><script>\n                                    function FillGetParams() {\n                                        var url = window.location.href.toString();\n                                        document.getElementById('LMSubscriptionUrl_568298').value = url;\n                                        if(url.indexOf('?')>=0) {\n                                            var qstr = url.split('?')[1];\n                                            var qpars = qstr.split('&');\n                                            for (var i=0; i<qpars.length; i++) {\n                                                var nv = qpars[i].split('=');\n                                                var name = nv[0];\n                                                var val = nv[1];\n                                                if (name==='inviter') {\n                                                    document.getElementById('LMInviter_568298').value = val;\n                                                }\n                                                if (name==='visitor') {\n                                                    document.getElementById('LMVisitor_568298').value = val;\n                                                }\n                                                if (name==='partner') {\n                                                    document.getElementById('LMPartner_568298').value = val;\n                                                }\n                                            }\n                                        }\n                                    }\n                                    setTimeout(FillGetParams, 1000);\n                                <\/script><\/p><\/div><p><input name=\"LM_GroupID\" type=\"hidden\" value=\"103435\" \/><br \/><input name=\"LM_FormID\" type=\"hidden\" value=\"17545\" \/><\/p><\/form><\/div><p><script>\ndocument.getElementById(\"lmForm568298\").addEventListener(\"submit\", function(event) {\n  var sbtn = document.getElementsByClassName(\"LMsubmitBtn\")[0];\n  sbtn.disabled = true;\n  sbtn.style.textDecoration = \"underline\";\n  sbtn.classList.add(\"LMBlinking\");\n});\n<\/script><br \/><script>\nfunction LMInitSubscriptionDataUpdater() {\n    var params = new URLSearchParams(window.location.search);\n    var mid = params.get('mid');\n    if (!!mid) {\n        var xhr = new XMLHttpRequest();\n        var url = '\/restApi\/srv\/ObtainMemberDetails\/' + mid;\n        xhr.open(\"GET\", url, true);\n        xhr.onreadystatechange = function () {\n            if (this.readyState === 4 && this.status === 200) {\n                var m = JSON.parse(this.responseText);\n                if (!m) return;\n                var gid = m['groupId'];\n                if (!gid) return;\n                document.getElementsByName('LM_VisitedBy')[0].value = m.id;\n                for (var key in m) {\n                    var values = m[key];\n                    for (var vidx = 0; vidx < values.length; vidx++) { var value = values[vidx]; var ctrls = document.getElementsByName(key); if (ctrls &#038;&#038; ctrls.length > 0) {\n                            var ctrl0 = ctrls[0];\n                            if (ctrl0.tagName === 'INPUT') {\n                                switch (ctrl0.type) {\n                                    case 'radio':\n                                    case 'checkbox':\n                                        for (var i = 0; i < ctrls.length; i++) {\n                                            ctrl = ctrls[i];\n                                            if (ctrl.value === value) ctrl.checked = true;\n                                        }\n                                        break;\n                                    default:\n                                        \/\/ text, email\n                                        ctrl0.value = value;\n                                }\n                            } else {\n                                \/\/ tagName === SELECT\n                                if (ctrl0.multiple) {\n                                    for (var i = 0; i < ctrl0.options.length; i++) {\n                                        var o = ctrl0.options[i];\n                                        if (o.value === value) o.selected = true;\n                                    }\n                                } else {\n                                    ctrl0.value = value;\n                                }\n                            }\n                        }\n                    }\n                }\n            }\n        };\n        xhr.send();        \n    }\n}\nLMInitSubscriptionDataUpdater();\n<\/script><\/p>\t\t\t\t\t\t\t\t<\/div>\n\t\t\t\t<\/div>\n\t\t\t\t<div class=\"elementor-element elementor-element-b887b54 elementor-widget elementor-widget-html\" data-id=\"b887b54\" data-element_type=\"widget\" data-e-type=\"widget\" data-widget_type=\"html.default\">\n\t\t\t\t<div class=\"elementor-widget-container\">\n\t\t\t\t\t<script src=\"https:\/\/www.google.com\/recaptcha\/api.js?hl=hu\" async defer><\/script>\t\t\t\t<\/div>\n\t\t\t\t<\/div>\n\t\t\t\t\t<\/div>\n\t\t<\/div>\n\t\t\t\t\t<\/div>\n\t\t<\/section>\n\t\t\t\t<\/div>\n\t\t","protected":false},"excerpt":{"rendered":"<p>H\u00cdRLEV\u00c9L Chilimag.hu h\u00edrlev\u00e9lre feliratkoz\u00e1s \u00c9rtes\u00fclj\u00f6n az els\u0151k k\u00f6z\u00f6tt \u00fajdons\u00e1gainkr\u00f3l, akci\u00f3inkr\u00f3l, kedvezm\u00e9nyes v\u00e1s\u00e1rl\u00e1si lehet\u0151s\u00e9geinkr\u0151l N\u00e9vEmail\u00a0Feliratkozom\u00a0<\/p>\n","protected":false},"author":1,"featured_media":0,"parent":0,"menu_order":0,"comment_status":"closed","ping_status":"closed","template":"elementor_header_footer","meta":{"footnotes":""},"class_list":["post-6704","page","type-page","status-publish","hentry"],"_links":{"self":[{"href":"https:\/\/chilimag.hu\/webshop\/wp-json\/wp\/v2\/pages\/6704","targetHints":{"allow":["GET"]}}],"collection":[{"href":"https:\/\/chilimag.hu\/webshop\/wp-json\/wp\/v2\/pages"}],"about":[{"href":"https:\/\/chilimag.hu\/webshop\/wp-json\/wp\/v2\/types\/page"}],"author":[{"embeddable":true,"href":"https:\/\/chilimag.hu\/webshop\/wp-json\/wp\/v2\/users\/1"}],"replies":[{"embeddable":true,"href":"https:\/\/chilimag.hu\/webshop\/wp-json\/wp\/v2\/comments?post=6704"}],"version-history":[{"count":10,"href":"https:\/\/chilimag.hu\/webshop\/wp-json\/wp\/v2\/pages\/6704\/revisions"}],"predecessor-version":[{"id":35063,"href":"https:\/\/chilimag.hu\/webshop\/wp-json\/wp\/v2\/pages\/6704\/revisions\/35063"}],"wp:attachment":[{"href":"https:\/\/chilimag.hu\/webshop\/wp-json\/wp\/v2\/media?parent=6704"}],"curies":[{"name":"wp","href":"https:\/\/api.w.org\/{rel}","templated":true}]}}