{"id":49,"date":"2014-11-01T14:38:10","date_gmt":"2014-11-01T14:38:10","guid":{"rendered":"https:\/\/chilimag.hu\/webshop\/?page_id=49"},"modified":"2022-08-03T04:44:49","modified_gmt":"2022-08-03T04:44:49","slug":"vasarloi-tajekoztato","status":"publish","type":"page","link":"https:\/\/chilimag.hu\/webshop\/vasarloi-tajekoztato\/","title":{"rendered":"V\u00e1s\u00e1rl\u00f3i t\u00e1j\u00e9koztat\u00f3"},"content":{"rendered":"\t\t<div data-elementor-type=\"wp-page\" data-elementor-id=\"49\" class=\"elementor elementor-49\" data-elementor-post-type=\"page\">\n\t\t\t\t\t\t<section class=\"elementor-section elementor-top-section elementor-element elementor-element-26e8a7f7 elementor-section-boxed elementor-section-height-default elementor-section-height-default\" data-id=\"26e8a7f7\" data-element_type=\"section\" data-e-type=\"section\">\n\t\t\t\t\t\t<div class=\"elementor-container elementor-column-gap-default\">\n\t\t\t\t\t<div class=\"elementor-column elementor-col-100 elementor-top-column elementor-element elementor-element-353ef038\" data-id=\"353ef038\" data-element_type=\"column\" data-e-type=\"column\">\n\t\t\t<div class=\"elementor-widget-wrap elementor-element-populated\">\n\t\t\t\t\t\t<div class=\"elementor-element elementor-element-ae8c770 elementor-widget elementor-widget-text-editor\" data-id=\"ae8c770\" data-element_type=\"widget\" data-e-type=\"widget\" data-widget_type=\"text-editor.default\">\n\t\t\t\t<div class=\"elementor-widget-container\">\n\t\t\t\t\t\t\t\t\t<p><strong>V\u00e1s\u00e1rl\u00e1si \u00e9s sz\u00e1ll\u00edt\u00e1si felt\u00e9telek<\/strong><\/p><p>Chilimag.hu Kft.<\/p><p>2360 Gy\u00e1l Krudy Gyula k\u00f6z 4.<\/p><p>Ad\u00f3sz\u00e1m: 24883562-2-13<\/p><p>C\u00e9gj.sz:13-09-169267<\/p><p><strong>Sz\u00e1ll\u00edt\u00e1si d\u00edjak:<\/strong><\/p><p>Web\u00e1ruh\u00e1zunkban jelenleg k\u00e9tf\u00e9le fizet\u00e9si m\u00f3d k\u00f6z\u00fcl v\u00e1laszthat:<br \/>Banki el\u0151reutal\u00e1s vagy GLS fut\u00e1rszolg\u00e1lattal a helysz\u00ednen, \u00e1tv\u00e9telkor fizet\u00e9s. Az v\u00e9g\u00f6sszeg tartalmazza a sz\u00e1ll\u00edt\u00e1si d\u00edjat is.<\/p><p>Sz\u00e1mlasz\u00e1m: 12011856-01614711-00100002 (Raiffeisen Bank)<\/p><p>Jogosult: Chilimag.hu Kft.<\/p><p>A webshopon tal\u00e1lhat\u00f3 \u00e1rak az \u00c1fa-t tartalmazz\u00e1k!<br \/>Ha tov\u00e1bbi k\u00e9rd\u00e9se lenne, a Kapcsolat men\u00fcponton kereszt\u00fcl \u00e9rdekl\u0151dhet!<\/p><p>A chilimag.hu web\u00e1ruh\u00e1zban megrendelt term\u00e9keket a GLS fut\u00e1rszolg\u00e1lat sz\u00e1ll\u00edtja \u00d6nnek h\u00e1zhoz.<\/p><p><strong>\u00a0<\/strong><\/p><p>Ha tov\u00e1bbi k\u00e9rd\u00e9se lenne, a Kapcsolat men\u00fcponton, kereszt\u00fcl \u00e9rdekl\u0151dhet!<\/p><p>&#8230;&#8230;&#8230;&#8230;&#8230;&#8230;&#8230;&#8230;&#8230;&#8230;&#8230;&#8230;&#8230;&#8230;&#8230;&#8230;&#8230;&#8230;&#8230;&#8230;&#8230;&#8230;&#8230;&#8230;&#8230;&#8230;&#8230;&#8230;&#8230;&#8230;&#8230;&#8230;&#8230;&#8230;&#8230;&#8230;&#8230;&#8230;&#8230;&#8230;&#8230;&#8230;&#8230;&#8230;&#8230;&#8230;&#8230;&#8230;&#8230;&#8230;&#8230;&#8230;&#8230;&#8230;&#8230;&#8230;&#8230;&#8230;&#8230;<\/p><p><strong>\u00a0<\/strong><\/p><p><strong>A v\u00e1s\u00e1rl\u00e1ssal kapcsolatos fontos tudnival\u00f3k:<\/strong><\/p><p>Az adott \u00e1ru megrendel\u00e9s\u00e9nek id\u0151pontja az az id\u0151pont, amikor megrendel\u00e9s\u00e9t az \u00e1ruh\u00e1zon kereszt\u00fcl eljuttatja a keresked\u0151h\u00f6z. Megrendel\u00e9se akkor l\u00e9p \u00e9letbe, ha online megrendel\u00e9s\u00e9t e-mail-ben visszaigazolj\u00e1k. A &#8222;Kapcsolat&#8221; men\u00fcpontban megtal\u00e1lja a forgalmaz\u00f3 el\u00e9rhet\u0151s\u00e9gi adatait. Ezen el\u00e9rhet\u0151s\u00e9geken jelezheti szavatoss\u00e1gi ig\u00e9ny\u00e9t, egy\u00e9b kifog\u00e1s\u00e1t, vagy k\u00e9rhet inform\u00e1ci\u00f3t valamely term\u00e9kr\u0151l vagy megrendel\u00e9sr\u0151l. A keresked\u0151 \u00e9s a v\u00e1s\u00e1rl\u00f3 k\u00f6z\u00f6tt l\u00e9trej\u00f6tt elektronikus szerz\u0151d\u00e9s nem tekinthet\u0151 \u00edr\u00e1sba foglalt szerz\u0151d\u00e9snek, \u00edgy az nem ker\u00fcl iktat\u00e1sra, \u00e9s k\u00e9s\u0151bbiekben pap\u00edr alapon nem hozz\u00e1f\u00e9rhet\u0151. Az elektronikus szerz\u0151d\u00e9sben, illetve a megk\u00f6t\u00e9s \u00e9s a k\u00e9s\u0151bbi kapcsolattart\u00e1s sor\u00e1n haszn\u00e1lt nyelv a magyar. Felh\u00edvjuk figyelm\u00e9t, hogy az esetleges el\u00edr\u00e1sok\u00e9rt, t\u00e9ves adatok\u00e9rt semmilyen felel\u0151ss\u00e9get nem v\u00e1llalunk! A term\u00e9koldalakon tal\u00e1lhat\u00f3 term\u00e9k le\u00edr\u00e1sok csak t\u00e1j\u00e9koztat\u00f3 jelleg\u0171ek, nem minden esetben tartalmaznak az adott term\u00e9kr\u0151l minden inform\u00e1ci\u00f3t.<\/p><p>Az el\u00e1ll\u00e1s joga:<\/p><p>Megrendel\u00e9se sor\u00e1n \u00d6n \u00e9lhet a 213\/2008. (VIII. 29.) \u00e9s a 17\/1999. (II. 5.) korm\u00e1nyrendeletben r\u00e9szletesen r\u00f6gz\u00edtett felt\u00e9tel n\u00e9lk\u00fcli el\u00e1ll\u00e1si jog\u00e1val.<br \/>Internetes v\u00e1s\u00e1rl\u00e1sok eset\u00e9n \u00d6n a szerz\u0151d\u00e9st\u0151l az \u00e1ru \u00e1tv\u00e9tel\u00e9t k\u00f6vet\u0151 8 (nyolc) munkanapon bel\u00fcl indokl\u00e1s n\u00e9lk\u00fcl el\u00e1llhat, ezt az eml\u00edtett hat\u00e1rid\u0151n bel\u00fcli \u00edr\u00e1sos nyilatkozat\u00e1nak elk\u00fcld\u00e9s\u00e9vel jelezheti. A v\u00e1s\u00e1rl\u00f3 Az \u00e1tv\u00e9tel d\u00e1tum\u00e1t bizony\u00edtja a postai csomagjegyz\u00e9k, illetve a fut\u00e1rszolg\u00e1lat sz\u00e1ll\u00edt\u00f3jegyz\u00e9ke. El\u00e1ll\u00e1sn\u00e1l az Elad\u00f3 k\u00f6teles a Vev\u0151 \u00e1ltal kifizetett teljes \u00f6sszeget (v\u00e9tel\u00e1r \u00e9s sz\u00e1ll\u00edt\u00e1si k\u00f6lts\u00e9g) halad\u00e9ktalanul, de legk\u00e9s\u0151bb az el\u00e1ll\u00e1st \u00e9s az \u00e1ru visszaszolg\u00e1ltat\u00e1s\u00e1t k\u00f6vet\u0151 30 (harminc) napon bel\u00fcl visszat\u00e9r\u00edteni. Ez\u00faton felh\u00edvjuk sz\u00edves figyelm\u00fcket, hogy a vev\u0151 viseli az el\u00e1ll\u00e1s eset\u00e9n, az \u00e1ru visszaszolg\u00e1ltat\u00e1s\u00e1val kapcsoltban felmer\u00fclt \u00f6sszes k\u00f6lts\u00e9get. Az Elad\u00f3 k\u00f6vetelheti az \u00e1ru nem rendeltet\u00e9sszer\u0171 haszn\u00e1lat\u00e1b\u00f3l ered\u0151 k\u00e1r\u00e1nak megt\u00e9r\u00edt\u00e9s\u00e9t. Az Internetes v\u00e1s\u00e1rl\u00e1sokn\u00e1l is \u00e9rv\u00e9nyesek a szavatoss\u00e1gi jogok, ha a term\u00e9k gy\u00e1ri hib\u00e1s, akkor forduljon hozz\u00e1nk min\u0151s\u00e9gi kifog\u00e1sukkal.<br \/>Fogyaszt\u00f3v\u00e9delemmel kapcsolatos jogszab\u00e1lyokat, rendeleteket IDE KLIKKELVE tekintheti meg.<\/p><p>Szavatoss\u00e1g:<\/p><p>Az elad\u00f3 szavatoss\u00e1gi \u00e9s j\u00f3t\u00e1ll\u00e1si felel\u0151ss\u00e9g\u00e9re a Ptk-ban, a 151\/2003. (IX. 22.) korm. rendeletben, a 49\/2003. (VII.30.) GKM rendeletben \u00e9s a 72\/2005. (IV. 21.) korm. rendeletben foglaltak az ir\u00e1nyad\u00f3k.<br \/>J\u00f3t\u00e1ll\u00e1s csak tart\u00f3s haszn\u00e1lati cikkekre, p\u00e9ld\u00e1ul mos\u00f3g\u00e9pre, sz\u00e1m\u00edt\u00f3g\u00e9pre, t\u00e9v\u00e9re vonatkozik. A vev\u0151nek jog\u00e1ban \u00e1ll reklam\u00e1lni, ha hib\u00e1s a term\u00e9k. Ilyen esetben halad\u00e9ktalanul jelezze kifog\u00e1s\u00e1t Webshopunk fel\u00e9. Szavatoss\u00e1g id\u0151tartama 6 (hat) h\u00f3nap. Szavatoss\u00e1gi ig\u00e9ny \u00e9rv\u00e9nyes\u00edt\u00e9s\u00e9re 2 (k\u00e9t) \u00e9v \u00e1ll a vev\u0151 rendelkez\u00e9s\u00e9re. Szavatoss\u00e1gi ig\u00e9ny est\u00e9n a vev\u0151 k\u00e9rheti a term\u00e9k jav\u00edt\u00e1s\u00e1t, cser\u00e9j\u00e9t, vagy a v\u00e9tel\u00e1r cs\u00f6kkent\u00e9s\u00e9t. A nem rendeltet\u00e9sszer\u0171 haszn\u00e1latb\u00f3l ered\u0151 hib\u00e1k eset\u00e9n a szavatoss\u00e1gi ig\u00e9ny nem \u00e9rv\u00e9nyes\u00edthet\u0151. A szavatoss\u00e1gi ig\u00e9ny le\u00e9rt\u00e9kelt \u00e1ru eset\u00e9n is \u00e9rv\u00e9nyes\u00edthet\u0151, ilyenkor is lehet min\u0151s\u00e9gi kifog\u00e1ssal \u00e9lni, amennyiben a keresked\u0151 nem jel\u00f6lte meg a le\u00e9rt\u00e9kel\u00e9s ok\u00e1t.<br \/>Fogyaszt\u00f3v\u00e9delemmel kapcsolatos jogszab\u00e1lyokat, rendeleteket <a href=\"https:\/\/fogyasztovedelem.hu\/Varia_x\/panasz.htm\" target=\"_blank\" rel=\"noopener\">IDE KLIKKELVE<\/a> tekintheti meg.<\/p>\t\t\t\t\t\t\t\t<\/div>\n\t\t\t\t<\/div>\n\t\t\t\t\t<\/div>\n\t\t<\/div>\n\t\t\t\t\t<\/div>\n\t\t<\/section>\n\t\t\t\t<\/div>\n\t\t","protected":false},"excerpt":{"rendered":"<p>V\u00e1s\u00e1rl\u00e1si \u00e9s sz\u00e1ll\u00edt\u00e1si felt\u00e9telek Chilimag.hu Kft. 2360 Gy\u00e1l Krudy Gyula k\u00f6z 4. Ad\u00f3sz\u00e1m: 24883562-2-13 C\u00e9gj.sz:13-09-169267 Sz\u00e1ll\u00edt\u00e1si d\u00edjak: Web\u00e1ruh\u00e1zunkban jelenleg k\u00e9tf\u00e9le fizet\u00e9si m\u00f3d k\u00f6z\u00fcl v\u00e1laszthat:Banki el\u0151reutal\u00e1s vagy GLS fut\u00e1rszolg\u00e1lattal a helysz\u00ednen, \u00e1tv\u00e9telkor fizet\u00e9s. Az v\u00e9g\u00f6sszeg tartalmazza a sz\u00e1ll\u00edt\u00e1si d\u00edjat is. Sz\u00e1mlasz\u00e1m: 12011856-01614711-00100002 (Raiffeisen Bank) Jogosult: Chilimag.hu Kft. A webshopon tal\u00e1lhat\u00f3 \u00e1rak az \u00c1fa-t tartalmazz\u00e1k!Ha tov\u00e1bbi k\u00e9rd\u00e9se [&hellip;]<\/p>\n","protected":false},"author":1,"featured_media":0,"parent":0,"menu_order":0,"comment_status":"open","ping_status":"open","template":"elementor_header_footer","meta":{"footnotes":""},"class_list":["post-49","page","type-page","status-publish","hentry"],"_links":{"self":[{"href":"https:\/\/chilimag.hu\/webshop\/wp-json\/wp\/v2\/pages\/49","targetHints":{"allow":["GET"]}}],"collection":[{"href":"https:\/\/chilimag.hu\/webshop\/wp-json\/wp\/v2\/pages"}],"about":[{"href":"https:\/\/chilimag.hu\/webshop\/wp-json\/wp\/v2\/types\/page"}],"author":[{"embeddable":true,"href":"https:\/\/chilimag.hu\/webshop\/wp-json\/wp\/v2\/users\/1"}],"replies":[{"embeddable":true,"href":"https:\/\/chilimag.hu\/webshop\/wp-json\/wp\/v2\/comments?post=49"}],"version-history":[{"count":0,"href":"https:\/\/chilimag.hu\/webshop\/wp-json\/wp\/v2\/pages\/49\/revisions"}],"wp:attachment":[{"href":"https:\/\/chilimag.hu\/webshop\/wp-json\/wp\/v2\/media?parent=49"}],"curies":[{"name":"wp","href":"https:\/\/api.w.org\/{rel}","templated":true}]}}